-- Table structure for table `cp_changelogs`
--

CREATE TABLE `cp_changelogs` (
  `cl_id` int(11) NOT NULL AUTO_INCREMENT,
  `char_id` int(7) NOT NULL,
  `category` int(1) NOT NULL,
  `subject` text,
  `text` text NOT NULL,
  `sslink` text,
  `chatlink` text,
  `videolink` text,
  `timestamp` timestamp NOT NULL DEFAULT CURRENT_TIMESTAMP,
  PRIMARY KEY (`cl_id`)
) ENGINE=MyISAM AUTO_INCREMENT=72 DEFAULT CHARSET=latin1;

--
-- Dumping data for table `cp_changelogs`
--

INSERT INTO `cp_changelogs` VALUES (1,150001,4,'Account Registration','You may now create account from our website control panel.  You will need a VALID email for the confirmation.','0','https://valhallaro.net/?module=account&action=create','0','2019-05-17 03:07:19'),(2,150006,4,'Tailoring System','Added Tailoring System.  You can now craft cool costume that would add extra status when worn.','0','https://valhallaro.net/?module=creation_db&action=5','0','2019-05-22 07:02:50'),(3,150006,3,'Last day! PRE-REG Event','Get 1x Flapping Angeling Headgear during server opening on June 1.  Check the link on how to join.','0','https://www.facebook.com/valhallaro.net/photos/a.2663903540304724/2671368012891610','0','2019-05-25 02:02:39'),(4,150006,4,'OBT (Open Beta Testing) ','Everyone can now enter the world of Valhalla.  It is our Open Beta Testing from May 26 - 31.  We will wipe all items, character level on June 1.  Please report any bugs you found.','0','0','0','2019-05-26 12:51:35'),(5,150203,2,'Card Remover Hammer','You may now remove cards mounted to your bound Saint Weapons using Card Remover Hammer that can be purchase from the Online Point Shop.','0','0','0','2019-06-03 01:58:14'),(6,150203,4,'Script Reload by 12PM','Hello Valhalla Community!\r\nWe are going to RELOAD global scripts by 12PM today to add the following:\r\n- Add more items at Tool Dealer and Online Points Shop\r\n- White & Blue Potion Box from Online Time Shop will be tradable and vend.\r\n-  Adding Moscovia Town and Dungeons from Kafra Warps\r\n- Adding in-game Events and Rewards\r\n\r\nNotice: (after reload)\r\n- You will need to RELOG to re-activate Online Points timer.\r\n- There will be NO server downtime. Its just a split second script reload.','0','0','0','2019-06-03 03:49:42'),(7,150203,4,'Party Even Share Gap','Party Even Share Gap is set to 30 level. Thanks to Natsu Dragneel for pointing it out. ','0','0','0','2019-06-03 19:36:12'),(8,150203,4,'Gatcha I Update','There are instance that Gatcha Machine would STUCK and not giving Saint Gears. Just relog and talk again to reclaim the vouchers.','0','0','0','2019-06-04 04:46:36'),(9,150203,4,'Branch Room','Dead Branch and Bloody Branch can now only be use inside a DB Room. It is a rentable private room for personal, party or guild use. Enjoy!','0','0','0','2019-06-05 23:52:59'),(10,150203,4,'Sxheduled Maintenance','We are bringing the server in maintenance mode between 9:00am until 9:10am on June 7. This will update and fix issues reported.','0','0','0','2019-06-06 12:28:16'),(11,150203,4,'Change Guild Master (FREE)','Change Guild Master service from Item Mall is FREE until Jul 14.','0','0','0','2019-06-08 02:18:17'),(12,150203,3,'Super Jump Event (June 8 8PM)','Join the [ Super Jump Event ] tonight (June 8 8PM). Just find a disguised monster on a random map to get 1 Lucky Valhalla Egg. ','0','0','0','2019-06-08 07:56:22'),(13,150203,4,'Gepard Update','For PC Users, please run patcher to get latest Gepard update. This will update the shield\'s protection again newer cheats.','0','0','0','2019-06-08 10:17:26'),(14,150203,3,'Event 99/70 Reward Extended','Event 99/70 Reward is extended until June 9 6PM.  ','0','0','0','2019-06-09 00:31:16'),(15,150203,2,'Elite Siege Box (ESB)','Elite Siege Box is now stackable and may be traded.','0','0','0','2019-06-09 00:32:05'),(16,150203,1,'Script Reload 8AM (June 10)','Hello Valhalla Community! We are going to RELOAD global scripts by 8AM June 10 to fix some reported issues. After reload, you will need to RELOG to re-activate Online Points timer. - There will be NO server downtime. Its just a split second script reload.','0','0','0','2019-06-09 15:50:04'),(17,150203,1,'Global Script Reload 9PM (10 June)','Hello Valhalla Community! We are going to RELOAD global scripts by 9PM June 11.\r\n- allow teleport service from all town or cities.\r\n- fix warp to Biolab and Comodo Dungeon\r\nAfter reload, you will need to RELOG to re-activate Online Points timer. - There will be NO server downtime. Its just a split second script reload.','0','0','0','2019-06-10 12:22:23'),(18,150203,4,'Auto Loot (Premium Service)','Auto loot for premium members is now enabled.  Use @aloot to configure settings. Non-premium member will still be able able to pick one (1) item in the ground  and get\'s all around 3x3 cell . Enjoy!','0','0','0','2019-06-11 01:11:00'),(19,150203,4,'RMT Notice','Real Money Trading (RMT) is strictly prohibited inside the game.  We will impose perma block on accounts both buyer and seller engaging in this transactions.','0','0','0','2019-06-11 17:01:48'),(20,150203,4,'RMT Notice','Adding any contact info to PUB or VEND, may it be phone or social media account is a form of  Real Money Trading (RMT) is strictly prohibited inside the game.  We will impose perma block on accounts without notice.','0','0','0','2019-06-11 17:02:23'),(21,150203,4,'RMT Notice','Creating a dummy account to perform Real Money Trading (RMT) is strictly prohibited inside the game. We will impose perma block on your machineID without notice.','0','0','0','2019-06-11 17:02:48'),(22,150203,4,'RMT Notice','Sending a private message to sell an item for Real Money is strictly prohibited inside the game. We will impose perma block on accounts without notice.','0','0','0','2019-06-11 17:03:10'),(23,150203,4,'Emergency Maintenance 8PM June 12','We will be performing a fast server reboot between 8:00 PM and 8:30 PM. Server will be back online by 8:30 PM tonight.  Please check detailed announcement at Discord or our FB Page.','0','0','0','2019-06-12 11:33:13'),(24,150203,4,'Server is UP!','[ Added ]\r\n- Cursed Water at Tool Dealer.\r\n- Added Last Warp to Kafra Teleport Services.\r\n[ Core Changes]\r\n-  (MvP) All maps with BOSS spawns will now be a PK zone. PvP is enabled when Boss monster is alive and will be disabled when dead. Only Lvl 90+ can kill each other on PK maps.\r\n-  (PvP) Only Lvl 90+ can join PvP Room.','0','0','0','2019-06-12 12:19:08'),(25,150203,4,'MvP Maps Fixes','- Fixed MvP Maps where player respawn to save point after being killed two (2) times.\r\n- Fixed @aloot on MvP Maps ','0','0','0','2019-06-13 05:49:28'),(26,150203,2,'[ Changelog 15 June  Maintenance]','1. Added Extended Battle Grounds. Checkout this Guide: https://tinyurl.com/yxt3vgn3\r\n2. Fixed @aloot System from Premium Service.\r\n3. Voucher System has been updated:\r\n4. Addded @feelreset - Resets a Star Gladiator\'s marked maps.\r\nYellow Voucher:\r\n- Each account can claim 60 Yellow Voucher (YV) from Miu. \r\n- 20 YV is used to spin from Gotcha I (Saint\'s Equipment).\r\n- Saint\'s Item generated using this voucher is non tradable.\r\nGreen Voucher:\r\n- 20 voucher is used to spin from Gotcha I (Saint\'s Equipment).\r\n- Saint\'s Equpment generated using this voucher is tradable.\r\n- Can be aquired by defeating a Boss Monster.\r\n- Can be exchange to Red Voucher ( 5 GV = 1 RV)\r\n\r\nRed Voucher:\r\n- 20 Red Voucher is used to spin from Gotcha II (Enhanceable Costumes).\r\n- Can be purchase from Item Mall @ 15 cash points. \r\n- Can be acquired also using Voucher Exchange.\r\n\r\nItem Mall:\r\n- Added ID#18813 New Wave Sunglasses \r\n- Added ID#18563 Heart Wing Headband [1] \r\n- Added ID#18842 Hat Of Girl[1]','0','0','0','2019-06-15 11:17:45'),(27,150203,1,'Script Reload by 10AM','We are reloading scripts by 10AM 16 June to fix\r\n- Beelzebub status at MvP Pocket Watch. It was not giving correct info due to its metamorphosis skill where it changes from Mini Boss (original form) to a Boss type mob.','0','0','0','2019-06-15 21:55:28'),(28,150203,4,'War Of Emperium','HAIYA! Get READY for our War Of Emperium. 1st run will be on Saturday 9PM - 10PM. We will open 1 Agit at Payon (payg_cas03).','0','0','0','2019-06-19 12:07:42'),(29,150203,4,'War Of Emperium','As you prepare for the upcoming War Of Emperium, please take note that DUAL LOGIN is STRICTLY NOT ALLOWED to enter in any WoE  Maps.  Please be guided accordingly.','0','0','0','2019-06-21 16:16:07'),(30,150203,4,'Quick Restart @ 7pm','We will perform a QUICK restart by 7pm tonight to apply fixes on the reported issue at War Of Emperium. Downtime will only take around 5 to 10 minutes.','0','0','0','2019-06-23 10:06:16'),(31,150203,1,'Costume Enhancement','Fixed Costume Enhancement not able to enhance the Sword Wing and Blue Wing.','0','0','0','2019-06-25 21:40:13'),(32,150203,2,'26 June Update','1.  Fixed Endless Tower missing mobs.\r\n2.  Fix BTA Rewards System\r\n3.  Added more cool enchantment  HG\'s to Gotcha 2.','0','0','0','2019-06-26 12:30:56'),(33,150203,1,'Quick Server Restart','We will perform a QUICK server restart by 7PM to initiate our Tournament Arena. Server will be back by 7:10PM.','0','0','0','2019-06-30 09:27:32'),(34,150203,3,'Item Shower 30 June','Be at Central Office by 10PM tonight for the Item Shower.  Take note that NO DUAL is allowed inside the event area.','0','0','0','2019-06-30 11:32:59'),(35,150203,1,'Guild Supply Package','Guild Supply Package is now available! Visit Miu for more information on how to claim those.','0','0','0','2019-06-30 12:04:25'),(36,150203,2,'Dancing Weapon Switch','Switching of weapons will now cancel Bard and Dancer songs.','0','0','0','2019-07-03 08:41:41'),(37,150203,2,'Script Reload by 9PM','We are going to reload global script by 9 PM tonight.','0','0','0','2019-07-03 10:24:53'),(38,150203,1,'Elite Siege Box (ESB)','Elite Siege Potions has been update.  It will now have 8 weight and gives 10% SP/HP when used.','0','0','0','2019-07-05 11:18:33'),(39,150203,4,'7x7 Party War','Today 6 July (Sat) is the deadline of registration for our 7x7 Party War for Sunday. We will not accept any party registration during the event on Sunday.','0','0','0','2019-07-06 03:08:23'),(40,150203,3,'Free Reset','Free Reset is up again.  Find Miu to get yours.!\r\n(it will be offered to 1 character per account only.)','0','0','0','2019-07-06 12:26:09'),(41,150203,2,'Homunculus Rate','Homunculus Friendly Rate is now set to 5x','0','0','0','2019-07-06 12:31:13'),(42,150203,1,'PvP Skull Drop','Killing a player at PvP will now drop a SKULL.  This can be sold at 5k each.  No Dual Login is set for PvP Deathmatch and Izlude Map.','0','0','0','2019-07-06 12:51:33'),(43,150203,3,'Item Shower 8 Jul 12NN','Be at Central Office on 8 Jul 12NN for an Item Shower','0','0','0','2019-07-07 23:47:44'),(44,150203,2,'Well-Chewed Pencil','Corrected Well-Chewed Pencil, it should give Dex +2 and Hit +3%','0','0','0','2019-07-09 02:55:46'),(45,150203,2,'Costume Enhancement','Fix missing stat (STR) at Costume Enhancement for upper headgear.','0','0','0','2019-07-09 12:19:48'),(46,150203,2,'Tailoring System','- Added Satin Headgear to our Tailoring System\r\n-  Added Artisan\'s Charm to all MvP Drops (0.10%)','0','0','0','2019-07-10 01:05:07'),(47,150203,2,'War Badge','War Badges from Battle Ground is now tradable.','0','0','0','2019-07-10 05:07:12'),(48,150203,2,'Item Mall Update','Added 3 cool garment costumes at Item Mall.','0','0','0','2019-07-10 22:09:31'),(49,150203,2,'Battle Ground','Battle Ground  arena is set to Emperium Rush','0','0','0','2019-07-10 22:10:30'),(50,150203,2,'Guild Storage','Guild Storage may now be accessed via Miu.  Only Guild Leader may be able to open the guild storage.','0','0','0','2019-07-11 16:28:18'),(51,150203,2,'Red Wing Hat Fix','Fixed Red Wing Hat it should give additional  +1 Agi Str and Dex.','0','0','0','2019-07-13 09:53:34'),(52,150203,3,'Event Saint Set','Hurray! New character will now receive complete sets of Saint Equipment when changing to 1st Job.','0','0','0','2019-07-13 09:57:55'),(53,150203,3,'7x7 Party War','We would like to invite you to our 7 Vs 7 Party War after WOE tonight. Just organize your party as early as now.','0','0','0','2019-07-14 11:28:19'),(54,150203,2,'Area Loot ','The default area loot can now be enable/disable.  Use @aloot to switch on/off.','0','0','0','2019-07-16 15:46:01'),(55,150203,2,'Server Update','A QUICK restart is expected by 11am today (17 Jul) for a server update. Visit our Discord or Facebook Page for the expected changes.\r\n','0','0','0','2019-07-17 02:14:28'),(56,150203,2,'Bound Headgears','Bound Headgear may now be deleted using Miu Services.','0','0','0','2019-07-17 09:04:08'),(57,150203,3,'Weekend Experience Boost','Weekly 150x EXP Boost is now active until Sunday.  Enjoy the game.','0','0','0','2019-07-19 23:45:00'),(58,150203,2,'Emergency Maintenance','Server will not be available for emergency maintenance from 10:00 am  - 10:10am tomorrow 23 Jul to fix critical issue on weight calculation.  It will be a QUICK restart to apply fixes.\r\n ','0','0','0','2019-07-22 13:59:25'),(59,150203,2,'Server Restart','Server will not be available at 11am today 24 Jul for a QUICK RESTART. Expected changes includes.\r\n* Added Status Boxes at Guild Shop\r\n* Fixed weight issue reported from Costume Maker.\r\n* Added Gerhard Von Devi Costume + at Item Mall (Garment).\r\n* Added Special Pet Egg at Item Mall.& Play Time Shop','0','0','0','2019-07-24 02:55:44'),(60,150203,3,'Reset','Miu can now give FREE stat/skill reset limited to 1 character per account only.','0','0','0','2019-07-28 00:30:28'),(61,150203,1,'Costume Enhancement','Costume Enhancement has been updated.  It may now give random +1 to +3 stats at 500k per try.  Enjoy','0','0','0','2019-07-30 11:03:05'),(62,150203,3,'[ Shower Event ]','Be at Central Office tonight at 8PM (01 Aug) for the item shower.  Stat/Skill Reset will follow after the event.','0','0','0','2019-08-01 08:32:57'),(63,150203,1,'Regular WOE Schedule','Guilds may now re-claim guild supplies in preparation for the regular weekly woe as scheduled:\r\nWed (payg_cas04) 21:00 - 22:00\r\nThu (schg_cas01) 21:00 - 23:00\r\nFri (payg_cas04) 21:00 - 22:00\r\nSat (schg_cas01) 21:00 - 23:00\r\n- no castle reset after woe session.\r\n- 2x Yellow Buttler Fly Wings will be given to Agit takers.\r\n','0','0','0','2019-08-05 13:10:21'),(64,150203,1,'Play Time Coin','Play Time Coin may now be traded. ','0','0','0','2019-08-16 12:01:18'),(65,150203,1,'Online Time Shop','Added Bubble Gum at Online Points Shop.','0','0','0','2019-08-16 12:13:48'),(66,150203,1,'WoE Reward','WOE Reward has been sent.  Guild Leader should check @reward.','0','0','0','2019-08-18 07:45:06'),(67,150203,1,'Server Maintenance','ValhallaRO will be performing maintenance between 8AM and 9AM (Aug 24).  Update includes possibility to refund Special Costume to 10 Red Vouchers.  ','0','0','0','2019-08-23 13:32:46'),(68,150203,1,'System Update & Maintenance','Core Update:\r\n- Upgrade network link. You should get smoother game play now.\r\n- Added Elemental Resist Status Icon\r\n- Update Homunculus obtain EXP from master\r\n- Fix Wounded Morocc Cooldown\r\n- Fix family check and EXP bug\r\n- Fix Sealed Shrine Baphomet Issue\r\n- Disable @refresh when talking to NPC\r\nFeatures:\r\n- Gatcha II: Added possibility to refund Special Costumes for 10 Red Voucher.\r\n- BTA: 2x Cash Voucher is granted for daily top BTA party. \r\nOnline Points Shops:\r\n- Added Speed Potion\r\n- Added LVL10 Windwalk scroll\r\n- Added LV5 Adrenaline Scroll','0','0','0','2019-08-24 04:05:51'),(69,150203,4,'Eddga Spawn Fix','Eddga Spawn has been fixed.  Thanks for reporting the issue.','0','0','0','2019-09-22 14:58:25'),(70,150203,2,'Guild Shop Update','Added Red Voucher at Guild Shop for 2 Guild Coins.  Guild Coins can be achieved by participating on WOE.  10 minutes inside the castle will give 5 Guild Coins.','0','0','0','2019-10-01 11:35:26'),(71,150203,2,'PC Crash Fix','Fixed PC Crashing every 5 minutes.','0','0','0','2019-10-10 07:52:08');

--
-- Table structure for table `cp_changelogscat`
--

CREATE TABLE `cp_changelogscat` (
  `cat_id` int(3) NOT NULL AUTO_INCREMENT,
  `name` varchar(32) NOT NULL,
  `display` int(1) NOT NULL DEFAULT '1',
  PRIMARY KEY (`cat_id`)
) ENGINE=MyISAM AUTO_INCREMENT=5 DEFAULT CHARSET=latin1;

--
-- Dumping data for table `cp_changelogscat`
--

INSERT INTO `cp_changelogscat` VALUES (1,'Highlights',1),(2,'Updates',1),(3,'Events',1),(4,'Announcements',1);

--
-- Table structure for table `cp_charprefs`
--

CREATE TABLE `cp_charprefs` (
  `id` int(10) unsigned NOT NULL AUTO_INCREMENT,
  `account_id` int(11) unsigned NOT NULL,
  `char_id` int(11) unsigned NOT NULL,
  `name` varchar(80) NOT NULL,
  `value` varchar(255) DEFAULT NULL,
  `create_date` datetime DEFAULT NULL,
  PRIMARY KEY (`id`),
  KEY `account_id` (`account_id`,`char_id`),
  KEY `char_id` (`char_id`)
) ENGINE=MyISAM AUTO_INCREMENT=19 DEFAULT CHARSET=latin1 COMMENT='Character preferences.';

--
-- Dumping data for table `cp_charprefs`
--

INSERT INTO `cp_charprefs` VALUES (1,2000376,150395,'HideFromWhosOnline','1','2019-06-03 18:43:17'),(2,2000376,150395,'HideMapFromWhosOnline','1','2019-06-03 18:43:17'),(3,2000376,150395,'HideFromZenyRanking','1','2019-06-03 18:43:17'),(4,2000807,152330,'HideFromWhosOnline','1','2019-06-29 01:04:11'),(5,2000807,152330,'HideMapFromWhosOnline','1','2019-06-29 01:04:11'),(6,2000807,152330,'HideFromZenyRanking','1','2019-06-29 01:04:12'),(7,2000203,150251,'HideFromWhosOnline',NULL,'2019-07-01 17:22:48'),(8,2000203,150251,'HideMapFromWhosOnline',NULL,'2019-07-01 17:22:48'),(9,2000203,150251,'HideFromZenyRanking','1','2019-07-01 17:22:48'),(10,2000541,150698,'HideFromWhosOnline',NULL,'2019-07-26 16:14:45'),(11,2000541,150698,'HideMapFromWhosOnline',NULL,'2019-07-26 16:14:45'),(12,2000541,150698,'HideFromZenyRanking',NULL,'2019-07-26 16:14:45'),(13,2000003,150069,'HideFromWhosOnline','1','2019-09-30 18:05:44'),(14,2000003,150069,'HideMapFromWhosOnline','1','2019-09-30 18:05:44'),(15,2000003,150069,'HideFromZenyRanking','1','2019-09-30 18:05:44'),(16,2000179,153909,'HideFromWhosOnline','1','2019-09-30 18:09:10'),(17,2000179,153909,'HideMapFromWhosOnline','1','2019-09-30 18:09:10'),(18,2000179,153909,'HideFromZenyRanking','1','2019-09-30 18:09:10');

--
-- Table structure for table `cp_credits`
--

CREATE TABLE `cp_credits` (
  `account_id` int(11) unsigned NOT NULL,
  `balance` int(11) unsigned NOT NULL DEFAULT '0',
  `last_donation_date` datetime DEFAULT NULL,
  `last_donation_amount` float unsigned DEFAULT NULL,
  PRIMARY KEY (`account_id`),
  KEY `account_id` (`account_id`)
) ENGINE=MyISAM DEFAULT CHARSET=latin1 COMMENT='Donation credits balance for a given account.';

--
-- Dumping data for table `cp_credits`
--

INSERT INTO `cp_credits` VALUES (2000000,0,NULL,10),(2000369,0,'2019-06-03 05:45:45',20),(2000368,0,'2019-07-29 12:39:29',50),(2000203,0,'2019-07-09 14:19:51',50),(2000204,0,'2019-06-26 04:50:46',20),(2000867,0,'2019-06-10 20:57:45',10),(2000577,0,'2019-06-13 19:24:09',20),(2000614,0,'2019-06-16 10:26:52',100),(2001177,0,'2019-06-27 12:36:26',100),(2000239,0,'2019-07-05 17:39:40',50),(2000365,0,'2019-06-29 03:23:34',20),(2001396,0,'2019-07-14 22:22:50',20),(2001575,0,'2019-07-20 14:41:05',10);

--
-- Table structure for table `cp_emailchange`
--

CREATE TABLE `cp_emailchange` (
  `id` int(11) NOT NULL AUTO_INCREMENT,
  `code` varchar(32) NOT NULL,
  `account_id` int(10) NOT NULL,
  `old_email` varchar(39) NOT NULL,
  `new_email` varchar(39) NOT NULL,
  `request_date` datetime NOT NULL,
  `request_ip` varchar(15) NOT NULL,
  `change_date` datetime DEFAULT NULL,
  `change_ip` varchar(15) DEFAULT NULL,
  `change_done` tinyint(4) NOT NULL DEFAULT '0',
  PRIMARY KEY (`id`),
  KEY `account_id` (`account_id`)
) ENGINE=MyISAM DEFAULT CHARSET=latin1;

--
-- Dumping data for table `cp_emailchange`
--


--
-- Table structure for table `cp_ipbanlog`
--

CREATE TABLE `cp_ipbanlog` (
  `id` int(10) unsigned NOT NULL AUTO_INCREMENT,
  `ip_address` varchar(15) NOT NULL,
  `banned_by` int(11) unsigned DEFAULT NULL,
  `ban_type` tinyint(1) NOT NULL,
  `ban_until` datetime NOT NULL,
  `ban_date` datetime NOT NULL,
  `ban_reason` text NOT NULL,
  PRIMARY KEY (`id`),
  KEY `ip_address` (`ip_address`),
  KEY `banned_by` (`banned_by`)
) ENGINE=MyISAM DEFAULT CHARSET=latin1;

--
-- Dumping data for table `cp_ipbanlog`
--


--
-- Table structure for table `cp_itemshop`
--

CREATE TABLE `cp_itemshop` (
  `id` int(11) unsigned NOT NULL AUTO_INCREMENT,
  `nameid` int(11) unsigned NOT NULL DEFAULT '0',
  `category` int(11) DEFAULT NULL,
  `quantity` int(11) unsigned NOT NULL DEFAULT '0',
  `cost` int(11) unsigned NOT NULL,
  `info` text,
  `use_existing` tinyint(4) NOT NULL DEFAULT '0',
  `create_date` datetime NOT NULL,
  PRIMARY KEY (`id`),
  KEY `nameid` (`nameid`)
) ENGINE=MyISAM DEFAULT CHARSET=latin1 COMMENT='Item shop';

--
-- Dumping data for table `cp_itemshop`
--


--
-- Table structure for table `cp_loginprefs`
--

CREATE TABLE `cp_loginprefs` (
  `id` int(10) unsigned NOT NULL AUTO_INCREMENT,
  `account_id` int(11) unsigned NOT NULL,
  `name` varchar(80) NOT NULL,
  `value` varchar(255) DEFAULT NULL,
  `create_date` datetime DEFAULT NULL,
  PRIMARY KEY (`id`),
  KEY `account_id` (`account_id`)
) ENGINE=MyISAM AUTO_INCREMENT=4 DEFAULT CHARSET=latin1 COMMENT='Account preferences';

--
-- Dumping data for table `cp_loginprefs`
--

INSERT INTO `cp_loginprefs` VALUES (1,2000787,'NumberOfGenderChanges','2','2019-06-29 17:25:25'),(2,2000064,'NumberOfGenderChanges','2','2019-07-02 04:07:43'),(3,2001516,'NumberOfGenderChanges','1','2019-07-13 10:58:48');

--
-- Table structure for table `cp_redeemlog`
--

CREATE TABLE `cp_redeemlog` (
  `id` int(11) unsigned NOT NULL AUTO_INCREMENT,
  `nameid` int(11) unsigned NOT NULL DEFAULT '0',
  `quantity` int(11) unsigned NOT NULL DEFAULT '0',
  `cost` int(11) unsigned NOT NULL,
  `account_id` int(11) unsigned NOT NULL,
  `char_id` int(11) unsigned DEFAULT NULL,
  `redeemed` tinyint(1) unsigned NOT NULL,
  `redemption_date` datetime DEFAULT NULL,
  `purchase_date` datetime NOT NULL,
  `credits_before` int(10) NOT NULL,
  `credits_after` int(10) NOT NULL,
  PRIMARY KEY (`id`),
  KEY `nameid` (`nameid`,`account_id`,`char_id`)
) ENGINE=MyISAM DEFAULT CHARSET=latin1 COMMENT='Log of redeemed donation items.';

--
-- Dumping data for table `cp_redeemlog`
--


--
-- Table structure for table `cp_trusted`
--

CREATE TABLE `cp_trusted` (
  `id` int(10) unsigned NOT NULL AUTO_INCREMENT,
  `account_id` int(11) unsigned NOT NULL,
  `email` varchar(255) NOT NULL,
  `create_date` datetime NOT NULL,
  `delete_date` datetime DEFAULT NULL,
  PRIMARY KEY (`id`),
  KEY `account_id` (`account_id`)
) ENGINE=MyISAM DEFAULT CHARSET=latin1;

--
-- Dumping data for table `cp_trusted`
--


--
-- Table structure for table `cp_txnlog`
--

CREATE TABLE `cp_txnlog` (
  `id` int(10) unsigned NOT NULL AUTO_INCREMENT,
  `account_id` int(11) unsigned DEFAULT '0',
  `server_name` varchar(255) DEFAULT NULL,
  `credits` int(11) DEFAULT '0',
  `receiver_email` varchar(60) DEFAULT NULL,
  `item_name` varchar(100) DEFAULT NULL,
  `item_number` varchar(10) DEFAULT NULL,
  `quantity` varchar(6) DEFAULT NULL,
  `payment_status` varchar(20) DEFAULT NULL,
  `pending_reason` varchar(20) DEFAULT NULL,
  `payment_date` varchar(40) DEFAULT NULL,
  `mc_gross` varchar(20) DEFAULT NULL,
  `mc_fee` varchar(20) DEFAULT NULL,
  `tax` varchar(20) DEFAULT NULL,
  `mc_currency` varchar(3) DEFAULT NULL,
  `parent_txn_id` varchar(20) DEFAULT NULL,
  `txn_id` varchar(20) DEFAULT NULL,
  `txn_type` varchar(20) DEFAULT NULL,
  `first_name` varchar(30) DEFAULT NULL,
  `last_name` varchar(40) DEFAULT NULL,
  `address_street` varchar(80) DEFAULT NULL,
  `address_city` varchar(30) DEFAULT NULL,
  `address_state` varchar(30) DEFAULT NULL,
  `address_zip` varchar(20) DEFAULT NULL,
  `address_country` varchar(30) DEFAULT NULL,
  `address_status` varchar(10) DEFAULT NULL,
  `payer_email` varchar(60) DEFAULT NULL,
  `payer_status` varchar(10) DEFAULT NULL,
  `payment_type` varchar(10) DEFAULT NULL,
  `notify_version` varchar(10) DEFAULT NULL,
  `verify_sign` varchar(255) DEFAULT NULL,
  `referrer_id` varchar(10) DEFAULT NULL,
  `process_date` datetime DEFAULT NULL,
  `hold_until` datetime DEFAULT NULL,
  PRIMARY KEY (`id`),
  KEY `account_id` (`account_id`),
  KEY `parent_txn_id` (`parent_txn_id`),
  KEY `txn_id` (`txn_id`)
) ENGINE=MyISAM AUTO_INCREMENT=14 DEFAULT CHARSET=latin1 COMMENT='All PayPal transactions that go through the IPN handler.';

--
-- Dumping data for table `cp_txnlog`
--

INSERT INTO `cp_txnlog` VALUES (1,2000369,'Valhalla',1181,'billing@amatsuro.com','Donation Credits: 1,181 CREDIT(s)','','1','Completed',NULL,'14:45:39 Jun 02, 2019 PDT','20.00','1.18',NULL,'USD',NULL,'5C192339AC415152D','web_accept','All Jay Velasco','Maceda',NULL,NULL,NULL,NULL,NULL,NULL,'jaymacedagaming777@gmail.com','unverified','instant','3.9','AkhUFmMWqt4PQuaw593.0Fe9aBDVAvhkvHQpOVisecov9LQDmwyMXfwN','GTCU9AUEN3','2019-06-03 05:45:45',NULL),(2,2000368,'Valhalla',1181,'billing@amatsuro.com','Donation Credits: 1,181 CREDIT(s)','','0','Completed',NULL,'22:22:40 Jun 05, 2019 PDT','20.00','1.18','0.00','USD',NULL,'2ME55146AH8576355','web_accept','Paul Ian','Quindoy','Room 202 Rowan House\r\nEpsom General Hospital, Dorking Road','Epsom','SURREY','KT18 7EG','United Kingdom','confirmed','paulquindoy@gmail.com','unverified','instant','3.9','A-MlQ9rtisYS0YV9Phw1hl461uaLA6DlU6SVnbNWurp95zmA.Xqm067n','GTCU9AUEN3','2019-06-06 13:22:46',NULL),(3,2000203,'Valhalla',1181,'billing@amatsuro.com','Donation Credits: 1,181 CREDIT(s)','','0','Completed',NULL,'09:53:02 Jun 06, 2019 PDT','20.00','1.18','0.00','USD',NULL,'3N0976961W157054A','web_accept','Martin','Bredow','Triftweg  55','Leipzig','','04277','Germany','unconfirme','martin.bredow@hotmail.de','verified','instant','3.9','ARPUUd6izh5qJjTU9090JO1BHn5FAvwZom8.aR5jlNvZn3aCEfmuKEl.','GTCU9AUEN3','2019-06-07 00:53:09',NULL),(4,2000203,'Valhalla',3017,'billing@amatsuro.com','Donation Credits: 3,017 CREDIT(s)','','0','Completed',NULL,'15:46:25 Jun 08, 2019 PDT','50.00','2.50','0.00','USD',NULL,'6MX95613PG810211K','web_accept','Martin','Bredow','Triftweg  55','Leipzig','','04277','Germany','unconfirme','martin.bredow@hotmail.de','verified','instant','3.9','AfjtMSurU-jW7Z8pdt45PDmI6CXeAuZsNxtFDKym7BxYU0jzz91nnXyz','GTCU9AUEN3','2019-06-09 06:46:32',NULL),(5,2000204,'Valhalla',578,'billing@amatsuro.com','Donation Credits: 578 CREDIT(s)','','0','Completed',NULL,'15:49:25 Jun 08, 2019 PDT','10.00','0.74','0.00','USD',NULL,'7J135738FC6683514','web_accept','Martin','Bredow','Triftweg  55','Leipzig','','04277','Germany','unconfirme','martin.bredow@hotmail.de','verified','instant','3.9','ASbaEU.7OtZOl54YzzFasUkhZ0H4AY6IBmdaVha2pIypzQK-NPl0I93P','GTCU9AUEN3','2019-06-09 06:49:31',NULL),(6,2000867,'Valhalla',578,'billing@amatsuro.com','Donation Credits: 578 CREDIT(s)','','0','Completed',NULL,'05:57:39 Jun 10, 2019 PDT','10.00','0.69','0.00','USD',NULL,'88H62791UP751063B','web_accept','ridene','primicias','343 SARZABA COMPOUND, GUIGUILOENEN','MANGALDAN','PANGASINAN','2432','Philippines','unconfirme','rideneprimicias@gmail.com','unverified','instant','3.9','A8F46P84QHGqujd-oMm6E4DOLd6DAqACnDtrBCyrDGbAYUD7V-u4om6V','GTCU9AUEN3','2019-06-10 20:57:45',NULL),(7,2000577,'Valhalla',1181,'billing@amatsuro.com','Donation Credits: 1,181 CREDIT(s)','','0','Completed',NULL,'04:24:00 Jun 13, 2019 PDT','20.00','1.08','0.00','USD',NULL,'77T575616C851863G','web_accept','Jovin','Laurence','105 Moscow St Pasig Green Park Village\r\nManggahan','Pasig City','Metro Manila','1612','Philippines','unconfirme','jovin.laurence@live.com','verified','instant','3.9','AcAgxM2O041tqclGMrL6TmYR3xBsAaqLWKnfP9sRvtTa7FFQWaQ3bniC','GTCU9AUEN3','2019-06-13 19:24:09',NULL),(8,2000614,'Valhalla',6296,'billing@amatsuro.com','Donation Credits: 6,296 CREDIT(s)','','0','Completed',NULL,'19:26:46 Jun 15, 2019 PDT','100.00','4.70','0.00','USD',NULL,'1X67081958641393U','web_accept','Jonathan','Grellier','Chef Lieu','La Motte en Bauges','','73340','France','unconfirme','rhinotiksduke@gmail.com','unverified','instant','3.9','ApsYmJ6m2oOkItZNq43Q7zg8J8p8AfmICmaJIJd9olUBtRUl1HYTWNwL','GTCU9AUEN3','2019-06-16 10:26:52',NULL),(9,2001575,'Valhalla',578,'billing@amatsuro.com','Donation Credits: 578 CREDIT(s)','','0','Completed',NULL,'23:40:58 Jul 19, 2019 PDT','10.00','0.74','0.00','USD',NULL,'0XW06438R5735280E','web_accept','anne','denman','10 Ballidu Close','Elanora','Queensland','4221','Australia','unconfirme','harrow_90@hotmail.com','verified','instant','3.9','AT8s1ngbCIisKZFoBdB25xEoOSU9AN5hvm0PfZ7O2uNE9l2M-o55VdD-','GTCU9AUEN3','2019-07-20 14:41:05',NULL),(10,2000368,'Valhalla',6296,'billing@amatsuro.com','Donation Credits: 6,296 CREDIT(s)','','0','Completed',NULL,'02:06:59 Jul 21, 2019 PDT','100.00','4.70','0.00','USD',NULL,'8JH15474U0503003F','web_accept','Paul Ian','Quindoy','Room 202 Rowan House\r\nEpsom General Hospital, Dorking Road','Epsom','SURREY','KT18 7EG','United Kingdom','confirmed','paulquindoy@gmail.com','unverified','instant','3.9','A3hn.mU2cNAzGMv.9OLimNZsJF9NAnNlqDPvhnrWZ6XZs6f4WWj069zE','GTCU9AUEN3','2019-07-21 17:07:05',NULL),(11,2000368,'Valhalla',3017,'billing@amatsuro.com','Donation Credits: 3,017 CREDIT(s)','','0','Completed',NULL,'02:09:07 Jul 21, 2019 PDT','50.00','2.50','0.00','USD',NULL,'1EG403327R592271N','web_accept','Paul Ian','Quindoy','Room 202 Rowan House\r\nEpsom General Hospital, Dorking Road','Epsom','SURREY','KT18 7EG','United Kingdom','confirmed','paulquindoy@gmail.com','unverified','instant','3.9','A0EKV98GE2OHwPXhWUO-9VaWVteaAX2f7YHHF-7XC.Ybw-hzw1V9ZBAi','GTCU9AUEN3','2019-07-21 17:09:14',NULL),(12,2000368,'Valhalla',6296,'billing@amatsuro.com','Donation Credits: 6,296 CREDIT(s)','','0','Completed',NULL,'21:37:39 Jul 28, 2019 PDT','100.00','4.70','0.00','USD',NULL,'7PB261320P2654223','web_accept','Paul Ian','Quindoy','Room 202 Rowan House\r\nEpsom General Hospital, Dorking Road','Epsom','SURREY','KT18 7EG','United Kingdom','unconfirme','paulquindoy@gmail.com','unverified','instant','3.9','AEpXruTDJzogFZTLrEhwRl3CEB7sA9vRZrGZYER8dRkya1DmWebD8qsl','GTCU9AUEN3','2019-07-29 12:37:44',NULL),(13,2000368,'Valhalla',3017,'billing@amatsuro.com','Donation Credits: 3,017 CREDIT(s)','','0','Completed',NULL,'21:39:25 Jul 28, 2019 PDT','50.00','2.50','0.00','USD',NULL,'5PD79793SS4823601','web_accept','Paul Ian','Quindoy','Room 202 Rowan House\r\nEpsom General Hospital, Dorking Road','Epsom','SURREY','KT18 7EG','United Kingdom','unconfirme','paulquindoy@gmail.com','unverified','instant','3.9','AsA9zTxZOXofFCweKOzeKrTucto.AMtiePNTzrUCxgsCes6tZa61W3jy','GTCU9AUEN3','2019-07-29 12:39:29',NULL);

--
-- Table structure for table `cp_xferlog`
--

CREATE TABLE `cp_xferlog` (
  `id` int(10) unsigned NOT NULL AUTO_INCREMENT,
  `from_account_id` int(10) unsigned NOT NULL,
  `target_account_id` int(10) unsigned NOT NULL,
  `target_char_id` int(11) unsigned NOT NULL,
  `amount` int(10) unsigned NOT NULL,
  `for_free` tinyint(1) unsigned NOT NULL DEFAULT '0',
  `transfer_date` datetime NOT NULL,
  PRIMARY KEY (`id`),
  KEY `from_account_id` (`from_account_id`,`target_account_id`,`target_char_id`)
) ENGINE=MyISAM DEFAULT CHARSET=latin1 COMMENT='Credit transfer log.';

--
-- Dumping data for table `cp_xferlog`
--


--
-- Table structure for table `eBG_bg_rankings`
--

CREATE TABLE `eBG_bg_rankings` (
  `char_id` int(11) NOT NULL,
  `score` int(11) unsigned NOT NULL DEFAULT '0',
  `max_damage` bigint(20) unsigned NOT NULL DEFAULT '0',
  `damage` bigint(20) unsigned NOT NULL DEFAULT '0',
  `damage_received` bigint(20) NOT NULL DEFAULT '0',
  `boss_damage` bigint(20) NOT NULL DEFAULT '0',
  `kills` int(11) unsigned NOT NULL DEFAULT '0',
  `deaths` int(11) unsigned NOT NULL DEFAULT '0',
  `healing` int(11) unsigned NOT NULL DEFAULT '0',
  `healing_fail` int(11) unsigned NOT NULL DEFAULT '0',
  `sp_used` int(11) unsigned NOT NULL DEFAULT '0',
  `hp_potions` int(11) unsigned NOT NULL DEFAULT '0',
  `sp_potions` int(11) unsigned NOT NULL DEFAULT '0',
  `red_gemstones` int(11) unsigned NOT NULL DEFAULT '0',
  `blue_gemstones` int(11) unsigned NOT NULL DEFAULT '0',
  `yellow_gemstones` int(11) unsigned NOT NULL DEFAULT '0',
  `poison_bottles` int(11) unsigned NOT NULL DEFAULT '0',
  `acid_demostration` int(11) unsigned NOT NULL DEFAULT '0',
  `acid_demostration_fail` int(11) unsigned NOT NULL DEFAULT '0',
  `support_skills` int(11) unsigned NOT NULL DEFAULT '0',
  `support_skills_fail` int(11) unsigned NOT NULL DEFAULT '0',
  `spiritb_used` int(11) unsigned NOT NULL DEFAULT '0',
  `ammo_used` int(11) unsigned NOT NULL DEFAULT '0',
  `zeny_used` int(11) unsigned NOT NULL DEFAULT '0',
  PRIMARY KEY (`char_id`)
) ENGINE=InnoDB DEFAULT CHARSET=latin1;

--
-- Dumping data for table `eBG_bg_rankings`
--

INSERT INTO `eBG_bg_rankings` VALUES (150009,0,110563,6858715,2441240,0,154,122,0,0,2441240,154251,1229014051,0,0,0,0,0,0,1,0,2980,0,0),(150014,865,75,360,452649,0,0,38,0,0,452649,4562070,0,0,0,0,0,0,0,0,0,0,0,0),(150022,0,14172,3685878,1151342,0,262,56,0,0,1151342,2210444056,39179192,0,0,0,0,0,0,0,0,0,0,0),(150034,0,707,7065,244351,0,0,10,2016,0,244351,2210444056,39193656,0,0,0,0,0,0,38,2,0,0,0),(150044,0,7324,146063,15987,0,6,2,0,0,15987,2580866696,33548312,0,0,0,0,0,0,0,0,0,0,0),(150087,0,2657,85226,410125,0,1,20,0,0,410125,2210444056,39185720,0,0,0,0,0,0,0,0,0,0,196600),(150089,0,5450,350048,146003,0,3,8,0,0,146003,753962680,753962576,0,0,0,0,0,0,0,0,0,310,0),(150098,0,0,0,62748,0,0,2,0,0,62748,150125,1229014051,0,0,0,0,0,0,0,0,0,0,0),(150107,0,61873,1191047,2433054,0,38,229,0,0,2433054,2210444056,37370856,0,0,0,0,0,0,0,3,1050,0,0),(150111,0,7452,255416,668935,0,10,50,0,0,668935,2210444056,39178936,0,0,0,0,0,0,0,0,0,0,0),(150126,0,3004,3837383,1785188,0,33,124,0,0,1785188,3951878408,20415688,0,0,0,28,0,0,0,0,0,0,0),(150136,0,6066,764949,788422,0,35,24,0,0,788422,3951878408,20419592,0,0,0,10,0,0,0,0,0,0,0),(150137,0,6424,1160662,758643,0,36,40,0,0,758643,7,3951878288,0,0,0,0,0,0,0,0,0,1336,0),(150151,0,1106,195573,487346,0,0,28,0,0,487346,154164,1852402979,0,0,0,0,0,0,0,0,0,498,0),(150166,1828,116754,4708134,3529724,0,156,150,0,0,3529724,2210444056,39179832,0,0,0,93,0,0,0,0,177,0,0),(150182,0,1724,47771,71823,0,0,2,0,0,71823,2580866696,33333032,0,0,0,0,0,0,0,0,0,0,0),(150184,0,5714,3841078,1499968,0,260,24,0,0,1499968,2210444056,39222584,0,0,0,0,0,0,0,0,0,0,0),(150185,0,2828,337733,214197,0,35,14,0,0,214197,30045,30030,0,0,0,0,0,0,0,0,0,754,0),(150195,0,4888,1057912,814723,0,57,11,0,0,814723,753962680,40071176,0,0,0,0,0,0,0,0,0,0,0),(150202,0,2493,137607,265017,0,13,28,0,0,265017,4562182,0,0,0,0,0,0,0,0,0,0,0,0),(150222,0,2370,242516,318647,0,9,14,0,0,318647,3951878408,20417672,0,0,0,0,0,0,0,0,0,252,0),(150225,10,35445,1053382,52341,0,111,1,0,0,52341,153322,1852402979,0,0,0,5,0,0,0,0,0,0,0),(150250,0,2533,215428,469467,0,3,16,0,0,469467,4562182,2210443952,0,0,0,0,0,0,0,0,0,286,0),(150261,330,1680,308179,676827,0,2,70,0,0,676827,150261,1852402979,0,0,0,0,0,0,0,0,0,567,0),(150264,0,31,585,1202181,0,0,133,0,0,1202181,150882,1852402979,0,41,0,0,0,0,80,102,0,0,0),(150298,0,6135,211328,313661,0,16,32,0,0,313661,151906,1852402979,0,0,0,0,0,0,0,0,0,0,116500),(150325,0,32933,214283,360920,0,7,31,0,0,360920,152440,1852402979,0,0,0,0,0,0,0,7,160,0,0),(150329,0,3062,458159,292933,0,2,4,0,0,292933,0,0,0,0,0,0,0,0,0,0,0,0,0),(150334,0,8710,532321,1139189,0,19,3,0,0,1139189,753962680,40913416,0,0,0,0,0,0,0,0,0,158,0),(150345,0,2289,15911,385023,0,8,24,2100,0,385023,2580866696,33545112,0,0,0,0,0,0,1,0,0,0,0),(150355,0,779,34763,286479,0,0,15,0,0,286479,151050,1852402979,0,0,0,0,0,0,0,0,0,85,0),(150384,0,11893,1506945,597388,0,120,23,0,0,597388,153462,753962576,0,0,0,0,0,0,0,0,0,875,0),(150411,0,0,0,197082,0,0,26,0,0,197082,7,3445535056,0,0,0,0,0,0,0,0,0,0,0),(150418,0,5712,25072,193308,0,9,25,0,0,193308,150939,1852402979,0,0,0,0,0,0,0,0,0,0,0),(150419,0,2290,38608,28203,0,0,4,0,0,28203,150843,1852402979,0,0,0,0,0,0,0,0,29,0,0),(150421,0,7602,16219958,10155748,0,667,53,0,0,10155748,150125,1229014051,0,0,0,0,0,0,0,0,0,0,0),(150442,0,0,0,197831,0,0,9,0,0,197831,154098,753962576,0,0,0,0,0,0,0,0,50,0,0),(150445,0,6753,3967004,329777,0,319,23,0,0,329777,153101,1852402979,0,0,0,0,0,0,0,0,0,1188,0),(150458,0,1477,23065,74874,0,1,12,0,0,74874,3951878408,20417800,0,0,0,0,0,0,0,0,0,28,0),(150522,0,4827,1360808,912420,0,66,110,0,0,912420,3951878408,20419592,0,0,0,0,0,0,0,0,0,1745,0),(150556,0,10,23,185594,0,0,19,0,0,185594,753962544,753962576,0,0,0,0,0,0,27,0,0,0,0),(150558,0,46403,687492,327538,0,17,33,0,0,327538,2580866696,33540312,0,0,0,0,0,0,6,0,420,0,0),(150560,0,0,0,0,0,0,0,0,0,0,0,0,0,0,0,0,0,0,0,0,0,0,0),(150585,0,0,0,397972,0,0,47,0,0,397972,153072,1852402979,0,0,0,0,0,0,0,0,0,0,0),(150587,0,1223,10125,224480,0,2,14,0,0,224480,3445535176,3445535072,0,0,0,0,0,0,0,0,11,514,82),(150594,3957,0,0,306902,0,0,56,0,0,306902,154062,1852402979,0,0,0,0,0,0,1,1,0,0,0),(150597,0,0,0,995372,0,0,152,0,0,995372,153101,753962576,0,0,0,0,0,0,0,3,0,0,0),(150603,0,6083,829559,6562790,0,32,200,20768,1993,6562790,154249,1381188946,0,0,0,0,0,0,32,5,0,0,0),(150614,0,0,0,6257,0,0,1,0,0,0,0,0,0,0,0,0,0,0,0,0,0,0,0),(150657,0,0,0,272653,0,18,58,0,0,272653,2210444056,39180920,0,0,0,0,0,0,0,0,0,0,0),(150658,0,0,0,115860,0,0,26,0,0,0,0,0,0,0,0,0,0,0,0,0,0,0,0),(150659,0,0,0,788192,0,0,147,0,0,788192,150203,1852402979,0,0,0,0,0,0,0,0,0,0,0),(150660,0,6846,261999,38600,0,14,1,0,0,38600,154318,1634038369,0,0,0,0,0,0,0,0,0,0,0),(150661,3978,0,0,174021,0,0,52,0,0,174021,2210444056,39222136,0,0,0,0,0,0,0,0,0,0,0),(150673,0,2067,42072,44227,0,3,10,0,0,44227,152804,1852402979,0,0,0,0,0,0,0,0,0,30,0),(150679,164,0,0,31382,0,0,38,0,0,0,0,0,0,0,0,0,0,0,0,0,0,0,0),(150700,0,36384,977178,246684,0,45,11,0,0,246684,0,2580866592,0,0,0,0,0,0,12,2,645,0,0),(150703,0,6666,90916,1812572,0,1,33,0,0,1812572,4562102,0,0,0,0,0,0,0,0,0,0,5,0),(150738,0,6666,59276,367148,0,2,6,0,0,367148,10,31679712,0,0,0,0,0,0,0,0,0,0,0),(150739,0,22537,6732265,2001789,0,624,54,0,0,2001789,2210444056,39204792,0,0,0,14,0,0,0,0,0,0,0),(150740,0,3432,466601,651102,0,35,79,0,0,651102,753962680,753962576,0,0,0,0,0,0,0,0,0,384,0),(150746,0,1692,13283,126203,0,2,16,0,0,126203,150746,1634038369,0,0,0,0,0,0,0,0,0,23,0),(150757,0,21327,5513259,5443781,0,1259,483,0,0,5443781,753962680,753962576,0,194,0,0,0,0,0,0,0,0,0),(150758,0,0,0,12921,0,0,3,0,0,12921,154009,753962576,0,0,0,0,0,0,0,0,0,0,0),(150759,0,771,149498,1309007,0,1,139,0,0,1309007,0,0,0,0,0,0,0,0,2,334,0,0,0),(150760,0,2409,4976,183782,0,0,26,0,0,183782,753962680,40199880,0,0,0,0,0,0,0,0,0,3,0),(150761,0,1,2,1540692,0,0,146,526,0,1540692,150421,1852402979,0,3,0,0,0,0,8,13,0,0,0),(150767,0,0,0,250819,0,0,10,25255,0,250819,4562102,0,0,2,0,0,0,0,55,2,0,0,0),(150772,0,5142,159252,2866102,0,6,65,803277,64459,2866102,4562102,0,0,29,0,0,0,0,1007,194,0,0,0),(150775,0,20134,477723,814864,0,550,72,0,0,814864,153978,1229014051,0,0,0,0,0,0,0,0,0,0,0),(150781,0,192,1012,166921,0,0,16,0,0,166921,753962680,40910664,0,0,0,0,0,0,26,3,0,0,0),(150791,0,24,92,307354,0,1,6,0,0,307354,2210444056,39232312,0,0,0,0,0,0,0,0,0,0,0),(150827,0,18824,569788,575264,0,109,46,0,0,575264,153999,753962576,0,12,0,0,0,0,0,0,0,0,0),(150839,0,10750,269072,366409,0,9,2,0,0,366409,151050,1229014051,0,0,0,0,0,0,0,0,0,0,0),(150843,0,0,0,178243,0,0,13,0,0,178243,2210444056,39181560,0,0,0,0,0,0,11,0,0,0,0),(150844,0,51850,459178,180778,0,14,22,0,0,180778,150845,1634231075,0,0,0,0,63,0,0,0,0,0,0),(150845,0,298,787,171795,0,0,26,0,0,171795,4562182,0,0,0,0,0,0,0,0,0,65,0,0),(150847,0,962,22883,36795,0,0,8,0,0,36795,153127,1852402979,0,0,0,0,0,0,0,0,0,0,0),(150848,0,42840,3225104,823359,0,160,42,0,0,823359,2210444056,39232376,0,0,0,0,481,10,0,0,0,0,0),(150857,0,1795,61979,565605,0,6,8,0,0,565605,2210444056,39224952,0,0,0,0,0,0,1,5,0,0,0),(150858,0,0,0,5281,0,0,7,0,0,0,0,0,0,0,0,0,0,0,0,0,0,0,0),(150861,0,0,0,212098,0,0,11,0,0,212098,753962680,40091976,0,13,0,0,0,0,15,1,0,0,0),(150863,0,6790,2961449,1545771,0,140,104,0,0,1545771,2580866696,33529560,0,0,0,0,0,0,0,0,0,2644,0),(150864,0,1026,300905,2465428,0,12,260,0,0,2465428,2210444056,39181560,0,0,0,0,0,0,1,0,0,0,0),(150867,0,2634,854674,276678,0,20,21,0,0,276678,153101,1852402979,0,0,0,0,0,0,0,0,0,794,0),(150882,0,0,0,2740038,0,0,172,0,0,0,0,0,0,0,0,0,0,0,0,0,0,0,0),(150883,0,53370,115305,5761996,0,1,647,0,0,5761996,4562102,0,0,0,0,0,14,0,0,0,0,0,0),(150893,0,2738,60807,21524,0,5,2,0,0,21524,150522,1229014051,0,0,0,0,0,0,0,0,0,100,0),(150902,0,2592,799915,2008354,0,26,116,0,0,2008354,153781,1381188946,0,0,0,0,0,0,0,0,0,1189,0),(150912,0,3542,317591,611646,0,23,35,0,0,611646,154202,1852402979,0,0,0,0,0,0,0,0,0,2002,82),(150916,0,22405,5402420,1160846,0,289,26,0,0,1160846,753962680,40917704,0,0,0,0,0,0,0,0,0,0,0),(150922,0,29551,1095292,1072163,0,45,43,0,0,1072163,3465999864,3465999760,0,0,0,7,0,0,0,0,0,0,0),(150939,20,0,0,28599,0,0,30,0,0,0,0,0,0,0,0,0,0,0,0,0,0,0,0),(150963,0,3325,438424,222550,0,8,16,0,0,222550,2210444056,39181560,0,0,0,0,0,0,0,0,0,351,0),(150964,0,6666,371593,4129743,0,17,169,0,0,4129743,2210444056,39181560,0,0,0,0,0,0,0,0,0,0,0),(150966,0,10900,986473,181634,0,55,8,0,0,181634,4562102,0,0,0,0,0,0,0,0,0,0,0,487000),(150981,0,0,0,630,0,0,0,0,0,0,0,0,0,0,0,0,0,0,0,0,0,0,0),(150985,0,2809,148883,309109,0,2,30,0,0,309109,2210444056,39189368,0,0,0,0,0,0,0,0,0,127,0),(150993,3974,0,0,0,0,0,0,0,0,0,0,0,0,0,0,0,0,0,0,0,0,0,0),(150998,0,56005,1362931,1486309,0,55,77,0,0,1486309,28405932,2580866576,0,0,0,0,0,0,15,41,1400,0,0),(151005,0,0,0,50144,0,0,4,0,0,0,0,0,0,0,0,0,0,0,0,0,0,0,0),(151012,0,418,2150,9020,0,0,2,0,0,9020,152084,1147093840,0,0,0,0,0,0,0,0,0,0,0),(151018,0,794,244991,162271,0,36,21,0,0,162271,2210444056,39204792,0,0,0,0,0,0,0,0,0,0,0),(151021,626,0,0,614501,0,0,73,0,0,614501,153662,1852402979,0,1,34,0,0,0,0,0,0,0,0),(151024,0,11377,2894203,1910082,0,155,44,0,0,1910082,4562102,0,0,0,0,0,0,0,0,0,0,0,0),(151048,0,1997,108917,280345,0,1,9,0,0,280345,2210444056,39183672,0,0,0,0,0,0,0,0,0,270,0),(151049,0,11109,1339471,856996,0,50,32,0,0,856996,2210444056,39179832,6,49,43,0,0,0,0,0,0,0,0),(151074,0,10584,3001332,559861,0,232,34,0,0,559861,0,0,0,0,0,0,0,0,0,0,0,0,0),(151082,0,10155,259056,927656,0,597,204,0,0,927656,153637,1852402979,0,0,0,0,0,0,0,0,0,0,0),(151083,0,3410,1766520,2175004,0,134,35,2268,4536,2175004,4562182,0,0,0,0,0,0,0,50,6,0,0,0),(151089,0,121555,3338633,1701017,0,86,158,0,0,1701017,152262,1381188946,0,0,0,0,0,0,0,0,2160,0,0),(151092,0,8,16,987197,0,0,107,1512,9016,987197,753962680,40106120,0,0,0,0,0,0,33,23,0,0,0),(151095,0,64122,439799,49349,0,12,4,0,0,49349,4562182,0,0,0,0,0,0,0,0,0,220,0,0),(151102,0,271,973,162252,0,0,1,0,0,162252,152708,1819044171,0,0,0,0,0,0,12,1,0,0,0),(151103,0,27657,689897,767778,0,31,36,0,0,767778,2580866696,33277096,0,0,0,0,0,0,0,0,0,0,0),(151110,4000,142,7157,102379,0,0,14,0,0,102379,4562182,0,0,0,0,0,0,0,0,0,0,0,0),(151115,0,0,0,496556,0,0,50,0,0,496556,154194,2210443952,0,0,0,0,0,0,13,18,0,0,0),(151119,0,10663,2798244,1182439,0,170,63,0,0,1182439,2210444056,39189624,0,0,0,0,0,0,1,0,0,0,1624500),(151147,0,7042,80175,502789,0,0,32,0,0,502789,753962680,40119112,10,0,5,0,0,0,0,0,0,0,0),(151159,0,490,490,53587,0,0,1,0,0,53587,753962680,40155848,0,0,0,0,0,0,0,0,0,0,0),(151160,0,30713,51396,41342,0,2,2,0,0,41342,753962680,753962576,0,0,0,0,0,0,0,0,55,0,0),(151168,0,6033,2026680,964940,0,79,22,0,0,964940,152501,1852402979,0,0,0,0,0,0,0,0,0,0,989000),(151173,0,0,0,31779,0,0,1,0,0,31779,753962680,40909896,0,0,0,0,0,0,0,0,0,0,0),(151198,0,198,648,405701,0,0,24,0,0,405701,4562070,0,0,0,0,0,0,0,0,1,0,0,0),(151207,0,417,22963,25438,0,3,24,0,0,25438,816706867,4712112,0,0,0,0,0,0,0,0,0,0,0),(151209,0,0,0,119929,0,0,12,0,0,119929,3445535176,13611400,0,0,0,0,0,0,0,0,0,0,0),(151224,0,0,0,137881,0,0,19,0,0,0,0,0,0,0,0,0,0,0,0,0,0,0,0),(151225,0,2820,7876,817272,0,1,92,0,0,817272,4562102,0,0,0,0,0,0,0,0,0,0,5,0),(151233,15,0,0,5585,0,0,1,0,0,0,0,0,0,0,0,0,0,0,0,0,0,0,0),(151234,5,487,487,74364,0,0,9,15267,0,74364,154056,1852402979,0,0,0,0,0,0,23,0,0,0,0),(151237,154,0,0,0,0,0,0,0,0,0,0,0,0,0,0,0,0,0,0,0,0,0,0),(151243,0,30731,30731,559913,0,1,63,0,0,559913,152184,1129531725,0,0,0,0,0,0,0,0,15,0,0),(151246,0,6413,1621727,2906758,0,52,243,0,0,2906758,3951878408,20415304,0,0,0,0,0,0,0,0,0,2008,0),(151267,0,13496,403604,4130658,0,24,228,0,0,4130658,2210444056,39185400,0,0,0,0,0,0,33,10,964,0,0),(151287,35,0,0,1647562,0,0,211,0,0,1647562,153620,1852402979,0,0,0,0,0,0,0,0,15,0,0),(151304,0,2377,170190,60587,0,0,5,0,0,60587,2210444056,39182200,0,0,0,2,0,0,0,0,0,0,0),(151316,0,166,3020,632423,0,0,64,0,0,632423,2580866696,33546328,0,0,0,0,0,0,0,0,0,0,0),(151321,0,0,0,404972,0,0,77,0,0,404972,753962680,38336552,0,0,0,0,0,0,0,0,0,0,0),(151339,0,5001,712950,741991,0,37,63,0,0,741991,154297,1598377815,0,0,0,0,0,0,0,0,0,456,0),(151340,0,0,0,1638173,0,0,104,0,0,1638173,2210444032,4084632492,5,9,19,0,0,0,0,0,0,0,0),(151342,0,3522,71025,2526275,0,4,257,0,0,2526275,150939,1381975874,0,0,0,0,0,0,177,81,0,0,0),(151346,0,336,5987,247221,0,0,42,0,0,247221,153115,1852402979,0,0,0,0,0,0,0,0,0,0,0),(151348,0,0,0,515778,0,0,63,0,0,515778,152826,1852402979,0,0,0,0,0,0,0,0,0,0,0),(151349,0,2446,37486,617204,0,3,13,0,0,617204,753962680,40073352,0,0,0,0,0,0,0,0,0,0,0),(151364,0,0,0,149762,0,0,25,0,0,0,0,0,0,0,0,0,0,0,0,0,0,0,0),(151365,0,6666,14650,2589376,0,1,112,0,0,2589376,753962656,791650204,0,0,0,0,0,0,0,0,0,22,0),(151371,0,560,9694,348136,0,0,20,0,0,348136,4562182,0,0,0,0,0,0,0,0,0,0,0,0),(151377,0,6298,566674,1583959,0,38,148,0,0,1583959,4562102,0,0,0,0,0,0,0,0,0,0,0,0),(151381,0,6666,38448,1784479,0,1,102,0,0,1784479,2210444056,39181624,0,0,0,0,0,0,0,0,0,1,0),(151382,0,2087,199111,564341,0,1,71,0,0,564341,2210444056,39181624,0,0,0,0,0,0,0,0,0,287,0),(151390,0,320,2235,322891,0,0,34,0,0,322891,753962680,40129352,0,0,0,0,0,0,0,0,0,0,0),(151404,0,0,0,0,0,0,0,0,0,0,151245,1768318575,0,0,0,0,0,0,0,0,0,0,0),(151440,0,1632,670959,105008,0,1,10,0,0,105008,2210444056,39212920,0,0,0,0,0,0,0,0,0,0,0),(151450,0,5424,29786,256745,0,0,33,0,0,256745,2580866696,33550168,0,0,0,0,0,0,0,0,0,12,0),(151464,0,0,0,404484,0,0,24,0,0,404484,753962680,40096904,0,0,0,0,0,0,0,8,0,0,0),(151474,0,57447,1506356,754474,0,48,45,15876,0,754474,154315,1229014051,0,0,0,0,0,0,33,1,1905,0,0),(151477,0,91,3784,320909,0,34,11,0,0,320909,2580866696,33546008,0,0,0,0,0,0,0,0,0,0,0),(151478,0,4380,1370365,205360,0,51,11,0,0,205360,2580866696,33552472,0,0,0,0,0,0,0,0,0,1156,0),(151481,0,0,0,272195,0,0,34,0,0,272195,150864,1852402979,0,0,0,0,0,0,0,0,0,0,0),(151486,0,2497,458012,108725,0,43,0,0,0,108725,150010,1684955496,0,0,0,0,0,0,0,0,0,0,0),(151494,0,0,0,398882,0,0,100,0,0,398882,4563892,1215993104,0,0,0,0,0,0,0,0,0,0,0),(151495,0,75833,330904,270697,0,3,24,0,0,270697,154209,1852402979,0,0,0,0,0,0,0,0,250,0,0),(151497,0,2411,587589,895522,0,21,72,0,0,895522,2210444056,39185528,0,0,0,0,0,0,0,0,0,622,0),(151526,0,1622,12467,805808,0,0,73,0,0,805808,3465999864,23814024,0,0,0,0,0,0,0,0,0,12,0),(151528,0,8334,1288299,647900,0,65,23,0,0,647900,153252,1852402979,0,0,0,0,0,0,0,0,0,0,729000),(151540,0,6666,25661,2573430,0,1,325,0,0,2573430,753962680,40913480,0,0,0,0,0,0,0,0,0,0,0),(151544,0,6703,202922,2371104,0,9,229,0,0,2371104,2210444056,39187320,0,0,0,0,0,0,67,15,0,0,0),(151581,0,8568,548687,335913,0,35,32,0,0,335913,2210444056,39224952,0,0,0,0,0,0,0,0,0,0,0),(151582,0,26,653,893308,0,0,58,30399,2552,893308,753962680,40102216,0,22,0,0,0,0,103,29,0,0,0),(151584,0,0,0,8595,0,0,1,0,0,8595,153141,1852402979,0,0,0,0,0,0,10,0,0,0,0),(151587,0,14112,12763099,3827572,0,712,154,0,0,3827572,3465999864,23831880,0,0,0,0,0,0,0,0,0,8831,0),(151596,0,240,3270,595128,0,0,49,0,0,595128,150335,1852402979,0,0,0,0,0,0,0,0,0,0,0),(151611,0,72913,9770042,3051123,0,327,105,0,0,3051123,4562390,0,0,0,0,0,0,0,97,82,6010,0,0),(151618,0,207,777,255312,0,0,7,98988,4956,255312,753962680,40921224,0,2,0,0,0,0,253,3,0,0,0),(151625,59,3360,287388,811925,0,24,74,0,0,811925,153132,1598377815,0,0,0,0,0,0,0,0,0,381,0),(151629,195,204,415,110563,0,0,1,0,0,0,0,0,0,0,0,0,0,0,0,0,0,4,0),(151631,9,6149,3022061,1563782,0,222,153,0,0,1563782,2210444056,39191928,0,0,0,0,0,0,0,0,0,2478,0),(151634,0,0,0,38098,0,0,1,0,0,0,0,0,0,0,0,0,0,0,0,0,0,0,0),(151644,0,38253,1349142,380736,0,69,18,0,0,380736,154128,1852402979,0,0,0,28,0,0,0,0,0,0,0),(151646,0,0,0,173477,0,0,14,0,0,0,0,0,0,0,0,0,0,0,0,0,0,0,0),(151666,0,8080,100693,359491,0,3,29,0,0,359491,753962680,40083720,12,30,0,0,0,0,0,0,0,0,0),(151680,0,207,557,779298,0,0,120,0,0,779298,151207,1852402979,0,0,0,0,0,0,0,0,0,0,0),(151685,39,32578,2660988,1607850,0,384,95,0,0,1607850,2210444056,39183672,0,0,0,0,356,14,4,0,0,0,0),(151688,0,536,21660,126880,0,1,8,0,0,126880,2580866696,33365352,0,0,0,0,0,0,0,0,0,62,0),(151696,0,4700,666517,379018,0,14,21,0,0,379018,2580866696,33309672,0,0,0,0,0,0,0,0,0,977,0),(151708,0,9486,2134099,367442,0,161,12,0,0,367442,3951878408,20418376,0,0,0,0,0,0,0,0,0,0,902600),(151712,0,0,0,0,0,0,0,0,0,0,0,0,0,0,0,0,0,0,0,0,0,0,0),(151713,0,4933,516567,223497,0,32,13,0,0,223497,753962680,40070728,0,0,0,0,0,0,0,0,0,0,0),(151725,40,252,2890,592481,0,0,144,0,0,592481,4562102,0,0,0,0,0,0,0,0,32,0,0,0),(151745,0,1936,195704,785291,0,0,79,0,0,785291,4563892,3951878304,0,0,0,0,0,0,3,347,0,0,0),(151746,10,0,0,14062,0,0,4,0,0,0,0,0,0,0,0,0,0,0,0,0,0,0,0),(151747,0,41924,2440412,1138534,0,91,96,0,0,1138534,152398,1852402979,0,0,0,23,0,0,0,0,25,0,0),(151748,0,2020,23778,326212,0,0,25,0,0,326212,151748,2003127843,0,0,0,0,0,0,0,0,0,0,0),(151752,4000,4487,33888,44418,0,2,2,0,0,44418,151497,1852402979,0,0,0,0,0,0,0,0,0,0,0),(151753,1840,405,94525,361784,0,4,53,0,0,361784,0,1852402979,0,0,0,0,0,0,0,0,0,0,0),(151758,0,648,19669,3326967,0,0,238,75423,1814,3326967,2210444056,39179128,0,29,0,0,0,0,287,24,0,0,0),(151780,0,48569,91518,281311,0,2,34,0,0,281311,154251,1229014051,0,0,0,0,0,0,4,0,70,0,0),(151787,0,30610,553617,611050,0,31,30,0,0,611050,153639,1852402979,0,0,0,0,0,0,0,7,510,0,0),(151792,0,0,0,8760,0,0,1,0,0,8760,152020,1852402979,0,3,0,0,0,0,0,0,0,0,0),(151797,0,21798,766541,465809,0,26,47,0,0,465809,153722,1852402979,0,0,0,0,0,0,0,0,0,0,0),(151810,0,571,744,552672,0,1,37,20142,53,552672,4562182,0,0,3,0,0,0,0,150,11,0,0,0),(151814,0,29,29,282318,0,0,22,0,0,282318,151856,1852402979,0,0,0,0,0,0,0,0,0,0,0),(151815,0,826,826,85237,0,0,8,0,0,85237,753962680,38332840,0,1,3,0,0,0,0,0,0,0,0),(151816,0,31923,614594,223492,0,33,1,0,0,223492,4562182,0,0,0,0,5,0,0,0,0,0,0,0),(151832,0,6666,7606,57797,0,0,6,0,0,57797,2210444056,39209656,0,0,0,0,0,0,0,0,0,1,0),(151867,0,9744,107606,820652,0,15,63,0,0,820652,0,0,0,0,0,0,0,0,0,0,0,0,0),(151877,0,0,0,11660,0,0,4,0,0,0,0,0,0,0,0,0,0,0,0,0,0,0,0),(151906,3890,0,0,847599,0,0,76,0,0,0,0,0,0,0,0,0,0,0,0,0,0,0,0),(151914,0,168,168,0,0,0,0,0,0,0,753962680,40106120,0,0,0,0,0,0,10,0,0,0,0),(151937,3979,0,0,674886,0,0,56,0,0,0,0,0,0,0,0,0,0,0,0,0,0,0,0),(151948,0,3869,3939,75852,0,1,6,0,0,75852,4562102,0,0,0,0,0,0,0,0,0,0,0,0),(151953,0,234,469,51439,0,0,7,0,0,51439,2210444056,39207416,0,0,0,0,0,0,0,0,0,0,0),(151976,0,2071,2572,515128,0,0,68,0,0,515128,753962680,40190152,0,0,0,0,0,0,0,0,0,5,0),(151978,0,1,146,0,0,0,0,0,0,0,2580866696,2580866592,0,0,0,0,0,0,0,0,0,0,0),(151985,3990,122386,1255567,240438,0,21,16,0,0,240438,154063,753962576,0,0,0,0,0,0,6,0,530,0,0),(151990,0,34106,1553284,608360,0,71,19,0,0,608360,4563604,753962560,0,0,0,20,0,0,0,0,0,0,0),(151995,0,653,117573,8029,0,7,1,0,0,8029,151758,1852402979,0,0,0,0,0,0,0,39,0,0,0),(151996,0,2185,58907,181053,0,0,2,0,0,181053,4562102,3465999760,0,0,0,0,0,0,0,0,0,0,0),(152004,0,15,35,568009,0,0,59,0,0,568009,152708,1852402979,0,0,0,0,0,0,0,0,0,0,0),(152006,3999,0,0,683050,0,0,131,0,0,683050,753962680,40104328,0,0,0,0,0,0,0,0,0,0,0),(152012,0,6518,985202,806621,0,14,21,0,0,806621,2210444056,39193656,0,0,0,0,0,0,0,0,0,0,0),(152030,0,618,1459,87791,0,1,6,0,0,87791,151514,1852402979,0,5,13,0,0,0,0,0,0,0,0),(152031,5,16188,3964332,1205330,0,179,22,0,0,1205330,753962680,40081224,0,0,0,0,0,0,0,0,0,0,0),(152038,0,52,154,12019,0,0,1,0,0,0,2580866696,2580866592,0,0,0,0,0,0,0,0,0,0,0),(152046,0,0,0,0,0,0,0,0,0,4225728,2210444056,39199992,0,0,0,0,0,0,0,5,0,0,0),(152047,0,43,68,997621,0,0,99,2520,0,997621,153072,1852402979,0,12,0,0,0,0,36,8,0,0,0),(152054,30,6215,107816,45112,0,0,4,0,0,45112,150438,1852402979,0,0,0,0,0,0,0,0,0,0,0),(152064,0,0,0,128047,0,0,18,0,0,0,0,0,0,0,0,0,0,0,0,0,0,0,0),(152082,0,23049,1307220,1186842,0,281,73,0,0,1186842,150224,1147093840,0,90,25,0,0,0,0,0,0,0,0),(152084,0,86321,1548612,449899,0,30,24,0,0,449899,2210444056,39204344,0,0,0,0,0,0,15,2,610,0,0),(152087,0,0,0,0,0,0,0,0,0,0,0,0,0,0,0,0,0,0,0,0,5,0,0),(152093,0,3366,252250,43382,0,11,3,0,0,43382,2580866696,33549976,0,0,0,0,0,0,0,0,0,168,0),(152094,0,434,26296,309966,0,0,29,0,0,309966,150011,1768318575,0,0,0,0,0,0,0,0,0,0,1500),(152096,0,3309,1180487,2551287,0,99,210,0,0,2551287,4562102,753962576,0,0,0,0,0,0,0,0,0,1099,0),(152112,100,186,186,263255,0,0,42,0,0,263255,152444,1852402979,0,0,0,0,0,0,0,0,0,0,0),(152113,0,0,0,86308,0,0,17,0,0,0,0,0,0,0,0,0,0,0,0,0,0,0,0),(152116,0,4750,1941805,478224,0,106,26,0,0,478224,153173,1852402979,0,0,0,0,0,0,0,0,0,3158,0),(152149,0,162,1177,593682,0,0,5,0,0,593682,753962680,40907208,0,0,0,0,0,0,0,0,0,0,0),(152154,0,46,593,132860,0,0,4,0,0,132860,4562182,0,0,0,0,0,0,0,0,0,0,0,0),(152155,0,4210,2698805,1133848,0,147,9,399013,2540,1133848,2210444056,39218616,0,0,0,0,0,0,242,9,0,0,0),(152156,0,102,365,181955,0,0,18,0,0,181955,152721,1852402979,0,0,0,0,0,0,0,0,0,0,0),(152169,0,2549,453818,603835,0,29,20,0,0,603835,153781,1852402979,0,0,0,0,0,0,0,0,0,0,0),(152184,0,1429,31889,13428,0,0,0,0,0,13428,2210444056,39193720,0,0,0,0,0,0,0,0,0,0,0),(152191,0,89695,18033843,4132216,0,769,156,0,0,4132216,153917,1852402979,0,0,0,0,0,0,36,174,13064,0,0),(152211,0,7492,3056768,1159794,0,103,93,0,0,1159794,4562182,0,0,0,0,0,0,0,0,0,0,0,0),(152217,0,0,0,41273,0,0,2,0,0,41273,151243,1852402979,0,0,0,0,0,0,0,0,0,0,0),(152234,0,840,6124,16590,0,1,1,0,0,0,0,0,0,0,0,0,0,0,0,0,0,0,0),(152238,0,0,0,537738,0,0,50,0,0,0,0,0,0,0,0,0,0,0,0,0,0,0,0),(152244,0,0,0,22163,0,0,1,0,0,0,0,0,0,0,0,0,0,0,0,0,0,0,0),(152245,0,0,0,0,0,0,0,0,0,0,0,0,0,0,0,0,0,0,0,0,0,0,0),(152259,0,63,63,105024,0,0,7,0,0,105024,7,753962560,0,0,0,0,0,0,0,0,0,0,0),(152285,0,3297,29449,272699,0,0,15,0,0,272699,4562102,0,0,0,0,0,0,0,9,8,0,0,0),(152290,0,686,55457,54048,0,1,10,0,0,54048,152285,1852402979,0,0,0,0,0,0,10,376,0,0,0),(152294,3894,0,0,101732,0,0,16,0,0,0,0,0,0,0,0,0,0,0,0,0,0,0,0),(152296,0,0,0,217599,0,1,27,0,0,217599,154147,1852402979,0,0,0,0,0,0,0,0,0,0,0),(152305,0,1387,33395,131063,0,0,20,0,0,131063,2580866696,33521176,0,0,0,0,0,0,0,0,0,33,0),(152308,0,7250,2338956,2214504,0,61,86,0,0,2214504,2210444056,39180664,0,0,0,0,0,0,0,0,0,0,0),(152313,0,5635,9877901,4451386,0,580,212,0,0,4451386,152313,1852402979,0,0,0,0,0,0,0,0,0,1008,0),(152316,0,0,0,1222706,0,0,173,0,0,1222706,153563,1147093840,0,0,0,0,0,0,0,0,0,0,0),(152318,3991,0,0,12016,0,0,2,0,0,0,0,0,0,0,0,0,0,0,0,0,0,0,0),(152322,0,52,80,1331768,0,0,250,21264,52183,1331768,753962680,40910664,0,21,0,0,0,0,64,41,0,0,0),(152329,0,3024,53053,924757,0,0,48,0,0,924757,2210444056,39185720,95,98,169,0,0,0,0,0,0,0,0),(152351,0,9727,1547635,1442090,0,87,144,0,0,1442090,153007,1852402979,0,0,0,0,0,0,0,0,0,0,750400),(152353,0,9289,453089,214728,0,10,7,0,0,214728,152501,1852402979,0,0,0,0,0,0,0,0,0,0,0),(152357,0,9450,298109,579966,0,96,39,0,0,579966,2210444032,4084630332,0,14,7,0,0,0,0,0,0,0,0),(152365,128,96,625,397456,0,0,88,0,0,0,0,0,0,0,0,0,0,0,0,0,0,0,0),(152366,0,0,0,41668,0,0,21,0,0,0,0,0,0,0,0,0,0,0,0,0,0,0,0),(152370,0,166,1160,668566,0,0,52,0,0,668566,4562102,0,0,2,0,0,0,0,11,12,0,0,0),(152380,0,4841,3353458,1117706,0,245,18,0,0,1117706,0,0,0,0,0,0,0,0,0,0,0,0,0),(152391,0,0,0,477770,0,0,89,0,0,477770,153661,753962576,0,0,0,0,0,0,0,0,0,0,0),(152392,3894,0,0,70574,0,0,16,0,0,0,0,0,0,0,0,0,0,0,0,0,0,0,0),(152398,0,140,1539,10020,0,0,7,0,0,10020,153264,1852402979,0,0,0,0,0,0,0,11,0,0,0),(152399,0,662,17487,269679,0,0,25,0,0,269679,2580866696,33257768,0,0,0,0,0,0,0,0,0,0,0),(152406,0,0,0,97634,0,0,15,0,0,0,0,0,0,0,0,0,0,0,0,0,0,0,0),(152412,0,8649,481589,383916,0,27,48,0,0,383916,151050,1229014051,0,0,0,0,0,0,1,0,0,0,271500),(152435,0,2233,273913,1060170,0,17,22,0,0,1060170,4562102,0,0,0,0,0,0,0,68,68,0,0,0),(152444,0,125,4359,208619,0,0,27,0,0,208619,4562102,0,0,0,0,0,0,0,0,0,0,0,0),(152449,0,8559,1024179,278904,0,56,13,0,0,278904,152016,1852402979,0,0,0,0,0,0,0,0,0,0,0),(152450,0,3023,775986,315942,0,21,9,0,0,315942,4563604,753962576,0,0,0,0,0,0,0,0,0,658,0),(152458,0,3604,457194,91761,0,19,8,0,0,91761,753962680,38336552,0,0,0,0,0,0,0,0,0,418,0),(152465,0,237,1527,9761,0,0,1,0,0,9761,753962680,40073032,0,0,0,0,0,0,0,0,0,4,0),(152467,0,133,1088,2217834,0,0,155,0,0,2217834,753962680,40125000,0,13,0,0,0,0,22,0,0,0,0),(152468,0,0,0,349146,0,0,64,0,0,0,0,0,0,0,0,0,0,0,0,0,0,0,0),(152471,0,59603,1202170,171902,0,48,4,0,0,171902,151705,1852402979,0,0,0,0,0,0,0,0,640,0,0),(152474,0,0,0,60900,0,0,6,0,0,60900,753962680,40178248,0,0,0,0,0,0,0,0,0,0,0),(152491,0,49083,689320,153806,0,20,6,0,0,153806,2210444056,39209656,0,0,0,0,0,0,0,0,380,0,0),(152500,0,7882,34712,28917,0,1,16,0,0,28917,151115,1852402979,0,0,0,0,5,1,0,0,0,0,0),(152501,0,651,42409,821349,0,3,25,64095,7340,821349,4562182,0,0,17,0,0,0,0,107,33,0,0,0),(152518,0,12096,4772293,966247,0,296,46,0,0,966247,4562182,0,0,0,0,0,0,0,2,126,0,0,0),(152521,0,3919,2056402,1383996,0,23,133,0,0,1383996,154251,2210444032,0,0,0,0,0,0,0,0,0,5294,0),(152551,0,4174,195392,1085374,0,18,56,0,0,1085374,2580866696,2580866592,0,0,0,0,0,0,0,0,32,4477,194),(152552,0,36,1900,2643191,0,398,163,0,0,2643191,4562182,0,0,0,0,0,0,0,2,0,0,0,0),(152561,3824,0,0,0,0,0,0,0,0,0,0,0,0,0,0,0,0,0,0,0,0,0,0),(152564,0,28627,51551,2348,0,3,0,0,0,2348,154000,1852402979,0,0,0,0,0,0,4,0,35,0,0),(152590,0,47728,973172,371702,0,29,26,0,0,371702,150011,1852402979,0,0,0,0,0,0,3,0,725,0,0),(152592,0,5440,781628,357844,0,32,3,0,0,357844,154198,1229014051,0,0,0,0,0,0,0,0,10,0,0),(152609,0,67370,1374863,637541,0,105,56,0,0,637541,4563892,1215993104,0,0,0,0,169,10,0,0,0,0,100000),(152611,0,231,1017,243793,0,1,31,0,0,243793,2580866696,33529240,0,0,0,0,0,0,22,10,0,0,0),(152622,0,2054,283919,669074,0,2,8,0,0,669074,2210444056,39179832,0,0,0,0,0,0,0,0,0,0,0),(152625,0,155,1696,26479,0,0,2,0,0,26479,7,753962560,0,0,0,0,0,0,0,0,0,0,0),(152641,0,9451,189588,29991,0,4,2,0,0,29991,753962680,40196232,0,0,0,0,21,0,0,0,0,0,0),(152643,0,87,3776,1143117,0,1,50,0,0,1143117,154026,753962576,0,0,2,0,0,0,0,0,0,0,0),(152649,0,74,4769,779817,0,1,26,0,0,779817,2580866696,33270312,0,0,0,0,0,0,5,0,0,0,0),(152650,0,5460,2240576,384884,0,127,6,0,0,384884,753962680,40092552,0,0,0,0,0,0,0,0,0,0,0),(152657,36,0,0,135540,0,0,21,0,0,0,0,0,0,0,0,0,0,0,0,0,0,0,0),(152658,0,92,2122,3989392,0,164,419,0,0,3989392,153563,1852402979,0,0,0,0,0,0,0,0,0,0,0),(152660,0,5082,36806,163133,0,10,31,0,0,163133,151349,1852402979,0,0,0,0,0,0,0,0,0,0,0),(152665,0,225,225,70183,0,0,5,0,0,70183,2580866696,33282152,0,0,0,0,0,0,0,0,0,0,0),(152670,0,15993,2084074,997056,0,81,20,0,0,997056,152934,2580866592,0,0,0,0,0,0,0,0,0,0,0),(152671,0,50563,912412,16186,0,38,1,0,0,16186,4563892,3951878304,0,0,0,4,0,0,0,0,0,0,0),(152672,0,58137,86354,42438,0,2,4,0,0,42438,2210444056,39218872,0,0,0,0,0,0,0,0,30,0,0),(152679,0,1736,174335,155761,0,7,0,0,0,155761,150136,1852402979,0,0,0,0,0,0,0,0,0,1,0),(152694,0,6900,4272606,1637210,0,202,123,0,0,1637210,2210444056,39194232,0,0,0,0,0,0,0,0,0,4687,0),(152703,0,1225,28633,154911,0,0,16,0,0,154911,2210444056,39179320,0,0,0,0,0,0,0,0,0,0,0),(152708,0,43689,838168,889576,0,33,16,0,0,889576,4084477356,4084477356,0,0,0,0,0,0,23,5,630,0,0),(152711,0,1400,67912,533849,0,1,34,0,0,533849,4562070,0,0,0,0,0,0,0,1,297,0,0,0),(152713,0,511,18853,63047,0,0,3,0,0,63047,0,0,0,0,0,0,0,0,0,0,0,0,0),(152714,0,10899,158301,180272,0,9,34,0,0,180272,150816,1852402979,1,0,0,0,0,0,0,0,0,0,0),(152715,0,0,0,40749,0,0,5,0,0,0,0,0,0,0,0,0,0,0,0,0,0,0,0),(152720,0,5712,157586,450952,0,5,21,2328,4681,450952,2210444056,39201016,0,0,0,0,0,0,2,4,0,0,0),(152733,0,3926,209050,46016,0,2,0,0,0,46016,3465999864,23843592,0,0,0,0,0,0,0,0,0,0,0),(152736,0,89,969,80848,0,0,3,0,0,80848,4562102,0,0,0,0,0,0,0,32,16,0,0,0),(152747,0,42,343,1048588,0,67,150,0,0,1048588,151294,1852402979,0,0,0,0,0,0,0,0,0,0,0),(152756,0,0,0,0,0,0,0,0,0,164172,0,1852402979,0,0,0,0,0,0,0,0,0,0,0),(152759,0,4000,1190742,416396,0,57,27,0,0,416396,151294,1852402979,0,0,0,0,0,0,0,0,0,0,0),(152763,0,46799,557103,157608,0,14,9,0,0,157608,2210444056,39181560,0,0,0,0,0,0,0,0,295,0,0),(152782,0,2855,322455,358964,0,12,15,147016,0,358964,4562102,0,0,0,0,0,0,0,86,3,0,0,0),(152783,0,0,0,135878,0,0,25,0,0,135878,153227,1852402979,0,0,0,0,0,0,0,0,0,0,0),(152784,0,0,0,244438,0,0,39,0,0,0,0,0,0,0,0,0,0,0,0,0,0,0,0),(152788,0,180,419,237351,0,0,33,0,0,237351,753962680,40084872,0,0,0,0,0,0,0,0,0,0,0),(152808,0,4850,1815882,314800,0,92,26,0,0,314800,3465999864,23861128,0,0,0,0,0,0,0,0,0,1697,0),(152811,249,0,0,13104,0,0,1,0,0,13104,4562102,0,0,0,0,0,0,0,0,0,0,0,0),(152812,0,5628,9688420,4837741,0,667,91,313261,135452,4837741,3951878408,20419592,0,0,0,0,0,0,381,155,0,0,0),(152819,0,0,0,0,0,0,0,0,0,3465999824,0,0,0,0,0,0,0,0,0,0,0,0,0),(152823,0,28541,1105990,123446,0,54,9,0,0,123446,151934,1852402979,0,0,0,0,0,0,0,0,0,0,0),(152826,0,17483,59943,154325,0,3,15,0,0,154325,4562102,0,0,0,0,0,0,0,1,0,285,0,0),(152830,0,17953,268213,91554,0,21,15,0,0,91554,7,753962576,0,0,0,0,59,6,0,0,0,0,0),(152832,0,520,2972,343128,0,1,39,1484,6897,343128,2210444056,39182968,0,3,0,0,0,0,4,6,0,0,0),(152833,3944,0,0,0,0,0,0,0,0,4225760,753962680,40194696,0,0,0,0,0,0,0,0,0,0,0),(152839,0,1295,17244,45501,0,0,4,0,0,45501,4562182,0,0,0,0,0,0,0,0,0,0,0,0),(152840,0,0,0,721111,0,0,83,0,0,721111,2210444056,39181368,0,0,0,0,0,0,0,0,0,0,0),(152841,0,31215,495169,23175,0,31,0,0,0,23175,153158,1852402979,0,0,0,0,0,0,2,0,415,0,0),(152876,0,50796,3067532,426174,0,108,15,0,0,426174,153127,1852402979,0,0,0,0,0,0,20,9,1747,0,0),(152882,3845,0,0,1369596,0,0,125,0,0,1369596,154121,1852402979,0,0,0,0,0,0,0,0,0,0,0),(152884,0,1000,4707,2025707,0,1,228,0,0,2025707,753962680,753962576,0,0,0,0,0,0,0,0,0,183,0),(152885,0,0,0,84895,0,0,4,0,0,84895,2210444056,39194232,0,0,0,0,0,0,0,0,0,0,0),(152889,0,46650,1137900,55764,0,54,2,0,0,55764,753962680,40092552,0,0,0,0,183,26,0,0,0,0,0),(152890,3852,0,0,582836,0,0,98,0,0,582836,153681,1852402979,0,1,1,0,0,0,0,0,0,0,0),(152895,3748,0,0,0,0,0,0,0,0,0,0,0,0,0,0,0,0,0,0,0,0,0,0),(152896,3852,0,0,1124658,0,0,70,0,0,0,0,0,0,0,0,0,0,0,0,0,0,0,0),(152897,0,0,0,66687,0,0,18,0,0,0,0,0,0,0,0,0,0,0,0,0,0,0,0),(152900,0,0,0,30410,0,0,5,0,0,0,0,0,0,0,0,0,0,0,0,0,0,0,0),(152905,0,30212,167034,65922,0,8,7,0,0,65922,151654,1852402979,0,0,0,0,0,0,1,1,145,0,0),(152907,83,1386,724122,486794,0,56,16,0,0,486794,2210444056,39183672,0,0,0,0,0,0,0,18,0,0,0),(152912,0,53488,3841887,663663,0,112,8,0,0,663663,2210444056,39221368,0,0,0,0,0,0,0,0,1406,0,0),(152924,11,159,358,15252,0,0,4,0,0,15252,150072,753962576,0,0,0,0,0,0,0,0,0,0,0),(152926,0,54139,2905117,1829413,0,145,21,0,0,1829413,153661,1381188946,0,0,0,0,0,0,4,41,2195,0,0),(152934,0,2233,60155,135252,0,6,17,0,0,135252,4562182,0,0,0,0,0,0,0,0,0,0,372,25),(152966,0,0,0,107800,0,0,12,0,0,0,0,0,0,0,0,0,0,0,0,0,0,0,0),(152970,0,0,0,50656,0,0,1,0,0,0,0,0,0,0,0,0,0,0,0,0,0,0,0),(152986,0,4676,2268517,246137,0,111,9,0,0,246137,151978,1852402979,0,0,0,0,0,0,0,0,0,1420,0),(153002,3996,121,242,715448,0,0,60,0,0,715448,154044,1852402979,46,9,2,0,0,0,0,0,0,0,0),(153004,0,35781,168428,52024,0,7,4,0,0,52024,152440,1229014051,0,0,0,0,0,0,1,0,135,0,0),(153005,0,748,24086,277489,0,0,31,0,0,277489,154133,1852402979,0,0,0,0,0,0,0,0,0,71,0),(153011,3897,0,0,18641,0,0,2,0,0,0,0,0,0,0,0,0,0,0,0,0,0,0,0),(153015,0,3529,480373,234808,0,25,39,0,0,234808,153736,1634038369,0,0,0,0,0,0,0,0,0,307,0),(153019,0,1820,12967,40794,0,1,1,0,0,40794,154147,1095520291,0,0,0,0,0,0,0,0,0,0,0),(153021,0,49,431,241908,0,0,29,0,0,241908,4563604,3465999760,0,0,0,0,0,0,0,0,0,0,5000),(153050,0,11158,394207,2241,0,31,0,0,0,2241,150233,1852402979,0,0,0,0,0,0,0,0,0,0,0),(153060,0,16,112,677826,0,0,50,0,0,0,0,0,0,0,0,0,0,0,0,0,0,0,0),(153063,0,3616,98129,106002,0,8,0,0,0,106002,2210444056,37370408,0,0,0,0,0,0,0,0,0,0,0),(153072,0,380,6806,71278,0,0,12,0,0,71278,753962680,40193480,0,0,0,0,0,0,0,0,0,0,0),(153089,0,2229,136498,104396,0,0,1,0,0,104396,151810,1852402979,0,0,0,0,0,0,2,1,0,0,0),(153090,0,6691,35133,1162218,0,128,56,0,0,1162218,753962680,40106120,0,0,0,0,0,0,0,0,0,0,0),(153101,0,64614,169617,149918,0,4,10,0,0,149918,2210444056,39194104,0,0,0,0,0,0,26,0,150,0,0),(153117,0,10195,21218,194240,0,0,8,33361,0,194240,153891,1634038369,0,46,0,0,0,0,54,12,0,0,0),(153127,0,1413,375248,454646,0,2,24,0,0,454646,753962680,40905544,0,0,0,0,0,0,0,0,0,0,0),(153130,0,0,0,161202,0,0,12,0,0,161202,2210444056,39212920,0,0,0,0,0,0,0,0,15,0,0),(153133,0,5588,835758,213161,0,74,13,0,0,213161,4084477356,4084477356,0,0,0,0,0,0,0,0,0,402,0),(153138,0,5736,1192450,413986,0,103,30,0,0,413986,2210444056,2210443952,0,0,0,0,0,0,0,0,0,344,0),(153143,0,1551,20848,23761,0,2,2,0,0,23761,4562182,2210443952,0,0,0,0,0,0,15,8,0,0,0),(153158,0,242,1114,448396,0,0,42,0,0,448396,753962680,40199560,0,0,0,0,0,0,0,0,0,0,0),(153163,0,4468,275131,140563,0,14,14,0,0,140563,4562182,0,0,0,0,0,0,0,0,0,0,0,0),(153173,0,23,390,431514,0,1,4,0,0,431514,150110,1229014051,0,0,0,0,0,0,0,0,0,0,0),(153178,0,2062,95701,124765,0,4,8,0,0,124765,152805,1852402979,0,0,0,0,0,0,0,0,0,218,0),(153179,0,62418,265247,296464,0,6,20,0,0,296464,2210444056,39181560,0,0,0,0,0,0,2,1,145,0,0),(153183,0,48,933,161165,0,0,10,0,0,0,0,0,0,0,0,0,0,0,0,0,0,0,0),(153198,0,17194,276435,162546,0,113,8,0,0,162546,4562390,0,0,0,0,0,0,0,0,0,0,0,0),(153226,0,5449,3460374,809663,0,205,18,0,0,809663,4562102,0,0,0,0,0,0,0,0,0,0,2132,0),(153227,0,128650,7101609,900018,0,154,37,0,0,900018,2210444056,39179832,0,0,0,0,0,0,5,11,3150,0,0),(153234,0,76337,505274,283247,0,9,21,0,0,283247,2210444056,39183800,0,0,0,0,0,0,0,0,340,0,0),(153240,0,0,0,154476,0,0,11,0,0,154476,150572,1852402979,0,0,0,0,0,0,0,0,0,0,0),(153252,0,0,0,0,0,0,0,0,0,753962560,154062,1852402979,0,0,0,0,0,0,0,0,0,0,0),(153264,0,634,8323,154233,0,1,12,0,0,154233,153740,1852402979,0,0,0,0,0,0,0,0,0,0,0),(153271,0,15758,54985,54278,0,28,4,0,0,54278,2210444056,39186616,0,6,0,0,0,0,0,0,0,0,0),(153282,0,0,0,198603,0,0,32,0,0,198603,2210444056,39181560,0,0,0,0,0,0,0,0,0,0,0),(153296,0,21456,758215,206638,0,32,24,0,0,206638,2210444056,39219768,0,0,0,0,0,0,1,2,759,0,0),(153310,0,2872,89076,272738,0,1,24,0,0,272738,153996,1852402979,0,0,0,0,0,0,0,0,0,132,0),(153326,0,27006,772921,475766,0,28,66,0,0,475766,2210444056,39194232,0,0,0,17,0,0,0,0,0,0,0),(153343,0,0,0,2835,0,0,1,0,0,2835,2210444056,39181560,0,0,0,0,0,0,0,2,0,0,0),(153357,0,892,49568,220365,0,4,21,0,0,220365,4562182,0,0,0,0,0,0,0,2,0,0,0,54000),(153394,3982,0,0,22342,0,0,10,0,0,0,0,0,0,0,0,0,0,0,0,0,0,0,0),(153400,0,0,0,0,0,0,5,0,0,0,0,0,0,0,0,0,0,0,0,0,0,0,0),(153439,0,35781,567602,166314,0,28,5,0,0,166314,150110,2210443952,0,0,0,0,0,0,0,2,604,0,0),(153483,0,43580,143147,11346,0,4,2,0,0,11346,153163,1852402979,0,0,0,0,0,0,0,0,85,0,0),(153525,0,0,0,83270,0,0,30,0,0,0,0,0,0,0,0,0,0,0,0,0,0,0,0),(153527,0,13671,275908,93549,0,19,3,0,0,93549,4562182,0,1,11,7,0,0,0,0,0,0,0,0),(153533,0,1542,44649,279371,0,1,12,0,0,279371,152038,1852402979,0,0,0,0,0,0,0,0,0,0,0),(153554,0,86,357,13915,0,1,1,0,0,13915,152812,1852402979,0,0,0,0,0,0,18,0,0,0,0),(153637,0,81585,423668,43343,0,6,2,0,0,43343,151780,1852402979,0,0,0,0,0,0,0,0,80,0,0),(153639,0,5399,543465,1416667,0,39,9,0,0,1416667,2210444056,39194232,0,0,0,0,0,0,0,0,0,0,0),(153653,100,0,0,396093,0,0,63,0,0,396093,4563604,753962576,0,0,0,0,0,0,0,0,0,0,0),(153655,0,6948,64423,442637,0,1,41,0,0,442637,4562182,0,0,0,0,0,0,0,0,5,138,0,0),(153660,0,503,1009,172526,0,0,18,0,0,172526,151835,1852402979,0,0,0,0,0,0,0,0,0,0,0),(153661,0,76,242,83415,0,0,7,0,0,83415,2210444056,39181496,10,2,9,0,0,0,0,0,0,0,0),(153664,0,9,38,141949,0,0,5,0,0,141949,753962680,40079112,0,0,0,0,0,0,0,0,0,0,0),(153673,0,14623,284530,70707,0,23,3,0,0,70707,753962680,40904840,0,0,0,0,109,0,0,0,0,0,0),(153674,0,11138,22369,95280,0,1,7,0,0,95280,150422,1634038369,0,0,0,0,2,0,0,0,0,0,0),(153681,0,587,4991,283549,0,0,33,0,0,283549,2210444056,39195256,0,0,0,0,0,0,0,0,0,0,0),(153697,0,0,0,0,0,0,0,0,0,0,0,0,1,0,2,0,0,0,0,0,0,0,0),(153705,0,4806,1904837,689032,0,121,37,0,0,689032,152890,1852402979,0,0,0,0,0,0,0,0,0,851,0),(153716,0,0,0,0,0,0,0,0,0,0,0,0,0,0,0,0,0,0,0,0,0,0,0),(153718,0,814,100756,80594,0,0,3,0,0,80594,753962680,40140104,0,0,0,0,0,0,0,10,0,0,0),(153722,0,10961,26129,30279,0,24,4,0,0,30279,153722,1701668174,0,0,0,0,0,0,0,0,0,0,0),(153736,0,0,0,322458,0,0,28,0,0,0,0,0,0,0,0,0,0,0,0,0,0,0,0),(153740,0,1,1,86063,0,44,21,0,0,86063,2210444056,39232376,0,0,0,0,0,0,0,0,0,0,0),(153743,0,23655,1174380,145400,0,54,4,0,0,145400,153743,1852402979,0,0,0,0,147,7,6,0,0,0,0),(153750,0,1195,3045,105423,0,1,3,0,0,105423,154314,1852402979,0,0,0,0,0,0,0,0,0,0,0),(153779,0,4237,33562,96841,0,3,17,0,0,96841,153779,2210443952,0,0,0,0,0,0,50,8,0,0,0),(153780,0,3424,504996,566040,0,6,3,0,0,566040,2210444056,39194232,0,0,0,0,0,0,0,0,0,0,0),(153795,3898,0,0,0,0,0,0,0,0,0,0,0,0,0,0,0,0,0,0,0,0,0,0),(153866,0,721,112053,339762,0,1,28,0,0,339762,152895,1852402979,0,0,0,0,0,0,0,0,0,594,0),(153873,0,0,0,7840,0,0,1,0,0,0,0,0,0,0,0,0,0,0,0,0,0,0,0),(153881,0,3565,2443614,462840,0,109,22,0,0,462840,152708,1852402979,0,0,0,0,0,0,0,0,0,2371,0),(153915,0,11659,57633,0,0,5,0,0,0,0,753962680,40097416,0,0,0,0,0,0,0,0,65,0,0),(153917,0,1580,290492,172156,0,19,0,0,0,172156,4562390,0,0,0,0,0,0,0,0,0,0,0,0),(153918,0,1740,38977,269482,0,1,10,0,0,269482,2210444056,39187832,0,0,0,0,0,0,0,0,0,0,0),(153923,0,8684,160403,25273,0,9,7,0,0,25273,151835,1852402979,0,0,0,0,0,0,0,0,0,0,0),(153932,0,1027,110377,52032,0,10,0,0,0,52032,4562102,0,0,0,0,0,0,0,0,0,0,0,0),(153933,0,10432,65218,9886,0,1,1,0,0,9886,3951878408,20423496,0,0,0,0,0,0,0,0,0,0,0),(153961,0,24271,253452,120435,0,12,4,0,0,120435,150110,1852402979,0,0,0,0,0,0,0,0,0,0,0),(153999,0,18926,163427,79721,0,7,7,0,0,79721,151059,1634038369,0,0,0,0,0,0,0,0,0,0,0),(154000,0,5115,4387992,1378164,0,252,22,0,0,1378164,2210444056,39179128,0,0,0,0,0,0,0,0,0,0,3080500),(154008,0,20619,532904,91130,0,18,6,0,0,91130,753962680,40081224,0,0,0,11,0,0,0,0,0,0,0),(154011,0,3297,372995,221242,0,24,0,0,4789,221242,2210444056,39187128,0,0,0,0,0,0,0,7,0,0,0),(154016,0,2845,323064,515703,0,0,5,0,0,515703,2210444056,39185592,0,0,0,0,0,0,0,0,0,0,0),(154024,0,3807,433822,35331,0,24,3,0,0,35331,753962680,40909256,0,0,0,0,0,0,0,0,0,345,0),(154030,0,1228,33367,0,0,0,0,0,0,0,0,0,0,0,0,0,0,0,0,0,0,0,0),(154040,0,184,184,5233,0,0,0,0,0,0,0,0,0,0,0,0,0,0,0,0,0,0,0),(154044,0,3759,120891,207349,0,14,4,0,0,207349,2210444056,39181560,0,0,0,0,0,0,0,0,0,0,0),(154095,0,3268,650007,178883,0,43,3,0,0,178883,2210444056,2210443952,0,0,0,0,0,0,0,0,0,579,0);

--
-- Table structure for table `eBG_boss`
--

CREATE TABLE `eBG_boss` (
  `char_id` int(11) NOT NULL,
  `wins` int(11) NOT NULL DEFAULT '0',
  `loss` int(11) NOT NULL DEFAULT '0',
  `tie` int(11) NOT NULL DEFAULT '0',
  `flag` int(11) NOT NULL DEFAULT '0',
  `killed` int(11) NOT NULL DEFAULT '0',
  PRIMARY KEY (`char_id`)
) ENGINE=InnoDB DEFAULT CHARSET=latin1;

--
-- Dumping data for table `eBG_boss`
--


--
-- Table structure for table `eBG_conq`
--

CREATE TABLE `eBG_conq` (
  `char_id` int(11) NOT NULL,
  `wins` int(11) NOT NULL DEFAULT '0',
  `loss` int(11) NOT NULL DEFAULT '0',
  `emperium` int(11) NOT NULL DEFAULT '0',
  `barricade` int(11) NOT NULL DEFAULT '0',
  `guardian` int(11) NOT NULL DEFAULT '0',
  PRIMARY KEY (`char_id`)
) ENGINE=InnoDB DEFAULT CHARSET=latin1;

--
-- Dumping data for table `eBG_conq`
--

INSERT INTO `eBG_conq` VALUES (150009,2,0,0,0,0),(150014,1,1,0,0,0),(150022,8,1,0,0,0),(150087,0,1,0,0,0),(150089,1,1,0,0,1),(150107,4,6,0,0,0),(150126,1,1,1,0,1),(150151,1,0,0,0,0),(150166,13,11,0,4,1),(150184,2,1,0,0,0),(150185,1,1,0,0,0),(150195,1,3,0,0,2),(150202,1,0,0,0,0),(150222,1,0,0,0,0),(150250,0,1,0,0,0),(150261,2,0,0,0,0),(150264,15,11,0,0,0),(150325,3,3,0,0,0),(150329,0,1,0,0,2),(150334,3,0,0,0,0),(150418,0,2,0,16,0),(150421,8,11,3,7,3),(150556,1,2,0,0,0),(150587,1,0,0,0,0),(150597,0,1,0,0,0),(150603,9,12,0,2,0),(150703,6,3,0,0,0),(150739,4,6,0,2,0),(150740,1,0,0,0,0),(150746,1,0,0,0,0),(150757,18,17,0,51,6),(150759,3,6,0,1,2),(150772,8,9,0,0,0),(150775,1,0,0,0,0),(150781,0,1,0,0,0),(150843,2,0,0,0,0),(150845,4,5,0,0,0),(150848,2,4,0,0,0),(150857,1,0,0,0,0),(150861,2,0,0,0,0),(150863,6,2,0,1,2),(150864,12,4,0,0,0),(150867,1,1,0,1,0),(150883,20,7,0,0,0),(150902,2,3,0,0,1),(150912,1,0,0,0,0),(150916,3,2,0,12,0),(150922,3,3,0,0,1),(150963,0,1,0,0,0),(150964,14,11,0,0,0),(150966,1,2,0,6,1),(150998,1,0,0,0,0),(151018,2,4,0,7,0),(151021,7,10,0,0,0),(151024,6,4,1,6,1),(151049,3,1,0,4,0),(151074,7,7,0,31,5),(151083,4,5,0,15,0),(151089,3,2,0,4,3),(151092,6,7,0,0,0),(151095,0,1,0,0,0),(151102,0,1,0,0,0),(151103,4,0,0,0,0),(151115,3,1,0,0,0),(151119,3,4,1,5,2),(151147,0,1,0,0,0),(151159,2,1,0,0,0),(151168,4,1,1,24,5),(151209,0,1,0,0,0),(151224,0,1,0,0,0),(151234,1,4,0,0,0),(151246,11,11,0,6,1),(151267,14,14,0,0,0),(151316,1,0,0,0,0),(151321,3,1,0,0,0),(151339,0,1,0,0,0),(151340,3,3,0,0,0),(151342,8,6,0,0,0),(151346,3,2,0,0,0),(151348,2,3,0,0,0),(151365,15,12,0,0,0),(151371,0,1,0,0,0),(151377,0,1,0,0,0),(151381,2,4,0,0,0),(151382,5,3,0,0,0),(151440,1,0,0,0,1),(151450,0,1,0,0,0),(151464,0,1,0,0,0),(151474,1,0,0,0,1),(151477,3,2,0,14,2),(151478,0,1,0,0,0),(151481,2,4,0,0,0),(151495,0,1,0,0,2),(151497,1,1,0,0,0),(151526,0,2,0,0,0),(151528,3,0,0,0,0),(151540,8,6,0,0,0),(151544,13,13,0,0,0),(151582,5,4,0,0,0),(151587,12,12,1,16,2),(151596,3,1,0,0,0),(151611,11,11,0,0,0),(151618,0,2,0,0,0),(151625,2,5,0,1,0),(151629,0,1,0,0,0),(151631,12,10,3,24,3),(151634,1,2,0,0,0),(151644,1,1,0,4,0),(151646,1,1,0,0,0),(151666,0,3,0,0,0),(151680,3,2,0,0,0),(151685,7,5,0,0,0),(151688,0,1,0,0,0),(151696,0,1,0,5,0),(151708,1,0,0,0,0),(151712,1,0,0,0,0),(151713,1,1,0,5,1),(151745,6,9,0,10,0),(151747,0,1,0,0,0),(151748,1,1,0,0,0),(151752,0,3,0,0,0),(151753,6,4,0,0,0),(151758,6,12,0,0,0),(151780,5,1,0,0,0),(151787,1,1,0,0,0),(151792,1,0,0,0,0),(151797,3,3,0,0,0),(151810,1,0,0,0,0),(151814,4,2,0,0,0),(151867,2,4,0,0,0),(151906,4,13,0,0,0),(151937,2,2,0,0,0),(151948,2,1,0,1,0),(151976,0,1,0,0,0),(151978,0,2,0,0,0),(151985,1,1,0,1,3),(151990,1,1,0,5,0),(151995,1,0,0,0,0),(151996,1,0,0,0,0),(152004,1,4,0,0,0),(152006,12,10,0,0,0),(152012,0,1,0,0,0),(152031,6,0,0,5,6),(152038,2,1,0,1,0),(152047,8,4,0,0,0),(152054,1,0,0,0,0),(152064,2,1,0,0,0),(152082,3,5,0,3,2),(152084,2,0,0,0,0),(152093,2,0,0,0,0),(152094,0,1,0,0,0),(152096,5,4,0,0,0),(152113,0,1,0,0,0),(152149,1,0,0,0,0),(152155,4,2,0,4,4),(152156,2,0,0,0,0),(152169,4,3,0,0,0),(152174,1,0,0,0,0),(152191,7,13,2,9,6),(152211,4,6,0,0,0),(152217,0,1,0,0,0),(152245,0,2,0,0,0),(152285,0,1,0,0,0),(152290,1,1,0,0,0),(152294,1,2,0,0,0),(152305,0,3,0,0,0),(152308,6,2,0,0,1),(152313,9,6,0,0,1),(152316,2,0,0,0,0),(152329,4,3,0,3,0),(152351,2,1,0,0,0),(152353,3,0,0,0,0),(152357,2,1,0,9,0),(152365,2,6,0,0,0),(152370,1,1,0,0,0),(152380,3,5,0,0,1),(152391,3,1,0,0,0),(152392,1,3,0,0,0),(152398,0,1,0,0,0),(152399,1,2,0,0,0),(152412,1,2,0,0,1),(152449,0,1,0,0,0),(152458,1,4,0,0,2),(152467,0,2,0,0,0),(152471,1,0,0,0,0),(152491,0,1,0,0,0),(152518,0,1,0,0,0),(152551,0,2,0,0,0),(152552,7,4,0,1,0),(152561,1,0,0,0,0),(152590,3,3,0,0,0),(152592,0,2,0,0,1),(152609,1,1,0,0,0),(152611,1,0,0,0,0),(152622,1,0,0,0,0),(152643,4,2,0,4,0),(152649,2,3,0,0,0),(152650,1,0,0,0,0),(152657,4,4,0,0,0),(152658,21,13,1,0,0),(152665,3,0,0,0,0),(152670,1,2,0,0,0),(152679,0,1,0,0,0),(152703,2,3,0,5,0),(152708,1,2,0,0,0),(152711,3,9,0,0,0),(152713,2,0,0,0,0),(152714,1,1,0,0,0),(152720,0,1,0,0,0),(152736,1,0,0,0,0),(152756,0,1,0,0,0),(152759,3,3,0,11,1),(152763,2,0,0,0,0),(152783,1,1,0,0,0),(152808,2,1,0,0,1),(152812,8,5,0,0,0),(152823,3,1,0,0,0),(152832,0,1,0,0,0),(152876,2,0,0,1,2),(152882,9,13,0,0,0),(152884,0,3,0,0,0),(152885,1,0,0,0,0),(152890,9,13,0,0,0),(152896,11,11,0,0,0),(152897,1,1,0,0,0),(152900,0,1,0,0,0),(152905,0,1,0,0,0),(152907,3,2,0,0,0),(152924,0,1,0,0,0),(152926,3,1,0,0,0),(152934,1,0,0,0,0),(153002,2,0,0,0,0),(153004,0,1,0,0,0),(153005,2,0,0,0,0),(153021,2,3,0,0,0),(153050,1,0,0,9,0);

--
-- Table structure for table `eBG_ctf`
--

CREATE TABLE `eBG_ctf` (
  `char_id` int(11) NOT NULL,
  `wins` int(11) NOT NULL DEFAULT '0',
  `loss` int(11) NOT NULL DEFAULT '0',
  `tie` int(11) NOT NULL DEFAULT '0',
  `taken` int(11) NOT NULL DEFAULT '0',
  `onhand` int(11) NOT NULL DEFAULT '0',
  `drops` int(11) NOT NULL DEFAULT '0',
  PRIMARY KEY (`char_id`)
) ENGINE=InnoDB DEFAULT CHARSET=latin1;

--
-- Dumping data for table `eBG_ctf`
--


--
-- Table structure for table `eBG_dom`
--

CREATE TABLE `eBG_dom` (
  `char_id` int(11) NOT NULL,
  `wins` int(11) NOT NULL DEFAULT '0',
  `loss` int(11) NOT NULL DEFAULT '0',
  `tie` int(11) NOT NULL DEFAULT '0',
  `off_kill` int(11) NOT NULL DEFAULT '0',
  `def_kill` int(11) NOT NULL DEFAULT '0',
  `bases` int(11) NOT NULL DEFAULT '0',
  PRIMARY KEY (`char_id`)
) ENGINE=InnoDB DEFAULT CHARSET=latin1;

--
-- Dumping data for table `eBG_dom`
--


--
-- Table structure for table `eBG_eos`
--

CREATE TABLE `eBG_eos` (
  `char_id` int(11) NOT NULL,
  `wins` int(11) NOT NULL DEFAULT '0',
  `loss` int(11) NOT NULL DEFAULT '0',
  `tie` int(11) NOT NULL DEFAULT '0',
  `flags` int(11) NOT NULL DEFAULT '0',
  `bases` int(11) NOT NULL DEFAULT '0',
  PRIMARY KEY (`char_id`)
) ENGINE=InnoDB DEFAULT CHARSET=latin1;

--
-- Dumping data for table `eBG_eos`
--


--
-- Table structure for table `eBG_leader`
--

CREATE TABLE `eBG_leader` (
  `char_id` int(11) NOT NULL,
  `wins` int(11) NOT NULL DEFAULT '0',
  `loss` int(11) NOT NULL DEFAULT '0',
  `tie` int(11) NOT NULL DEFAULT '0',
  PRIMARY KEY (`char_id`)
) ENGINE=InnoDB DEFAULT CHARSET=latin1;

--
-- Dumping data for table `eBG_leader`
--

INSERT INTO `eBG_leader` VALUES (150014,1,1,0),(150022,5,1,2),(150107,6,4,3),(150111,0,2,0),(150126,14,2,1),(150137,3,1,0),(150151,1,0,0),(150166,1,2,0),(150184,1,1,1),(150195,0,1,1),(150202,1,1,0),(150261,1,1,0),(150264,0,2,0),(150334,2,0,0),(150421,2,2,1),(150458,0,1,0),(150522,2,2,0),(150556,0,1,0),(150558,0,0,1),(150597,1,4,0),(150603,3,4,1),(150657,1,4,0),(150658,2,0,1),(150659,1,2,0),(150660,0,1,0),(150661,1,1,0),(150673,0,1,0),(150679,0,1,1),(150703,1,1,0),(150739,3,1,0),(150740,5,6,0),(150757,9,17,2),(150759,0,3,0),(150760,0,2,0),(150761,6,8,1),(150772,2,2,0),(150775,0,0,1),(150781,0,1,0),(150827,2,1,1),(150844,0,1,0),(150845,1,1,0),(150848,1,1,0),(150857,2,0,0),(150863,2,0,0),(150864,2,3,0),(150867,1,0,0),(150883,18,13,4),(150902,1,4,0),(150922,0,1,0),(150939,1,0,0),(150964,8,2,2),(151021,0,1,0),(151074,1,0,0),(151082,2,1,0),(151083,1,1,0),(151089,2,1,0),(151092,2,2,1),(151103,1,0,0),(151110,1,0,0),(151115,1,1,0),(151119,5,5,0),(151147,0,1,0),(151207,1,0,0),(151224,0,1,0),(151234,0,1,0),(151243,1,4,0),(151246,0,2,0),(151267,2,3,1),(151287,8,6,0),(151321,0,1,0),(151342,3,4,0),(151346,1,1,0),(151349,1,0,0),(151365,2,0,0),(151381,0,6,1),(151382,3,1,0),(151440,0,0,1),(151464,0,1,0),(151486,0,0,1),(151494,1,0,0),(151495,0,1,0),(151497,0,1,0),(151540,5,5,0),(151544,2,3,1),(151581,0,2,1),(151582,2,0,0),(151587,2,0,0),(151611,9,11,2),(151618,1,1,0),(151631,2,1,0),(151634,1,0,0),(151644,2,0,0),(151685,5,9,1),(151708,1,0,0),(151713,0,0,1),(151725,0,1,0),(151745,1,3,0),(151747,2,3,0),(151752,0,1,0),(151753,0,2,0),(151758,1,2,1),(151787,2,1,0),(151797,1,1,0),(151810,1,0,0),(151814,1,0,0),(151816,1,0,0),(151867,1,2,0),(151906,2,5,2),(151937,1,0,0),(151976,1,1,0),(151985,1,0,0),(152004,1,1,1),(152006,5,3,0),(152031,1,1,0),(152038,1,0,0),(152094,0,1,1),(152096,1,4,0),(152113,0,0,1),(152191,1,3,0),(152211,3,1,1),(152245,1,1,0),(152294,0,2,0),(152296,0,1,0),(152308,1,0,0),(152313,4,4,1),(152316,0,0,1),(152322,2,5,0),(152351,3,3,0),(152353,1,0,0),(152370,3,3,0),(152380,0,1,0),(152391,1,0,0),(152399,0,1,0),(152412,0,1,0),(152444,0,1,1),(152450,0,1,0),(152458,1,0,0),(152467,6,5,1),(152471,1,0,0),(152501,0,1,1),(152518,2,0,0),(152521,5,3,0),(152551,0,0,1),(152552,1,1,0),(152590,0,1,0),(152609,0,2,0),(152611,2,0,0),(152643,4,3,1),(152650,1,0,0),(152657,1,0,0),(152658,22,13,1),(152679,0,0,1),(152694,4,11,1),(152708,1,1,0),(152711,0,2,0),(152759,1,0,0),(152782,2,1,0),(152812,8,10,4),(152826,2,3,0),(152840,1,1,0),(152884,5,2,0),(152885,2,0,0),(152890,2,3,0),(152912,1,0,1),(152926,3,0,0),(152934,0,1,0),(153002,0,2,0),(153015,1,0,1),(153021,1,1,0),(153060,0,1,0),(153063,0,0,2),(153090,0,1,0),(153117,1,1,0),(153127,2,0,0),(153158,1,0,0),(153198,0,0,1),(153226,0,1,0),(153227,3,0,0),(153264,1,0,0),(153282,1,0,0),(153310,0,1,0),(153326,2,3,0),(153394,1,0,0),(153525,1,2,0),(153637,1,0,0),(153639,3,1,0),(153660,1,1,0),(153681,1,0,0),(153705,0,1,0),(153736,0,1,0),(153740,0,2,0),(153743,2,0,1),(153780,2,2,0),(153881,4,2,0),(153961,0,1,0),(154000,4,4,1),(154008,1,0,0),(154016,0,1,0);

--
-- Table structure for table `eBG_main`
--

CREATE TABLE `eBG_main` (
  `char_id` int(11) NOT NULL,
  `wins` int(11) NOT NULL DEFAULT '0',
  `loss` int(11) NOT NULL DEFAULT '0',
  `tie` int(11) NOT NULL DEFAULT '0',
  `points` int(11) NOT NULL DEFAULT '0',
  `rank_points` int(11) NOT NULL DEFAULT '0',
  `rank_games` int(11) NOT NULL DEFAULT '0',
  `total_rank_games` int(11) NOT NULL DEFAULT '0',
  `daymonth` mediumint(5) NOT NULL DEFAULT '0',
  PRIMARY KEY (`char_id`)
) ENGINE=InnoDB DEFAULT CHARSET=latin1;

--
-- Dumping data for table `eBG_main`
--

INSERT INTO `eBG_main` VALUES (150009,17,15,2,2565,119,0,1,1009),(150014,8,7,1,1269,0,0,0,713),(150022,13,3,2,1996,0,0,0,1014),(150034,1,0,0,110,0,0,0,914),(150044,1,0,0,108,0,0,0,717),(150087,0,2,1,195,0,0,0,914),(150089,1,1,0,159,0,0,0,801),(150098,1,2,0,201,0,0,0,1001),(150107,29,37,7,5230,300,0,3,1002),(150111,0,4,0,206,0,0,0,926),(150126,51,27,2,5757,1225,0,10,1027),(150136,9,4,1,775,400,0,1,1026),(150137,11,7,2,1625,50,0,1,1026),(150151,2,1,0,301,0,0,0,811),(150166,29,25,4,4293,350,0,2,923),(150182,0,0,0,2,0,0,0,701),(150184,20,19,4,3372,0,0,0,824),(150185,1,1,0,154,0,0,0,801),(150195,1,3,1,353,0,0,0,804),(150202,2,5,0,484,0,0,0,1020),(150222,2,0,0,221,0,0,0,1025),(150225,3,1,0,350,0,0,0,718),(150250,0,1,1,144,0,0,0,1006),(150261,5,7,3,1168,0,0,0,906),(150264,20,18,8,3604,0,0,0,801),(150298,1,1,0,198,0,0,0,710),(150325,5,4,0,738,0,0,0,830),(150329,0,1,0,52,0,0,0,902),(150334,7,0,1,842,0,0,0,806),(150345,0,1,1,157,0,0,0,709),(150355,0,1,0,65,0,0,0,709),(150384,7,4,0,850,50,1,1,801),(150411,0,1,0,76,0,0,0,621),(150418,0,3,1,265,0,0,0,707),(150419,1,0,0,104,0,0,0,630),(150421,82,62,7,12013,200,0,1,1020),(150442,0,0,0,9,0,0,0,817),(150445,13,2,0,1468,0,0,0,725),(150458,1,1,0,150,0,0,0,1026),(150522,12,15,1,2075,0,0,0,1025),(150556,1,3,0,269,0,0,0,803),(150558,2,4,2,508,86,0,1,713),(150585,14,14,1,2175,0,0,0,805),(150587,1,0,0,116,0,0,0,620),(150594,10,9,1,1525,0,0,0,823),(150597,18,25,1,3169,0,0,0,810),(150603,42,56,7,7194,525,0,3,1001),(150614,0,0,0,1,0,0,0,710),(150657,10,17,3,1300,800,0,5,930),(150658,6,1,1,475,310,0,3,812),(150659,18,23,5,2725,625,0,7,824),(150660,2,4,0,400,0,0,0,1025),(150661,4,8,3,875,175,0,1,828),(150673,1,2,0,0,200,0,1,810),(150679,1,4,3,535,0,0,0,915),(150700,0,0,2,89,117,0,1,705),(150703,7,5,0,993,0,0,0,805),(150738,0,0,1,83,0,0,0,710),(150739,20,19,2,2981,418,0,3,909),(150740,24,20,1,3632,0,0,0,810),(150746,1,1,0,167,0,0,0,818),(150757,61,54,12,10657,425,0,6,809),(150758,0,0,1,78,0,0,0,803),(150759,12,16,0,1935,151,0,0,1020),(150760,3,9,0,767,0,0,1,731),(150761,32,30,4,4825,335,0,6,804),(150767,0,1,0,60,0,0,0,728),(150772,19,20,3,3217,0,0,0,819),(150775,19,20,2,2875,185,0,1,1006),(150781,3,3,1,527,0,0,0,807),(150791,3,1,0,350,0,0,0,926),(150827,9,7,2,1399,100,0,1,803),(150839,0,1,0,61,0,0,0,1015),(150843,2,0,0,200,0,0,0,920),(150844,0,1,2,236,0,0,0,627),(150845,8,8,1,1308,0,0,0,826),(150848,4,4,2,877,0,0,0,902),(150857,4,4,0,656,0,0,0,1020),(150858,0,0,0,0,0,0,1,809),(150861,3,0,0,311,0,0,0,731),(150863,9,9,1,1633,0,0,0,716),(150864,33,30,5,5007,325,0,1,920),(150867,1,2,0,231,0,0,0,805),(150881,0,0,0,0,0,0,1,803),(150882,44,48,6,6775,475,0,3,913),(150883,68,73,8,11112,785,0,10,806),(150893,1,0,0,7,100,0,0,1013),(150902,2,6,1,446,244,0,3,729),(150912,2,1,0,305,0,0,0,828),(150916,6,3,0,532,480,0,1,807),(150922,4,5,1,765,0,0,0,721),(150939,5,6,2,975,0,0,0,804),(150963,1,2,0,200,0,0,0,920),(150964,22,15,3,3157,365,0,3,920),(150966,2,2,0,320,0,0,0,810),(150985,0,1,0,82,0,0,0,914),(150998,1,2,2,461,18,0,1,703),(151005,1,1,0,150,0,0,0,1001),(151012,0,0,0,2,0,0,0,801),(151018,3,6,1,690,0,0,0,909),(151021,9,13,1,1676,0,0,0,731),(151024,14,11,3,2192,155,0,0,806),(151048,1,2,0,200,0,0,0,924),(151049,4,2,0,553,0,0,0,923),(151074,10,12,3,1987,0,0,0,725),(151082,29,33,7,4281,850,0,5,810),(151083,17,8,2,2418,0,0,0,1012),(151089,5,2,1,596,241,0,1,702),(151092,12,16,2,1724,550,0,3,802),(151095,0,1,0,50,0,0,0,828),(151102,0,1,0,50,0,0,0,810),(151103,4,2,0,565,0,0,0,703),(151110,4,3,0,575,0,0,0,1014),(151115,9,6,2,1396,0,0,0,911),(151119,20,20,2,3003,425,0,2,909),(151147,0,1,0,72,0,0,0,725),(151159,2,1,0,250,0,0,0,724),(151160,1,0,0,102,0,0,0,808),(151168,6,1,1,827,0,0,0,820),(151198,0,0,0,0,24,0,1,713),(151207,3,1,0,375,0,0,0,810),(151209,1,1,0,152,0,0,0,620),(151224,0,2,0,119,0,0,0,801),(151225,21,18,0,2811,200,0,0,809),(151233,1,0,0,100,0,0,0,810),(151234,4,5,0,655,0,0,0,805),(151243,14,10,0,1925,0,0,0,804),(151246,20,21,5,3468,175,0,0,1025),(151267,43,49,6,6618,750,0,7,919),(151287,50,36,6,7225,225,0,1,803),(151304,2,2,0,300,0,0,0,1002),(151316,1,1,0,214,0,0,0,713),(151321,4,2,1,618,0,0,0,821),(151339,4,9,0,884,0,0,0,1025),(151340,6,7,1,1062,0,0,0,1001),(151342,23,25,5,4145,0,0,0,725),(151346,4,3,0,617,0,0,0,713),(151348,3,5,1,675,0,0,0,710),(151349,11,17,1,2050,0,0,0,823),(151364,4,6,2,775,75,0,1,804),(151365,18,19,6,3288,50,0,0,810),(151371,2,1,1,337,0,0,0,925),(151377,24,26,3,2988,975,0,7,811),(151381,4,15,1,1310,0,0,0,920),(151382,9,3,1,1249,0,0,0,920),(151390,7,10,0,1200,0,0,0,731),(151404,0,1,0,50,0,0,0,725),(151440,5,6,2,962,0,0,0,920),(151450,0,1,0,50,0,0,0,710),(151464,0,5,0,274,0,0,0,728),(151466,1,0,0,100,0,0,0,903),(151474,3,8,2,893,0,0,0,1013),(151477,4,2,1,594,0,0,0,712),(151478,1,1,1,282,0,0,0,709),(151481,4,5,1,529,229,0,1,718),(151486,0,0,1,128,0,0,0,712),(151494,7,13,1,1450,0,0,0,1029),(151495,0,2,0,122,0,0,0,822),(151497,4,4,0,676,0,0,0,914),(151526,1,5,1,315,171,0,0,723),(151528,4,0,1,544,0,0,0,801),(151540,40,34,6,6237,125,0,2,809),(151544,22,32,4,4324,0,0,0,914),(151581,0,6,2,468,0,0,0,1020),(151582,11,7,1,1206,403,0,1,728),(151584,0,0,1,76,0,0,0,810),(151587,19,15,3,3392,0,0,0,718),(151596,6,3,1,865,0,0,0,714),(151611,32,34,7,5968,0,0,0,1027),(151618,4,5,0,677,0,0,0,806),(151625,3,7,3,940,0,0,0,712),(151629,1,1,0,150,0,0,0,819),(151631,18,13,1,2967,0,0,0,906),(151634,2,2,0,325,0,0,0,721),(151644,7,1,0,610,200,0,0,910),(151646,3,5,0,563,0,0,0,914),(151666,2,8,0,615,0,0,0,809),(151680,4,6,3,1014,0,0,0,724),(151685,34,43,5,5417,700,0,9,1001),(151688,1,1,0,2,150,0,0,706),(151696,1,1,1,255,0,0,0,715),(151708,4,0,1,663,0,0,0,1024),(151712,1,0,0,100,0,0,0,912),(151713,1,1,1,266,0,0,0,819),(151725,7,19,2,1150,650,0,5,819),(151745,12,15,4,2236,100,0,1,1025),(151746,1,2,0,200,0,0,0,1017),(151747,23,30,4,3925,225,0,2,802),(151748,1,2,0,221,0,0,0,1003),(151752,0,3,0,150,0,0,0,716),(151753,11,8,2,1698,0,0,0,712),(151758,29,37,9,5359,200,0,0,1001),(151780,6,4,0,819,0,0,0,1019),(151787,2,4,0,485,0,0,0,723),(151792,1,0,0,100,0,0,0,623),(151797,5,4,1,862,0,0,0,728),(151810,1,2,1,335,0,0,0,919),(151814,5,4,0,741,0,0,0,629),(151815,2,0,0,206,0,0,0,731),(151816,2,2,0,325,0,0,0,914),(151832,0,0,0,6,0,0,0,828),(151867,3,7,0,437,302,0,3,628),(151877,0,2,0,100,0,0,0,810),(151906,6,16,3,1750,0,0,0,801),(151914,1,2,0,200,0,0,0,802),(151937,3,4,0,305,271,0,2,727),(151948,2,3,1,275,151,0,2,810),(151953,0,0,0,7,0,0,0,828),(151976,7,14,3,1667,0,0,0,804),(151978,1,2,0,100,100,0,1,802),(151985,1,1,0,200,0,0,0,809),(151990,1,2,0,155,68,0,1,801),(151995,2,0,0,202,0,0,0,626),(151996,1,0,0,100,0,0,0,720),(152004,2,8,3,919,0,0,0,810),(152006,18,14,2,2879,0,0,0,726),(152012,1,2,1,299,0,0,0,914),(152030,5,2,1,675,0,0,0,810),(152031,10,1,0,1256,0,0,0,810),(152038,3,3,0,251,225,0,2,811),(152047,17,22,0,2419,418,0,2,801),(152054,1,0,0,100,0,0,0,628),(152064,2,1,1,325,0,0,0,726),(152082,5,7,3,919,333,0,2,1024),(152084,5,2,1,710,0,0,0,830),(152093,2,0,0,200,0,0,0,714),(152094,1,3,1,363,0,0,0,725),(152096,10,12,2,1664,357,0,2,729),(152112,8,14,0,1500,0,0,0,809),(152113,2,2,2,470,0,0,0,806),(152116,7,6,1,375,700,0,1,915),(152149,1,1,1,230,0,0,0,811),(152154,4,1,0,450,0,0,0,1019),(152155,7,4,2,1184,0,0,0,920),(152156,3,1,0,367,0,0,0,710),(152169,5,5,1,867,0,0,0,920),(152174,1,0,0,100,0,0,0,730),(152184,1,0,0,100,0,0,0,906),(152191,28,20,5,3898,863,0,1,812),(152211,5,8,4,1415,0,0,0,903),(152217,0,1,0,50,0,0,0,714),(152234,1,0,0,102,0,0,0,901),(152238,7,9,2,1050,250,0,1,727),(152244,1,0,0,100,0,0,0,730),(152245,1,2,0,225,0,0,0,721),(152259,0,1,1,125,0,0,0,810),(152285,1,3,0,259,0,0,0,809),(152290,2,2,0,306,0,0,0,710),(152294,1,2,0,200,0,0,0,629),(152296,6,11,2,1300,0,0,0,810),(152305,3,4,0,510,0,0,0,717),(152308,8,2,2,1002,100,0,0,923),(152313,52,50,8,8098,550,0,6,903),(152316,21,20,4,3426,0,0,0,804),(152318,1,1,0,150,0,0,0,809),(152322,37,40,5,5119,1026,0,3,808),(152329,8,4,2,1105,75,0,0,1009),(152351,19,19,4,2346,925,0,6,1025),(152353,3,0,0,325,0,0,0,629),(152357,2,1,1,405,0,0,0,829),(152365,11,14,2,1991,0,0,0,726),(152366,5,6,2,950,0,0,0,726),(152370,9,7,1,1262,150,0,1,814),(152380,4,5,1,837,0,0,0,821),(152391,3,2,1,535,0,0,0,801),(152392,1,3,0,250,0,0,0,803),(152398,1,2,0,207,0,0,0,803),(152399,1,4,0,322,0,0,0,710),(152406,0,1,0,0,50,0,0,930),(152412,10,9,0,1461,0,0,0,1001),(152435,18,14,1,2594,0,0,0,817),(152444,3,8,1,785,0,0,0,810),(152449,1,2,1,313,0,0,0,920),(152450,1,2,1,275,0,0,0,809),(152458,1,4,0,327,0,0,0,821),(152467,34,28,3,4153,1050,0,6,813),(152468,15,7,0,1850,0,0,0,809),(152471,4,0,0,475,0,0,0,810),(152474,2,1,0,252,0,0,0,817),(152491,0,1,1,150,0,0,0,828),(152500,0,0,0,15,0,0,0,731),(152501,8,12,3,860,775,0,8,923),(152518,12,7,1,1909,0,0,0,1009),(152521,36,33,1,5400,50,0,1,911),(152551,0,4,2,431,0,0,0,706),(152552,41,39,4,6347,100,0,0,920),(152561,1,0,0,100,0,0,0,717),(152564,0,0,0,3,0,0,0,810),(152590,10,4,0,1228,0,0,0,810),(152592,0,2,0,116,0,0,0,923),(152609,8,9,1,1380,0,0,0,1029),(152611,9,6,0,1252,0,0,0,713),(152622,1,0,0,100,0,0,0,1001),(152625,1,0,1,175,0,0,0,810),(152641,0,0,1,81,0,0,0,801),(152643,8,7,2,1457,0,0,0,805),(152649,8,13,0,1472,0,0,0,715),(152650,4,1,0,421,150,0,2,731),(152657,6,6,1,1000,0,0,0,802),(152658,77,46,10,10983,575,0,6,803),(152660,3,3,0,450,0,0,0,729),(152665,3,0,0,300,0,0,0,703),(152670,3,3,0,502,0,0,0,715),(152671,6,0,0,600,0,0,0,1024),(152672,0,1,0,56,0,0,0,925),(152679,0,1,1,138,0,0,0,803),(152694,26,30,2,4407,0,0,0,906),(152703,3,4,0,520,0,0,0,1006),(152708,4,6,0,769,0,0,0,1016),(152711,5,11,1,1151,0,0,0,704),(152713,2,0,0,200,0,0,0,720),(152714,1,1,0,150,0,0,0,730),(152715,2,2,0,300,0,0,0,915),(152720,2,3,1,449,0,0,0,831),(152733,0,2,0,101,0,0,0,718),(152736,1,0,0,103,0,0,0,812),(152747,14,19,0,2400,0,0,0,731),(152756,0,1,0,50,0,0,0,710),(152759,4,5,2,896,0,0,0,828),(152763,3,0,0,300,0,0,0,923),(152782,6,6,0,600,350,0,4,812),(152783,1,2,0,212,0,0,0,728),(152784,11,2,0,904,300,0,1,803),(152788,5,3,0,650,0,0,0,810),(152808,5,1,0,661,0,0,0,718),(152811,3,2,0,401,0,0,0,808),(152812,54,54,8,7873,1175,0,13,1026),(152819,0,1,0,50,0,0,0,724),(152823,6,1,0,672,0,0,0,729),(152826,6,5,0,700,200,0,0,808),(152830,1,2,1,275,0,0,0,814),(152832,5,7,0,725,150,0,2,919),(152833,1,1,0,150,0,0,0,731),(152839,0,0,0,4,0,0,0,920),(152840,11,13,1,1850,0,0,0,1006),(152841,1,0,0,131,0,0,0,724),(152876,5,2,0,684,0,0,0,716),(152882,13,19,3,2571,0,0,0,810),(152884,27,31,6,4102,775,0,7,809),(152885,3,1,0,400,0,0,0,1004),(152889,1,0,0,156,0,0,0,731),(152890,14,18,7,2957,0,0,0,802),(152895,0,0,1,0,75,0,2,811),(152896,15,17,6,2863,0,0,0,826),(152897,2,2,0,310,0,0,0,809),(152900,2,1,0,250,0,0,0,821),(152905,0,1,0,50,0,0,0,712),(152907,10,6,0,1016,300,0,0,1001),(152912,9,9,2,1535,0,0,0,1008),(152924,1,1,0,150,0,0,0,801),(152926,9,3,0,1262,0,0,0,725),(152934,1,3,1,340,0,0,0,1014),(152966,0,2,0,100,0,0,0,1027),(152970,1,0,0,100,0,0,0,1025),(152986,7,1,0,750,0,0,0,720),(153002,10,10,1,1475,100,0,0,810),(153004,0,1,1,125,0,0,0,927),(153005,3,4,1,450,125,0,0,810),(153011,1,1,0,150,0,0,0,909),(153015,8,1,1,960,0,0,0,725),(153019,1,0,0,100,0,0,0,810),(153021,4,6,0,747,0,0,0,723),(153050,1,0,0,139,0,0,0,801),(153060,10,15,0,1750,0,0,0,920),(153063,2,1,3,495,0,0,0,907),(153072,3,5,0,550,0,0,0,810),(153089,1,1,0,150,0,0,0,809),(153090,14,19,0,2350,0,0,0,802),(153101,2,3,2,500,0,0,0,928),(153117,6,1,1,200,550,0,3,730),(153127,10,12,1,1725,0,0,0,810),(153130,4,1,0,350,100,0,0,920),(153133,2,3,0,100,250,0,0,912),(153138,11,10,0,1600,0,0,0,824),(153143,1,3,0,250,0,0,0,909),(153158,17,8,4,2375,50,0,1,810),(153163,2,8,1,675,0,0,0,914),(153173,1,2,0,200,0,0,0,930),(153178,3,4,0,350,150,0,1,908),(153179,5,3,3,550,325,0,0,920),(153183,4,1,0,450,0,0,0,930),(153198,5,4,2,635,225,0,0,1024),(153226,13,8,1,1775,0,0,0,801),(153227,20,10,2,2725,0,0,0,1001),(153234,1,6,1,300,175,0,3,919),(153240,4,5,1,675,50,0,0,801),(153252,1,0,0,100,0,0,0,810),(153264,6,2,1,800,0,0,0,807),(153271,2,3,0,350,0,0,0,912),(153282,12,11,0,1775,0,0,0,920),(153296,10,6,0,1300,0,0,0,825),(153310,2,3,0,350,0,0,0,803),(153326,9,9,0,700,700,0,7,906),(153343,0,1,1,125,0,0,0,920),(153357,2,4,1,475,0,0,0,909),(153394,5,1,1,650,0,0,0,819),(153400,5,2,1,675,0,0,0,810),(153439,2,0,0,200,0,0,0,915),(153483,0,1,0,50,0,0,0,809),(153525,4,6,2,875,0,0,0,909),(153527,1,1,0,150,0,0,0,1009),(153533,1,3,0,250,0,0,0,725),(153554,0,1,1,125,0,0,0,813),(153637,1,1,0,175,0,0,0,810),(153639,16,22,1,2850,0,0,0,906),(153653,15,14,1,1875,400,0,2,806),(153655,11,15,1,1925,0,0,0,913),(153660,2,5,0,475,0,0,0,920),(153661,6,3,1,825,0,0,0,1001),(153664,1,0,0,100,0,0,0,731),(153673,0,2,1,175,0,0,0,810),(153674,1,1,0,0,150,0,1,817),(153681,10,6,1,1400,0,0,0,920),(153697,0,1,0,50,0,0,0,1021),(153705,12,6,0,1500,0,0,0,731),(153716,2,1,1,325,0,0,0,809),(153718,0,2,0,100,0,0,0,725),(153722,0,1,0,50,0,0,0,810),(153736,17,9,1,2225,0,0,0,731),(153740,5,4,1,775,0,0,0,901),(153743,3,1,1,485,0,0,0,914),(153750,1,2,0,200,0,0,0,1026),(153779,12,12,0,1800,0,0,0,906),(153780,4,3,0,600,0,0,0,906),(153856,0,1,0,50,0,0,0,920),(153866,0,2,0,100,0,0,0,808),(153873,1,0,0,100,0,0,0,1002),(153881,9,5,1,1325,0,0,0,808),(153915,1,0,0,0,100,0,0,817),(153917,4,5,0,650,0,0,0,1027),(153918,0,1,0,50,0,0,0,916),(153923,1,0,0,100,0,0,0,921),(153932,1,0,0,100,0,0,0,807),(153933,1,0,0,100,0,0,0,1024),(153961,1,2,0,200,0,0,0,920),(153999,1,0,1,175,0,0,0,822),(154000,11,6,1,1585,0,0,0,928),(154008,3,2,0,425,0,0,0,810),(154011,0,1,0,50,0,0,0,918),(154016,2,1,0,250,0,0,0,919),(154024,1,2,0,200,0,0,0,808),(154030,2,0,0,200,0,0,0,1002),(154040,1,0,0,100,0,0,0,917),(154044,3,2,0,400,0,0,0,920),(154095,1,0,0,100,0,0,0,828);

--
-- Table structure for table `eBG_member`
--

CREATE TABLE `eBG_member` (
  `guild_id` int(11) unsigned NOT NULL DEFAULT '0',
  `account_id` int(11) unsigned NOT NULL DEFAULT '0',
  `char_id` int(11) unsigned NOT NULL DEFAULT '0',
  `hair` tinyint(6) unsigned NOT NULL DEFAULT '0',
  `hair_color` smallint(6) unsigned NOT NULL DEFAULT '0',
  `gender` tinyint(6) unsigned NOT NULL DEFAULT '0',
  `class` smallint(6) unsigned NOT NULL DEFAULT '0',
  `lv` smallint(6) unsigned NOT NULL DEFAULT '0',
  `exp` bigint(20) unsigned NOT NULL DEFAULT '0',
  `exp_payper` tinyint(11) unsigned NOT NULL DEFAULT '0',
  `online` tinyint(4) unsigned NOT NULL DEFAULT '0',
  `position` tinyint(6) unsigned NOT NULL DEFAULT '0',
  `name` varchar(24) NOT NULL DEFAULT '',
  PRIMARY KEY (`guild_id`,`char_id`),
  KEY `char_id` (`char_id`)
) ENGINE=MyISAM DEFAULT CHARSET=latin1;

--
-- Dumping data for table `eBG_member`
--


--
-- Table structure for table `eBG_rush`
--

CREATE TABLE `eBG_rush` (
  `char_id` int(11) NOT NULL,
  `wins` int(11) NOT NULL DEFAULT '0',
  `loss` int(11) NOT NULL DEFAULT '0',
  `emp_captured` int(11) NOT NULL DEFAULT '0',
  PRIMARY KEY (`char_id`)
) ENGINE=InnoDB DEFAULT CHARSET=latin1;

--
-- Dumping data for table `eBG_rush`
--

INSERT INTO `eBG_rush` VALUES (150009,13,14,1),(150014,6,5,0),(150098,0,2,0),(150107,21,26,1),(150111,0,4,0),(150126,50,25,18),(150136,9,4,2),(150137,11,7,0),(150166,8,5,3),(150184,17,18,0),(150202,1,3,0),(150225,3,1,1),(150261,3,4,2),(150264,0,1,0),(150384,7,4,1),(150421,65,41,35),(150445,12,2,2),(150458,1,1,0),(150522,12,15,3),(150558,2,2,0),(150585,14,14,0),(150594,10,9,0),(150597,18,23,0),(150603,25,34,0),(150657,10,17,0),(150658,6,1,0),(150659,18,23,0),(150660,2,4,0),(150661,4,8,0),(150673,1,2,0),(150679,1,4,0),(150739,11,11,4),(150740,21,20,1),(150757,27,24,0),(150759,4,5,0),(150760,3,8,0),(150761,32,30,0),(150772,6,7,0),(150775,18,20,1),(150781,3,2,0),(150791,3,1,0),(150827,9,7,0),(150845,1,1,0),(150857,3,4,0),(150864,16,22,1),(150882,44,48,0),(150883,42,49,1),(150939,5,6,0),(150963,1,1,0),(150964,2,1,0),(151005,1,1,0),(151018,0,1,0),(151024,5,3,2),(151048,1,2,0),(151074,0,5,0),(151082,29,33,0),(151083,6,1,0),(151092,3,5,0),(151110,4,3,0),(151115,6,4,0),(151119,15,16,0),(151207,3,1,0),(151225,21,17,0),(151233,1,0,0),(151243,14,10,0),(151246,2,2,0),(151267,22,30,0),(151287,50,36,0),(151304,2,2,0),(151339,3,7,0),(151340,2,0,0),(151342,14,11,0),(151349,11,17,0),(151364,4,6,0),(151365,0,4,0),(151371,1,0,0),(151377,23,25,0),(151381,1,3,0),(151390,7,10,0),(151404,0,1,0),(151440,4,6,7),(151466,1,0,0),(151474,2,8,0),(151494,7,13,0),(151540,27,27,0),(151544,3,12,0),(151581,0,5,0),(151582,1,0,0),(151596,1,0,0),(151611,16,20,1),(151618,2,3,0),(151629,1,0,0),(151631,1,0,1),(151644,6,0,1),(151646,1,1,0),(151680,1,1,0),(151685,24,31,22),(151725,7,19,0),(151745,2,3,1),(151746,1,2,0),(151747,23,29,10),(151753,0,2,0),(151758,20,18,0),(151780,0,1,0),(151787,0,2,0),(151815,1,0,0),(151816,2,2,0),(151877,0,2,0),(151914,1,2,0),(151948,0,1,0),(151976,7,13,0),(152006,2,0,0),(152030,5,2,0),(152038,1,0,0),(152047,8,15,0),(152082,1,0,0),(152084,1,2,1),(152094,0,1,0),(152112,8,14,0),(152113,1,1,0),(152116,7,6,1),(152154,4,1,0),(152155,1,0,0),(152184,1,0,0),(152191,9,4,0),(152238,7,9,0),(152244,1,0,0),(152259,0,1,0),(152285,1,2,0),(152296,6,11,0),(152305,2,0,0),(152313,35,36,0),(152316,18,20,0),(152318,1,1,0),(152322,33,39,0),(152329,2,1,0),(152351,16,18,1),(152365,7,5,0),(152366,5,6,0),(152370,7,6,0),(152406,0,1,0),(152412,8,7,1),(152435,17,13,0),(152444,3,8,0),(152449,1,1,0),(152450,1,2,2),(152467,34,24,0),(152468,15,7,0),(152471,1,0,0),(152474,2,1,0),(152501,8,12,0),(152518,5,5,0),(152521,36,33,18),(152552,26,30,1),(152590,4,1,0),(152609,6,7,0),(152611,7,6,0),(152625,1,0,0),(152643,1,1,0),(152649,2,7,0),(152650,1,1,0),(152657,2,2,0),(152658,45,21,12),(152660,3,3,0),(152671,6,0,2),(152694,25,30,8),(152708,2,2,0),(152715,2,2,0),(152720,1,0,0),(152733,0,2,0),(152747,13,15,0),(152763,1,0,0),(152782,6,6,0),(152784,10,2,0),(152788,5,3,0),(152811,0,1,0),(152812,42,49,0),(152823,1,0,0),(152826,6,5,0),(152830,1,2,0),(152832,5,4,0),(152833,1,1,0),(152840,11,13,0),(152876,1,0,0),(152882,1,1,0),(152884,24,23,0),(152885,1,1,0),(152890,1,1,0),(152896,1,1,0),(152907,6,4,0),(152912,9,9,6),(152924,1,0,0),(152926,0,1,0),(152934,0,2,0),(152966,0,2,0),(152970,1,0,0),(152986,7,1,1),(153002,7,10,0),(153005,1,4,0),(153011,1,1,0),(153015,8,1,0),(153019,1,0,0),(153021,1,1,0),(153060,10,15,0),(153063,2,1,0),(153072,3,5,0),(153089,1,1,0),(153090,14,19,0),(153101,2,3,0),(153117,6,1,0),(153127,10,12,3),(153130,4,1,0),(153133,2,3,0),(153138,11,10,0),(153143,1,3,0),(153158,17,8,0),(153163,2,8,0),(153173,1,2,0),(153178,3,4,1),(153179,5,3,0),(153183,4,1,0),(153198,5,4,0),(153226,13,8,2),(153227,20,10,4),(153234,1,6,0),(153240,4,5,0),(153252,1,0,0),(153264,6,2,0),(153271,2,3,0),(153282,12,11,0),(153296,10,6,0),(153310,2,3,0),(153326,9,9,4),(153343,0,1,0),(153357,2,4,0),(153394,5,1,0),(153400,5,2,0),(153439,2,0,0),(153483,0,1,0),(153525,4,6,0),(153527,1,1,0),(153533,1,3,0),(153554,0,1,0),(153637,1,1,0),(153639,16,22,0),(153653,15,14,0),(153655,11,15,0),(153660,2,5,0),(153661,6,3,0),(153664,1,0,0),(153673,0,2,0),(153674,1,1,0),(153681,10,6,0),(153697,0,1,0),(153705,12,6,1),(153716,2,1,0),(153718,0,2,0),(153722,0,1,0),(153736,17,9,0),(153740,5,4,0),(153743,3,1,0),(153750,1,2,0),(153779,12,12,0),(153780,4,3,2),(153856,0,1,0),(153866,0,2,0),(153873,1,0,0),(153881,9,5,9),(153915,1,0,0),(153917,4,5,0),(153918,0,1,0),(153923,1,0,0),(153932,1,0,0),(153933,1,0,0),(153961,1,2,0),(153999,1,0,0),(154000,11,6,4),(154008,3,2,2),(154011,0,1,0),(154016,2,1,0),(154024,1,2,1),(154030,2,0,0),(154040,1,0,0),(154044,3,2,0),(154095,1,0,1);

--
-- Table structure for table `eBG_sc`
--

CREATE TABLE `eBG_sc` (
  `char_id` int(11) NOT NULL,
  `wins` int(11) NOT NULL DEFAULT '0',
  `loss` int(11) NOT NULL DEFAULT '0',
  `tie` int(11) NOT NULL DEFAULT '0',
  `steals` int(11) NOT NULL DEFAULT '0',
  `captures` int(11) NOT NULL DEFAULT '0',
  `drops` int(11) NOT NULL DEFAULT '0',
  PRIMARY KEY (`char_id`)
) ENGINE=InnoDB DEFAULT CHARSET=latin1;

--
-- Dumping data for table `eBG_sc`
--


--
-- Table structure for table `eBG_tdm`
--

CREATE TABLE `eBG_tdm` (
  `char_id` int(11) NOT NULL,
  `wins` int(11) NOT NULL DEFAULT '0',
  `loss` int(11) NOT NULL DEFAULT '0',
  `tie` int(11) NOT NULL DEFAULT '0',
  `kills` int(11) NOT NULL DEFAULT '0',
  `deaths` int(11) NOT NULL DEFAULT '0',
  PRIMARY KEY (`char_id`)
) ENGINE=InnoDB DEFAULT CHARSET=latin1;

--
-- Dumping data for table `eBG_tdm`
--

INSERT INTO `eBG_tdm` VALUES (150009,2,1,0,42,42),(150014,1,1,1,0,19),(150022,5,2,2,213,38),(150034,1,0,0,0,10),(150044,1,0,0,6,2),(150087,0,1,1,1,19),(150089,0,0,0,3,5),(150098,1,0,0,0,1),(150107,4,5,4,4,71),(150111,0,0,0,4,2),(150126,0,1,0,4,16),(150151,1,1,0,0,26),(150166,8,9,4,79,84),(150182,0,0,0,0,2),(150184,1,0,1,74,13),(150185,0,0,0,0,4),(150195,0,0,1,11,5),(150202,0,2,0,5,4),(150222,1,0,0,9,12),(150250,0,0,1,3,16),(150261,0,3,3,0,68),(150264,5,6,8,0,104),(150298,1,1,0,16,32),(150325,2,1,0,7,31),(150334,4,0,1,14,3),(150345,0,1,1,8,24),(150355,0,1,0,0,15),(150411,0,1,0,0,26),(150418,0,1,1,5,19),(150419,1,0,0,0,4),(150421,9,10,5,293,22),(150442,0,0,0,0,9),(150445,1,0,0,68,0),(150556,0,1,0,0,19),(150558,0,2,2,11,23),(150587,0,0,0,2,14),(150597,0,1,0,0,19),(150603,8,10,5,28,79),(150614,0,0,0,0,1),(150700,0,0,2,45,11),(150703,1,2,0,1,17),(150738,0,0,1,2,6),(150739,5,2,2,190,32),(150740,2,0,0,31,1),(150746,0,1,0,2,15),(150757,16,13,7,765,315),(150758,0,0,1,0,3),(150759,5,5,0,1,82),(150760,0,1,0,0,17),(150767,0,1,0,0,10),(150772,5,4,2,4,38),(150781,0,0,1,0,2),(150827,0,0,2,33,6),(150839,0,1,0,9,2),(150844,0,1,2,14,22),(150845,3,2,1,0,8),(150848,2,0,2,90,12),(150857,0,0,0,0,6),(150861,1,0,0,0,11),(150863,3,7,1,70,85),(150864,5,4,1,0,107),(150867,0,1,0,1,4),(150883,6,17,2,0,357),(150893,1,0,0,5,2),(150902,0,3,1,25,64),(150912,1,1,0,23,32),(150916,3,1,0,235,15),(150922,1,2,1,14,25),(150964,6,3,3,10,117),(150966,1,0,0,13,0),(150985,0,1,0,2,30),(150998,0,2,2,53,76),(151012,0,0,0,0,2),(151018,1,1,1,0,8),(151021,2,3,1,0,51),(151024,3,4,3,136,28),(151049,1,1,0,31,18),(151074,3,0,3,95,6),(151082,0,0,1,2,4),(151083,7,2,1,107,21),(151089,2,0,1,49,56),(151092,3,4,2,0,64),(151103,0,2,0,11,29),(151115,0,1,0,0,21),(151119,2,0,2,139,6),(151147,0,0,0,0,22),(151160,1,0,0,0,2),(151168,2,0,1,57,15),(151198,0,0,0,0,24),(151209,1,0,0,0,2),(151224,0,1,0,0,19),(151225,0,1,0,0,11),(151234,3,1,0,0,5),(151246,7,8,4,40,171),(151267,7,5,3,17,91),(151316,0,1,0,0,64),(151321,1,1,1,0,43),(151339,1,1,0,19,15),(151340,1,4,1,0,37),(151342,1,8,3,2,143),(151346,1,1,0,0,42),(151348,1,2,1,0,50),(151365,3,3,6,0,88),(151371,1,0,1,0,12),(151377,1,0,1,38,0),(151381,1,8,1,0,75),(151382,4,0,1,0,49),(151440,0,0,0,0,1),(151464,0,4,0,0,24),(151474,0,0,0,17,25),(151477,1,0,1,0,3),(151478,1,0,1,47,10),(151481,2,1,1,0,33),(151486,0,0,1,43,0),(151495,0,1,0,2,18),(151497,3,3,0,20,56),(151526,1,3,1,0,61),(151528,1,0,1,50,19),(151540,5,1,1,0,87),(151544,6,7,4,4,160),(151581,0,1,0,5,3),(151582,5,3,1,0,34),(151584,0,0,1,0,1),(151587,7,3,3,365,83),(151596,2,2,1,0,40),(151611,5,3,5,246,52),(151618,2,0,0,0,2),(151625,1,2,3,24,40),(151631,5,3,1,220,142),(151634,1,0,0,0,0),(151644,0,0,0,0,6),(151646,1,3,0,0,13),(151666,2,5,0,3,12),(151680,0,3,3,0,89),(151685,3,7,1,0,57),(151688,1,0,0,1,1),(151696,1,0,1,12,13),(151708,3,0,1,154,9),(151713,0,0,1,23,2),(151745,4,3,2,0,51),(151748,0,1,0,0,21),(151753,5,2,2,4,44),(151758,3,7,5,0,99),(151780,1,2,0,0,19),(151787,1,1,0,17,18),(151797,2,1,1,20,42),(151810,0,2,1,1,34),(151814,1,2,0,0,16),(151815,1,0,0,0,6),(151832,0,0,0,0,6),(151867,1,3,0,7,57),(151906,2,3,3,0,55),(151937,1,2,0,0,51),(151948,0,1,0,0,0),(151953,0,0,0,0,7),(151976,0,0,1,0,17),(151978,1,0,0,0,0),(151985,0,0,0,12,9),(151990,0,1,0,5,13),(151995,1,0,0,1,1),(152004,1,4,3,0,59),(152006,4,4,2,0,104),(152012,1,1,1,11,13),(152031,4,1,0,156,14),(152038,0,2,0,0,0),(152047,1,3,0,0,37),(152064,0,0,1,0,0),(152082,1,2,3,146,26),(152084,2,0,1,18,17),(152094,1,1,1,0,28),(152096,5,8,2,99,147),(152113,1,0,2,0,10),(152149,0,1,1,0,5),(152155,2,2,2,119,7),(152156,1,1,0,0,17),(152169,1,2,1,26,16),(152191,12,3,5,449,95),(152211,1,2,4,61,69),(152234,1,0,0,1,1),(152245,1,0,0,0,0),(152285,0,0,0,0,9),(152290,1,1,0,0,6),(152305,1,1,0,0,10),(152308,2,0,2,0,26),(152313,8,8,4,149,88),(152316,1,0,1,0,16),(152322,4,1,0,0,20),(152329,2,0,1,0,27),(152351,1,0,1,31,15),(152357,0,0,1,57,14),(152365,2,3,0,0,41),(152370,1,0,0,0,12),(152380,1,0,1,102,9),(152391,0,1,1,0,35),(152398,1,1,0,0,7),(152399,0,2,0,0,22),(152412,1,0,0,10,0),(152435,1,1,0,16,3),(152449,0,0,1,27,11),(152467,0,2,0,0,18),(152471,2,0,0,46,4),(152474,0,0,0,0,2),(152491,0,0,1,19,6),(152500,0,0,0,0,15),(152518,7,1,1,209,25),(152551,0,2,2,18,53),(152552,8,5,3,0,71),(152564,0,0,0,3,0),(152590,3,0,0,15,13),(152592,0,0,0,15,0),(152609,1,1,1,49,6),(152611,1,0,0,0,2),(152641,0,0,1,4,2),(152643,3,4,2,0,43),(152649,4,3,0,1,21),(152650,2,0,0,95,1),(152657,0,0,1,0,0),(152658,11,12,5,0,247),(152670,2,1,0,37,15),(152672,0,1,0,2,4),(152679,0,0,1,3,0),(152694,1,0,0,46,1),(152703,1,1,0,0,15),(152708,1,2,0,28,16),(152711,2,2,1,1,25),(152720,1,2,1,5,19),(152733,0,0,0,1,0),(152736,0,0,0,0,3),(152747,1,4,0,0,50),(152759,1,2,2,43,16),(152783,0,1,0,0,12),(152784,1,0,0,0,4),(152808,3,0,0,87,23),(152811,3,1,0,0,1),(152812,4,0,1,107,1),(152819,0,1,0,0,0),(152823,2,0,0,22,0),(152832,0,2,0,0,25),(152839,0,0,0,0,4),(152841,1,0,0,31,0),(152876,2,2,0,75,6),(152882,3,5,3,0,96),(152884,3,5,2,0,52),(152885,1,0,0,0,0),(152889,1,0,0,54,2),(152890,4,4,7,0,82),(152896,3,5,6,0,63),(152897,1,1,0,0,10),(152900,2,0,0,0,0),(152907,1,0,0,16,0),(152926,6,1,0,123,14),(152934,0,1,1,0,15),(153002,1,0,0,0,0),(153021,1,2,0,0,22),(153050,0,0,0,30,0);

--
-- Table structure for table `eBG_ti`
--

CREATE TABLE `eBG_ti` (
  `char_id` int(11) NOT NULL,
  `wins` int(11) NOT NULL DEFAULT '0',
  `loss` int(11) NOT NULL DEFAULT '0',
  `tie` int(11) NOT NULL DEFAULT '0',
  `skulls` int(11) NOT NULL DEFAULT '0',
  PRIMARY KEY (`char_id`)
) ENGINE=InnoDB DEFAULT CHARSET=latin1;

--
-- Dumping data for table `eBG_ti`
--


--
-- Table structure for table `eBG_woe_rankings`
--

CREATE TABLE `eBG_woe_rankings` (
  `char_id` int(11) NOT NULL,
  `score` int(11) unsigned NOT NULL DEFAULT '0',
  `max_damage` bigint(20) unsigned NOT NULL DEFAULT '0',
  `damage` bigint(20) unsigned NOT NULL DEFAULT '0',
  `damage_received` bigint(20) unsigned NOT NULL DEFAULT '0',
  `emperium` int(11) unsigned NOT NULL DEFAULT '0',
  `barricade` int(11) unsigned NOT NULL DEFAULT '0',
  `guardian` int(11) unsigned NOT NULL DEFAULT '0',
  `gstone` int(11) unsigned NOT NULL DEFAULT '0',
  `emperium_dmg` bigint(20) unsigned NOT NULL DEFAULT '0',
  `barricade_dmg` bigint(20) unsigned NOT NULL DEFAULT '0',
  `guardian_dmg` bigint(20) unsigned NOT NULL DEFAULT '0',
  `gstone_dmg` bigint(20) unsigned NOT NULL DEFAULT '0',
  `kills` int(11) unsigned NOT NULL DEFAULT '0',
  `deaths` int(11) unsigned NOT NULL DEFAULT '0',
  `healing` int(11) unsigned NOT NULL DEFAULT '0',
  `healing_fail` int(11) unsigned NOT NULL DEFAULT '0',
  `sp_used` int(11) unsigned NOT NULL DEFAULT '0',
  `hp_potions` int(11) unsigned NOT NULL DEFAULT '0',
  `sp_potions` int(11) unsigned NOT NULL DEFAULT '0',
  `red_gemstones` int(11) unsigned NOT NULL DEFAULT '0',
  `blue_gemstones` int(11) unsigned NOT NULL DEFAULT '0',
  `yellow_gemstones` int(11) unsigned NOT NULL DEFAULT '0',
  `poison_bottles` int(11) unsigned NOT NULL DEFAULT '0',
  `acid_demostration` int(11) unsigned NOT NULL DEFAULT '0',
  `acid_demostration_fail` int(11) unsigned NOT NULL DEFAULT '0',
  `support_skills` int(11) unsigned NOT NULL DEFAULT '0',
  `support_skills_fail` int(11) unsigned NOT NULL DEFAULT '0',
  `spiritb_used` int(11) unsigned NOT NULL DEFAULT '0',
  `ammo_used` int(11) unsigned NOT NULL DEFAULT '0',
  `zeny_used` int(11) unsigned NOT NULL DEFAULT '0',
  PRIMARY KEY (`char_id`)
) ENGINE=InnoDB DEFAULT CHARSET=latin1;

--
-- Dumping data for table `eBG_woe_rankings`
--

INSERT INTO `eBG_woe_rankings` VALUES (150009,0,194090,3143313,2467918,0,0,0,0,101365,0,0,0,66,153,0,0,2467918,154251,1229014051,0,0,0,0,0,0,2,0,3320,0,0),(150010,0,659,3729,26126,0,0,0,0,0,0,0,0,0,4,0,0,26126,2210444056,39184952,0,0,0,0,0,0,0,0,0,11,0),(150011,0,2498,8671540,20351079,0,0,0,0,420732,5299361,7668,0,16,247,0,0,20351079,2210444056,39219768,0,0,0,0,0,0,0,0,0,0,0),(150014,0,0,0,59693,0,0,0,0,0,0,0,0,0,2,0,0,0,0,0,0,0,0,0,0,0,0,0,0,0,0),(150021,4000,483,14924,36487,0,0,0,0,0,0,0,0,0,2,0,0,36487,4562102,0,0,0,0,0,0,0,0,0,0,0,0),(150022,0,1194,102692,579381,0,0,0,0,1352,0,0,47224,0,18,0,0,579381,2210444056,39179192,0,0,0,0,0,0,0,0,0,0,0),(150030,0,956,198366,541822,0,0,0,0,0,0,0,0,7,29,0,0,541822,4600118,1147093840,0,0,0,0,0,0,0,0,0,0,655500),(150042,0,72,487,318055,0,0,0,0,0,0,0,0,0,12,0,0,318055,4562070,0,0,0,0,0,0,0,0,50,0,0,0),(150045,0,196,1382,597491,0,0,0,0,0,0,0,0,0,10,0,0,597491,0,0,0,0,0,0,0,0,338,5,0,0,0),(150069,0,1123,44485,0,0,0,0,0,0,0,0,12282,0,0,0,0,0,0,0,0,0,0,0,0,0,0,0,0,0,0),(150087,0,1173,9348,138150,0,0,0,0,0,0,0,0,0,8,0,0,138150,2210444056,39185720,0,0,0,0,0,0,0,0,0,0,47000),(150098,0,14313,737049,2031296,0,0,0,0,851,589,0,180,18,57,0,0,2031296,150125,1229014051,0,0,0,0,148,8,165,6,0,0,300),(150107,0,31974,985929,931450,0,0,0,0,89,0,0,0,37,34,0,0,931450,2210444056,37370856,0,0,0,0,0,0,24,25,1196,0,0),(150110,0,15422,11159017,4090847,0,0,0,0,518,15671633,0,200233,133,102,0,0,4090847,3951878408,20415048,0,454,0,0,0,0,0,0,0,0,0),(150111,0,9314,246430,168815,0,0,0,0,0,0,0,0,5,8,0,0,168815,2210444056,39178936,0,0,0,0,0,0,0,0,0,0,0),(150125,0,2167,21541,3728506,0,0,0,0,94,115,0,0,5,82,147460,18094,3728506,4562390,0,0,714,0,0,0,0,1123,119,0,0,0),(150126,0,74979,5490109,768711,0,0,0,0,622204,747818,0,165599,41,22,0,0,768711,3951878408,20415688,0,0,0,90,0,0,0,0,185,0,0),(150136,0,10761,1254765,1695584,0,0,0,0,10352,0,0,0,10,30,0,0,1695584,3951878408,20419592,0,0,0,72,0,0,0,0,0,0,0),(150137,0,7146,12576979,4669409,0,0,0,0,80279,0,0,0,68,162,0,0,4669409,7,3951878288,0,0,0,0,0,0,0,0,0,17603,0),(150141,0,535,23118,0,0,0,0,0,0,0,0,0,0,0,0,0,0,0,0,0,0,0,0,0,0,0,0,0,63,0),(150163,3950,0,0,0,0,0,0,0,0,0,0,0,0,0,0,0,0,0,0,0,0,0,0,0,0,0,0,0,0,0),(150166,0,14842,1783641,1085870,0,0,0,0,121939,952271,0,0,21,33,0,0,1085870,2210444056,39179832,0,0,0,34,0,0,0,0,37,0,0),(150190,0,3465,2342807,9811916,0,0,0,0,301092,165628,0,28539,19,63,0,0,9811916,150110,3951878304,0,0,0,0,0,0,0,0,0,0,0),(150195,4000,338,3600,2877,0,0,0,0,461,0,0,0,0,0,0,0,2877,753962680,40071176,0,0,0,0,0,0,0,0,0,0,0),(150203,0,436,81652,4553,0,0,0,0,68430,0,0,0,0,1,0,0,0,2580866696,2580866592,0,0,0,0,0,0,0,0,0,0,0),(150207,0,5035,99660,252575,0,0,0,0,0,0,0,0,1,7,0,0,252575,2210444056,39232312,0,0,0,12,0,0,0,0,0,0,0),(150211,0,43084,646594,143567,0,0,0,0,0,0,0,0,20,8,0,0,143567,2210444056,39184504,0,0,0,0,0,0,6,3,445,0,0),(150223,4000,0,0,0,0,0,0,0,0,0,0,0,0,0,0,0,0,0,0,0,0,0,0,0,0,0,0,0,0,0),(150224,0,158,518,61532,0,0,0,0,0,0,0,0,0,6,0,0,61532,3951878408,20415240,0,0,0,0,0,0,0,0,0,5,0),(150225,0,5246,79370,604645,0,0,0,0,2630,0,0,0,5,20,0,0,604645,153322,1852402979,0,0,0,8,0,0,0,0,0,0,0),(150231,4000,0,0,0,0,0,0,0,0,0,0,0,0,0,0,0,0,0,0,0,0,0,0,0,0,0,0,0,0,0),(150248,0,294,1361,86611,0,0,0,0,0,0,0,0,0,3,0,0,86611,150110,1852402979,0,59,0,0,0,0,0,6,0,0,0),(150250,0,4614,884898,958300,0,0,0,0,2416,215541,0,0,6,68,0,0,958300,4562182,2210443952,0,0,0,0,0,0,0,0,0,1179,0),(150251,0,7570,5364353,474630,0,0,0,0,157439,4804076,0,240000,1,24,0,0,474630,4562390,0,0,0,0,21,0,0,2,2,0,0,0),(150261,0,10604,14207056,2113159,0,0,0,0,585725,2898194,0,120000,117,63,0,0,2113159,150261,1852402979,0,0,0,0,0,0,0,0,0,14317,0),(150264,0,313,1412,227393,0,0,0,0,0,1213,0,0,0,9,28062,0,227393,150882,1852402979,0,38,0,0,0,0,2473,16,0,0,0),(150294,0,1460,44772,31299,0,0,0,0,0,0,0,0,1,4,0,0,31299,3951878408,20415176,0,0,0,0,0,0,0,0,0,370,0),(150296,0,2518,227037,232660,0,0,0,0,0,0,0,0,5,15,0,0,232660,152183,1852402979,0,0,0,0,0,0,0,0,0,466,0),(150334,0,6666,134275,170647,0,0,0,0,294,0,0,0,2,6,0,0,170647,753962680,40913416,0,0,0,0,0,0,0,0,0,14,0),(150355,3950,0,0,0,0,0,0,0,0,0,0,0,0,0,0,0,0,0,0,0,0,0,0,0,0,0,0,0,0,0),(150384,0,2451,229830,218817,0,0,0,0,0,0,0,0,6,6,0,0,218817,153462,753962576,0,0,0,0,0,0,0,0,0,197,0),(150418,4000,0,0,0,0,0,0,0,0,0,0,0,0,0,0,0,0,0,0,0,0,0,0,0,0,0,0,0,0,0),(150421,0,8431,11623808,22944140,0,0,0,0,1554299,6771359,63059,546676,26,153,0,0,22944140,150125,1229014051,0,0,0,0,0,0,0,0,0,0,0),(150422,0,40789,508812,120657,0,0,0,0,65409,0,0,0,15,3,0,0,120657,753962680,40077640,0,0,0,0,0,0,0,1,479,0,0),(150438,0,110,1619,180990,0,0,0,0,1331,0,0,0,1,3,0,0,180990,150125,2210443952,0,0,0,0,0,0,186,0,0,0,0),(150442,0,83618,5205127,2857036,0,0,0,0,51151,132013,0,0,99,155,0,0,2857036,154098,753962576,0,0,0,0,0,0,44,0,4661,0,0),(150445,0,0,0,0,0,0,0,0,0,0,0,0,0,0,0,0,329777,153101,1852402979,0,0,0,0,0,0,0,0,0,0,0),(150522,0,1143,13662,13647,0,0,0,0,0,0,0,0,0,1,0,0,13647,3951878408,20419592,0,0,0,0,0,0,0,0,0,20,0),(150535,3850,1265,62497,93555,0,0,0,0,0,0,0,0,1,9,0,0,93555,150110,1852402979,0,0,0,0,0,0,0,0,0,111,0),(150558,0,32955,344835,678166,0,0,0,0,0,6452,0,9773,12,26,0,0,678166,2580866696,33540312,0,0,0,0,0,0,28,0,480,0,0),(150583,0,2479,53570,70686,0,0,0,0,0,0,0,0,2,4,0,0,70686,153115,2580866592,0,0,0,0,0,0,0,0,0,57,0),(150603,0,2000,13616,1748123,0,0,0,0,698,638,0,0,3,29,0,0,1748123,154249,1381188946,0,0,0,0,0,0,2541,0,0,0,0),(150614,0,8776,21403,115453,0,0,0,0,0,0,0,0,1,8,0,0,115453,2580866696,33277608,0,0,0,0,0,0,0,0,0,0,0),(150623,0,0,0,15933,0,0,0,0,0,0,0,0,0,1,0,0,15933,4562070,2580866592,0,0,0,0,0,0,0,0,0,0,0),(150633,0,59074,322037,139602,0,0,0,0,0,0,0,0,8,9,0,0,139602,2210444056,39187064,0,0,0,0,0,0,50,0,220,0,0),(150660,0,33,33,607704,0,0,0,0,0,0,0,0,0,12,0,0,607704,154318,1634038369,0,0,0,0,0,0,170,0,0,0,0),(150698,0,0,0,0,0,0,0,0,0,0,0,0,0,0,0,0,0,0,0,0,0,0,0,0,0,0,0,0,0,0),(150703,0,6666,7934,650152,0,0,0,0,608,0,0,0,2,18,0,0,650152,4562102,0,0,0,0,0,0,0,0,0,0,0,0),(150719,0,1769,3485,0,0,0,0,0,0,0,0,0,0,0,0,0,0,2580866696,2580866592,0,0,0,0,0,0,0,0,0,2,0),(150728,0,1066,2943,177630,0,0,0,0,0,0,0,0,0,6,0,0,177630,1216417196,1216417196,0,9,43,0,0,0,0,0,0,0,0),(150739,0,2930,128822,276280,0,0,0,0,68341,0,0,0,2,8,0,0,276280,2210444056,39204792,0,0,0,1,0,0,0,0,0,0,0),(150754,0,2181,9396,398479,0,0,0,0,0,0,0,0,0,10,0,0,398479,4562070,0,8,57,161,0,0,0,0,0,0,0,0),(150757,0,13478,99707,59979,0,0,0,0,0,0,36763,0,38,7,0,0,59979,753962680,753962576,0,0,0,0,0,0,0,0,0,0,0),(150759,0,0,0,8205,0,0,0,0,0,0,0,0,0,3,0,0,8205,0,0,0,0,0,0,0,0,0,0,0,0,0),(150767,0,1798,11220,1293165,0,0,0,0,1,0,0,0,0,42,484992,9361,1293165,4562102,0,0,432,0,0,0,0,2621,55,0,0,0),(150772,0,48,98,564895,0,0,0,0,0,0,0,0,0,14,9755,2882,564895,4562102,0,0,34,0,0,0,0,128,6,0,0,0),(150775,0,12009,87237,772367,0,0,0,0,106,0,0,0,36,52,0,0,772367,153978,1229014051,0,28,18,0,0,0,0,0,0,0,0),(150792,4000,0,0,0,0,0,0,0,0,0,0,0,0,0,0,0,0,0,0,0,0,0,0,0,0,0,0,0,0,0),(150827,0,0,0,27342,0,0,0,0,0,0,0,0,0,1,0,0,0,0,0,0,0,0,0,0,0,0,0,0,0,0),(150839,3900,0,0,0,0,0,0,0,0,0,0,0,0,0,0,0,0,0,0,0,0,0,0,0,0,0,0,0,0,0),(150843,0,0,0,0,0,0,0,0,0,0,0,0,0,0,0,0,178243,2210444056,39181560,0,0,0,0,0,0,0,0,0,0,0),(150844,0,10483,58809,97642,0,0,0,0,0,0,0,0,1,6,0,0,97642,150845,1634231075,0,0,0,0,11,0,0,0,0,0,0),(150845,0,152579,1758259,108648,0,0,0,0,0,1623124,0,0,1,3,0,0,108648,4562182,0,0,0,0,0,0,0,0,6,195,0,0),(150848,0,35210,3051725,485376,0,0,0,0,1536,0,0,0,70,29,0,0,485376,2210444056,39232376,0,0,0,0,470,44,0,0,0,0,0),(150883,0,57780,6439188,1877627,0,0,0,0,5,13020,0,0,129,48,0,0,1877627,4562102,0,0,0,0,0,1436,117,399,0,0,0,0),(150916,0,7842,155730,95994,0,0,0,0,0,0,0,0,4,4,0,0,95994,753962680,40917704,0,0,0,0,0,0,0,0,0,0,0),(150920,0,4696,98432,0,0,0,0,0,0,0,0,0,0,0,0,0,0,0,0,0,0,0,0,0,0,0,0,0,56,0),(150922,0,29058,879234,971653,0,0,0,0,66668,0,0,0,39,35,0,0,971653,3465999864,3465999760,0,0,0,23,0,0,0,0,0,0,0),(150963,0,8100,791096,143835,0,0,0,0,0,0,0,0,18,1,0,0,143835,2210444056,39181560,0,0,0,0,0,0,0,0,0,0,0),(150964,0,1095,54241,140613,0,0,0,0,42409,0,0,5666,0,4,0,0,140613,2210444056,39181560,0,0,0,0,0,0,0,0,0,0,0),(150994,0,0,0,22124,0,0,0,0,0,0,0,0,0,1,0,0,0,0,0,0,0,0,0,0,0,0,0,0,0,0),(150998,0,26836,793457,632609,0,0,0,0,0,0,0,0,32,23,0,0,632609,28405932,2580866576,0,0,0,0,0,0,108,98,894,0,0),(151021,0,0,0,55542,0,0,0,0,0,0,0,0,0,1,0,0,55542,153662,1852402979,0,0,21,0,0,0,0,0,0,0,0),(151049,0,9024,160646,39881,0,0,0,0,0,0,0,0,6,3,0,0,39881,2210444056,39179832,0,21,13,0,0,0,0,0,0,0,0),(151059,0,2275,4655348,99176,0,0,0,0,15351,4485919,0,120000,1,1,0,0,99176,153540,1852402979,0,0,0,0,0,0,0,0,0,0,448500),(151061,4000,0,0,0,0,0,0,0,0,0,0,0,0,0,0,0,0,0,0,0,0,0,0,0,0,0,0,0,0,0),(151074,0,3988,241066,92958,0,0,0,0,54,0,0,0,4,6,0,0,92958,0,0,0,0,0,0,0,0,0,0,0,0,0),(151083,0,3290,357997,2071296,0,0,0,0,5334,912,0,0,7,22,0,0,2071296,4562182,0,0,0,0,0,0,0,4207,17,0,0,0),(151095,0,71612,1647678,172343,0,0,0,0,1523,0,0,0,39,15,0,0,172343,4562182,0,0,0,0,0,0,0,0,0,1151,0,0),(151096,0,95,760,339116,0,0,0,0,0,0,0,0,0,14,0,0,339116,154063,753962576,0,0,0,0,0,0,0,0,0,0,0),(151102,0,5434,6431,659013,0,0,0,0,1,0,0,0,0,23,5934,2016,659013,152708,1819044171,0,74,0,0,0,0,5088,30,0,0,0),(151138,4000,1621,262941,375459,0,0,0,0,2093,180284,0,0,0,15,0,0,375459,150224,1852402979,0,0,0,0,0,0,0,0,0,0,0),(151160,0,20460,20460,0,0,0,0,0,0,0,0,0,0,0,0,0,0,0,0,0,0,0,0,0,0,0,0,5,0,0),(151163,0,10720,665955,1278824,0,0,0,0,1572,1443281,0,0,119,56,0,0,1278824,150657,1852402979,0,43,43,0,0,0,0,0,0,0,0),(151166,0,458,658,11060,0,0,0,0,658,0,0,0,0,1,0,0,11060,753962680,40920840,0,0,0,0,0,0,0,0,0,0,0),(151168,3900,0,0,0,0,0,0,0,0,0,0,0,0,0,0,0,0,0,0,0,0,0,0,0,0,0,0,0,0,0),(151225,0,7409,1780367,362397,0,0,0,0,138725,0,0,0,11,11,0,0,362397,4562102,0,0,0,0,0,0,0,0,0,0,1137,0),(151241,0,5539,544508,31380,0,0,0,0,2421,0,0,0,13,4,0,0,31380,152444,1852402979,0,0,0,0,0,0,0,0,0,403,0),(151245,0,6666,13426,36391,0,0,0,0,41,0,0,0,0,2,0,0,36391,4562102,0,0,0,0,0,0,0,0,0,0,0,0),(151246,3950,0,0,0,0,0,0,0,0,0,0,0,0,0,0,0,0,0,0,0,0,0,0,0,0,0,0,0,0,0),(151267,0,152,900,15936,0,0,0,0,0,900,0,0,0,1,0,0,15936,2210444056,39185400,0,0,0,0,0,0,0,0,5,0,0),(151287,0,6628,6628,21108,0,0,0,0,0,0,0,0,0,2,0,0,21108,153620,1852402979,0,0,0,0,0,0,0,0,20,0,0),(151294,0,916,5327,150157,0,0,0,0,4,64,0,311,0,13,0,0,150157,4562390,0,0,0,0,0,0,0,23,14,0,0,0),(151304,0,8437,388605,973820,0,0,0,0,229973,0,0,70655,1,43,0,0,973820,2210444056,39182200,0,0,0,14,0,0,0,0,10,0,0),(151321,3850,314,1839,70137,0,0,0,0,0,0,0,0,0,3,0,0,70137,753962680,38336552,0,0,0,0,0,0,2,2,0,0,0),(151340,0,1215,18719,1622533,0,0,0,0,9432,0,0,0,1,55,0,0,1622533,2210444032,4084632492,4,308,636,0,0,0,0,0,0,0,0),(151349,0,30,3024,56073,0,0,0,0,3021,0,0,0,0,2,0,0,56073,753962680,40073352,0,0,0,0,0,0,0,0,0,0,0),(151365,0,1270,37589,1244123,0,0,0,0,22499,140,2914,0,1,42,0,0,1244123,753962656,791650204,0,0,0,0,0,0,0,0,0,0,0),(151381,0,4444,23979,729469,0,0,0,0,1489,0,0,0,0,17,0,0,729469,2210444056,39181624,0,0,0,0,0,0,0,0,0,0,0),(151390,0,129,4297,195868,0,0,0,0,2029,0,0,0,1,3,0,0,195868,753962680,40129352,0,0,0,0,0,0,833,0,0,0,0),(151440,0,1645,3723549,285244,0,0,0,0,108079,3606904,0,0,0,7,0,0,285244,2210444056,39212920,0,0,0,0,0,0,0,0,0,0,0),(151448,0,0,0,0,0,0,0,0,0,0,0,0,0,0,0,0,65,4562070,1604412832,0,0,0,0,0,0,0,0,5,0,0),(151458,0,28069,61443,31287,0,0,0,0,0,0,0,0,2,1,0,0,31287,152313,1852402979,0,0,0,0,0,0,0,0,66,0,0),(151474,0,14893,72473,100228,0,0,0,0,0,0,0,0,4,5,0,0,100228,154315,1229014051,0,0,0,0,0,0,0,0,180,0,0),(151477,0,9556,674791,333132,0,0,0,0,0,0,0,0,10,9,0,0,333132,2580866696,33546008,0,0,0,0,171,17,4,0,0,0,0),(151488,0,370,736,9342,0,0,0,0,0,0,0,0,0,0,0,0,9342,150125,1229014051,0,0,0,0,0,0,0,0,0,0,0),(151503,3900,0,0,0,0,0,0,0,0,0,0,0,0,0,0,0,0,0,0,0,0,0,0,0,0,0,0,0,0,0),(151514,0,0,0,117522,0,0,0,0,0,0,0,0,1,3,0,0,117522,152966,1129531725,0,0,0,0,0,0,486,0,0,0,0),(151528,0,9997,759516,834680,0,0,0,0,0,0,0,0,27,17,0,0,834680,153252,1852402979,0,0,0,0,0,0,0,0,0,0,516000),(151544,0,1805,48906,832750,0,0,0,0,56,0,0,0,1,28,0,0,832750,2210444056,39187320,0,0,0,0,0,0,4827,235,0,0,0),(151558,0,643,18835,133154,0,0,0,0,0,0,0,0,1,5,0,0,133154,2210444056,39180920,0,0,0,0,0,0,0,0,0,0,0),(151581,0,2152,187254,177438,0,0,0,0,16,0,0,0,1,6,0,0,177438,2210444056,39224952,0,0,0,0,0,0,0,0,0,0,0),(151587,0,5056,347500,108135,0,0,0,0,0,0,0,0,5,5,0,0,108135,3465999864,23831880,0,0,0,0,0,0,0,0,0,287,0),(151604,0,0,0,30734,0,0,0,0,0,0,0,0,0,1,0,0,30734,4562070,0,0,0,0,0,0,0,0,0,0,0,0),(151611,0,107122,24297324,5468500,0,0,0,0,202693,161995,37214,222676,590,105,0,0,5468500,4562390,0,0,0,0,0,0,0,933,231,20024,0,0),(151618,0,2286,18205,1787409,0,0,0,0,0,446,0,0,0,49,387645,7212,1787409,753962680,40921224,0,218,0,0,0,0,7308,182,0,0,0),(151629,0,0,0,0,0,0,0,0,0,0,0,0,0,0,0,0,0,0,0,0,0,0,0,0,0,0,0,0,2,0),(151644,0,0,0,6456,0,0,0,0,0,0,0,0,0,1,0,0,6456,154128,1852402979,0,0,0,1,0,0,0,0,0,0,0),(151685,0,48730,16727191,3349347,0,0,0,0,58984,13469,0,0,350,59,0,0,3349347,2210444056,39183672,0,0,0,0,2823,60,104,0,0,0,0),(151696,0,4726,561581,101845,0,0,0,0,0,0,0,0,5,8,0,0,101845,2580866696,33309672,0,0,0,0,0,0,0,0,0,384,0),(151713,0,1584,8873,101575,0,0,0,0,0,0,0,0,0,4,0,0,101575,753962680,40070728,0,0,0,1,0,0,0,0,0,0,0),(151725,4000,0,0,0,0,0,0,0,0,0,0,0,0,0,0,0,0,0,0,0,0,0,0,0,0,0,0,0,0,0),(151745,0,389,7391,108045,0,0,0,0,0,0,0,0,0,5,0,0,108045,4563892,3951878304,0,0,0,0,0,0,0,0,0,0,0),(151746,0,18216,12639047,1691506,0,0,0,0,0,0,0,0,136,16,0,0,1691506,151294,1229014051,0,0,0,0,1630,122,48,0,0,0,0),(151747,4000,16672,306865,197671,0,0,0,0,55817,43199,0,120000,0,7,0,0,197671,152398,1852402979,0,0,0,8,0,0,0,0,0,0,0),(151748,0,28209,9370861,1017073,0,0,0,0,1001296,8141689,0,62071,1,24,0,0,1017073,151748,2003127843,0,0,0,53,0,0,0,0,0,0,0),(151758,0,64,237,172345,0,0,0,0,0,0,0,0,0,7,2318,0,172345,2210444056,39179128,0,3,0,0,0,0,68,0,0,0,0),(151765,0,911,3353,153232,0,0,0,0,24,0,0,0,0,4,0,0,153232,4562102,0,0,12,27,0,0,0,0,0,0,0,0),(151780,3950,83872,2567513,957776,0,0,0,0,0,0,0,0,54,34,0,0,957776,154251,1229014051,0,0,0,0,0,0,0,14,896,0,0),(151787,4000,61708,496955,60080,0,0,0,0,0,0,0,0,15,2,0,0,60080,153639,1852402979,0,0,0,0,0,0,28,14,240,0,0),(151792,0,4442,38591,52750,0,0,0,0,0,0,0,0,2,3,0,0,52750,152020,1852402979,0,15,0,0,0,0,0,0,0,0,0),(151797,0,10741,93534,115111,0,0,0,0,120,0,0,0,4,3,0,0,115111,153722,1852402979,0,0,0,0,0,0,0,0,0,0,0),(151839,0,0,0,33882,0,0,0,0,0,0,0,0,0,1,0,0,33882,753962680,40135688,0,0,0,0,0,0,0,0,0,0,0),(151851,0,4874,22192,77936,0,0,0,0,0,0,0,0,6,7,0,0,77936,150939,1852402979,0,0,0,0,0,0,0,0,0,0,0),(151867,0,2836,5655,346725,0,0,0,0,0,0,0,0,12,14,0,0,346725,0,0,0,0,0,0,0,0,0,0,0,0,0),(151877,0,86977,1732240,796481,0,0,0,0,8675,307776,0,168219,27,21,0,0,796481,753962680,40093832,0,0,0,0,0,0,50,9,830,0,0),(151906,0,0,0,60888,0,0,0,0,0,0,0,0,0,2,0,0,60888,4562102,0,0,0,0,0,0,0,0,0,0,0,0),(151985,0,0,0,39787,0,0,0,0,0,0,0,0,0,1,0,0,39787,154063,753962576,0,0,0,0,0,0,0,0,30,0,0),(151990,0,31721,1453543,798061,0,0,0,0,42621,0,0,0,39,24,0,0,798061,4563604,753962560,0,0,0,43,0,0,0,0,0,0,0),(152004,0,88,968,3188810,0,0,0,0,0,0,0,0,0,51,0,0,3188810,152708,1852402979,0,611,1553,0,0,0,0,0,0,0,0),(152012,3950,0,0,0,0,0,0,0,0,0,0,0,0,0,0,0,0,0,0,0,0,0,0,0,0,0,0,0,0,0),(152030,0,2265,11275,1983487,0,0,0,0,434,0,0,0,1,49,0,0,1983487,151514,1852402979,0,908,1109,0,0,0,0,0,0,0,0),(152064,0,964,18402,7087,0,0,0,0,18402,0,0,0,0,1,0,0,7087,152832,753962576,0,0,0,0,0,0,0,0,0,0,0),(152082,0,21751,1910419,1736350,0,0,0,0,6119,13279331,0,6349,210,57,0,0,1736350,150224,1147093840,0,444,378,0,0,0,0,0,0,0,0),(152084,0,158074,1130526,208124,0,0,0,0,0,0,0,0,12,15,0,0,208124,2210444056,39204344,0,0,0,0,0,0,0,0,285,0,0),(152116,0,0,0,7254,0,0,0,0,0,0,0,0,0,2,0,0,7254,153173,1852402979,0,0,0,0,0,0,0,0,0,0,0),(152137,0,19692,148621,990239,0,0,0,0,1631,1992041,0,0,110,51,0,0,990239,753962680,40073416,0,19,19,0,0,0,0,0,0,0,0),(152154,0,59,1741,595969,0,0,0,0,4,0,0,59,1,8,0,0,595969,4562182,0,0,0,0,0,0,0,45,0,0,0,0),(152155,0,3500,196983,120584,0,0,0,0,1,0,0,0,3,3,286,0,120584,2210444056,39218616,0,0,0,0,0,0,2,0,0,0,0),(152191,0,61222,2522802,2033621,0,0,0,0,7936,182079,0,0,66,51,0,0,2033621,153917,1852402979,0,0,0,0,0,0,1,25,2055,0,0),(152203,3950,0,0,0,0,0,0,0,0,0,0,0,0,0,0,0,0,0,0,0,0,0,0,0,0,0,0,0,0,0),(152211,3950,5400,597123,124473,0,0,0,0,411,0,0,0,21,4,0,0,124473,4562182,0,0,0,0,0,0,0,0,0,0,0,0),(152235,3900,0,0,0,0,0,0,0,0,0,0,0,0,0,0,0,0,0,0,0,0,0,0,0,0,0,0,0,0,0),(152263,0,144,1487,47445,0,0,0,0,1481,0,0,0,0,3,0,0,47445,4562102,0,0,0,0,0,0,0,0,0,0,0,0),(152284,0,3983,145060,750725,0,0,0,0,66507,0,0,0,5,13,0,0,750725,2580866696,33534936,0,0,0,0,0,0,0,0,0,0,0),(152285,4000,3544,27900,209456,0,0,0,0,898,0,0,0,2,15,0,0,209456,4562102,0,0,0,0,0,0,0,908,11,0,0,0),(152286,0,2000,105377,1816867,0,0,0,0,7240,193,0,11729,1,22,0,0,1816867,7,753962560,0,0,0,0,0,0,6578,0,0,0,0),(152296,0,8,28,254451,0,0,0,0,20,0,0,0,0,6,0,0,254451,154147,1852402979,0,0,0,0,0,0,16,0,0,0,0),(152308,0,7200,1186152,56320,0,0,0,0,0,0,0,0,11,2,0,0,56320,2210444056,39180664,0,0,0,0,0,0,0,0,0,0,0),(152313,0,6000,2703056,1720632,0,0,0,0,1364,0,40250,0,24,64,0,0,1720632,152313,1852402979,0,0,0,0,0,0,0,0,0,3,0),(152326,0,1902,41362,159393,0,0,0,0,0,0,0,0,1,5,0,0,159393,153163,1852402979,0,0,0,0,0,0,0,0,0,0,81500),(152328,0,582,5219,8144,0,0,0,0,0,0,0,0,0,1,0,0,8144,3951878408,20419592,0,0,0,0,0,0,0,0,0,0,0),(152329,0,1836,35269,1415978,0,0,0,0,18015,1195,0,0,0,25,0,0,1415978,2210444056,39185720,27,179,843,0,0,0,0,0,0,0,0),(152351,3750,0,0,0,0,0,0,0,0,0,0,0,0,0,0,0,1442090,153007,1852402979,0,0,0,0,0,0,0,0,0,0,5000),(152354,0,0,0,94836,0,0,0,0,0,0,0,0,0,5,0,0,94836,153483,1147093840,0,0,0,0,0,0,426,123,0,0,0),(152357,0,8625,797161,122515,0,0,0,0,4626,0,0,0,23,4,0,0,122515,2210444032,4084630332,0,42,1,0,0,0,0,0,0,0,0),(152370,0,1455,7731,1629082,0,0,0,0,237,1245,0,794,0,34,7087,0,1629082,4562102,0,0,58,0,0,0,0,1342,46,0,0,0),(152380,0,2235,389449,327976,0,0,0,0,0,0,0,0,14,13,0,0,327976,0,0,0,0,0,0,0,0,0,0,0,0,0),(152398,0,223,19715,2956166,0,0,0,0,7248,2461,0,0,0,28,0,0,2956166,153264,1852402979,0,0,0,0,0,0,10179,0,0,0,0),(152407,4000,3636,8766,47856,0,0,0,0,0,74697,0,0,0,5,0,0,47856,154161,1852402979,0,3,0,0,0,0,0,0,0,0,0),(152440,0,2434,2570506,2375779,0,0,0,0,148869,0,0,0,15,37,0,0,2375779,150136,1852402979,0,0,0,0,0,0,0,0,0,0,0),(152449,0,9820,3533750,1856082,0,0,0,0,108718,0,0,0,47,71,0,0,1856082,152016,1852402979,0,0,0,0,0,0,0,0,0,0,0),(152471,0,145389,9236649,2029268,0,0,0,0,77975,634230,0,81580,177,50,0,0,2029268,151705,1852402979,0,0,0,0,0,0,57,7,7366,0,0),(152474,0,2786,19031,337376,0,0,0,0,149,0,0,0,0,13,0,0,337376,753962680,40178248,0,0,0,0,0,0,0,0,0,6,0),(152491,0,35925,992917,603538,0,0,0,0,45135,0,0,0,27,29,0,0,603538,2210444056,39209656,0,0,0,0,0,0,11,0,2283,0,0),(152500,0,21337,792553,311123,0,0,0,0,0,0,0,0,23,11,0,0,311123,151115,1852402979,0,0,0,0,168,1,15,0,0,0,0),(152501,0,138,737,865000,0,0,0,0,0,104,0,0,0,26,132238,8918,865000,4562182,0,0,166,0,0,0,0,193,54,0,0,0),(152518,0,4680,554009,325625,0,0,0,0,35654,2245,0,0,19,28,0,0,325625,4562182,0,0,0,0,0,0,0,1,9,0,0,0),(152521,0,2490,215241,294538,0,0,0,0,0,0,0,57929,2,10,0,0,294538,154251,2210444032,0,0,0,0,0,0,0,0,0,496,0),(152551,0,1098,1538,248,0,0,0,0,0,0,0,0,0,0,0,0,248,2580866696,2580866592,0,0,0,0,0,0,0,0,32,808,170),(152552,0,837,1312,1215430,0,0,0,0,192,0,0,79,2,28,0,0,1215430,4562182,0,0,0,0,0,0,0,139,2,0,0,100),(152587,0,89469,105727,67013,0,0,0,0,0,90705,0,0,1,1,0,0,67013,753962680,40905288,0,0,0,0,0,0,0,0,20,0,0),(152590,0,0,0,0,0,0,0,0,0,0,0,0,0,0,0,0,371702,150011,1852402979,0,0,0,0,0,0,0,0,5,0,0),(152591,0,5064,341972,355303,0,0,0,0,0,0,0,0,9,7,0,0,355303,2210444056,39194232,0,0,0,0,0,0,0,0,0,0,0),(152592,3650,3479,2304504,4761095,0,0,0,0,206864,1459652,8127,141419,4,84,0,0,4761095,154198,1229014051,0,0,0,0,0,0,0,0,105,0,0),(152599,0,94,512,17386,0,0,0,0,363,0,0,0,0,2,0,0,0,0,0,0,0,0,0,0,0,0,0,0,0,0),(152603,0,46377,3578247,1131850,0,0,0,0,7873,0,0,0,44,54,0,0,1131850,3951878408,20415368,0,0,0,0,0,0,1,0,3038,0,0),(152611,0,0,0,0,0,0,0,0,0,0,0,0,0,0,0,0,0,0,0,0,0,0,0,0,0,0,0,0,0,0),(152615,0,0,0,0,0,0,0,0,0,0,0,0,0,0,0,0,0,0,0,0,0,0,0,0,0,0,0,15,0,0),(152622,0,3873,7848786,2151475,0,0,0,0,0,7046588,0,598600,5,4,0,0,2151475,2210444056,39179832,0,0,0,0,0,0,0,0,0,0,0),(152641,0,13461,2093471,685302,0,0,0,0,0,0,0,0,18,32,0,0,685302,753962680,40196232,0,0,0,0,430,36,48,5,0,0,0),(152643,0,232,5424,4536537,0,0,0,0,299,4446,0,0,2,67,0,0,4536537,154026,753962576,0,81,2243,0,0,0,0,0,0,0,0),(152645,0,0,0,429500,0,0,0,0,0,0,0,0,0,21,0,0,429500,152474,1852402979,0,0,0,0,0,0,0,0,0,0,0),(152649,3950,735,3516,976890,0,0,0,0,1,0,0,0,1,8,0,0,976890,2580866696,33270312,0,0,0,0,0,0,570,44,0,0,0),(152655,0,14453,1013107,1859346,0,0,0,0,137566,0,0,175548,21,78,0,0,1859346,154240,1147093840,0,0,0,60,0,0,0,0,0,0,0),(152658,0,46780,9578544,2044776,0,0,0,0,0,8370,0,0,192,53,0,0,2044776,153563,1852402979,0,0,0,0,2057,65,261,0,0,0,0),(152671,0,21559,102622,70936,0,0,0,0,0,0,0,0,3,4,0,0,70936,4563892,3951878304,0,0,0,6,0,0,0,0,0,0,0),(152672,0,25410,25410,45752,0,0,0,0,0,0,0,0,0,2,0,0,45752,2210444056,39218872,0,0,0,0,0,0,0,0,5,0,0),(152694,0,613,4059,0,0,0,0,0,0,0,0,0,0,0,0,0,0,0,0,0,0,0,0,0,0,0,0,0,12,0),(152705,3925,0,0,0,0,0,0,0,0,0,0,0,0,0,0,0,0,0,0,0,0,0,0,0,0,0,0,0,0,0),(152708,3975,140176,23760907,7922503,0,0,0,0,695736,4139595,0,460092,415,132,0,0,7922503,4084477356,4084477356,0,0,0,0,0,0,216,68,16264,0,0),(152710,0,1678,13091,88214,0,0,0,0,0,0,0,0,0,12,0,0,88214,152805,1852402979,0,0,0,0,0,0,0,0,0,14,0),(152713,0,1055,47919,42875,0,0,0,0,35610,0,0,0,0,2,0,0,42875,0,0,0,0,0,0,0,0,0,0,0,0,0),(152717,0,12517,12517,0,0,0,0,0,0,0,0,0,0,1,0,0,0,2580866696,2580866592,0,0,0,0,0,0,0,0,5,0,0),(152731,0,1287,7893,819911,0,0,0,0,1,0,0,0,0,22,0,0,819911,753962680,40199432,4,154,210,0,0,0,0,0,0,0,0),(152733,4000,0,0,0,0,0,0,0,0,0,0,0,0,0,0,0,0,0,0,0,0,0,0,0,0,0,0,0,0,0),(152747,0,13040,337624,9166,0,0,0,0,0,0,0,0,6,1,0,0,9166,151294,1852402979,0,0,0,0,52,0,0,0,0,0,0),(152750,0,32937,32937,9857,0,0,0,0,0,0,0,0,1,2,0,0,9857,0,0,0,0,0,0,0,0,0,0,40,0,0),(152762,0,11793,174059,1044799,0,0,0,0,0,370970,0,0,27,64,0,0,1044799,154253,1147093840,0,122,0,0,0,0,0,0,0,0,0),(152763,0,67177,370228,466700,0,0,0,0,71041,0,0,0,7,30,0,0,466700,2210444056,39181560,0,0,0,0,0,0,12,24,291,0,0),(152770,0,0,0,3464,0,0,0,0,0,0,0,0,0,1,0,0,3464,154132,1852402979,0,0,0,0,0,0,0,0,0,0,0),(152786,0,45260,16083569,1627192,0,0,0,0,186,25936,0,0,339,43,0,0,1627192,152882,1886222695,0,0,0,0,3662,247,377,0,0,0,0),(152808,0,3110,454760,401641,0,0,0,0,0,16805,0,0,2,21,0,0,401641,3465999864,23861128,0,0,0,0,0,0,0,0,0,811,0),(152811,0,21770,5471947,771650,0,0,0,0,0,3380,0,0,123,11,0,0,771650,4562102,0,0,0,0,0,1014,16,0,0,0,0,0),(152812,0,8820,3083623,1828644,0,0,0,0,17860,1359384,0,3446,7,47,107969,9125,1828644,3951878408,20419592,0,0,0,0,0,0,709,10,0,0,0),(152826,0,25310,48509,288455,0,0,0,0,1892,0,0,0,0,11,0,0,288455,4562102,0,0,0,0,0,0,0,6,1,122,0,0),(152829,0,68850,1937485,1068513,0,0,0,0,3761,0,0,0,46,56,0,0,1068513,153681,1852402979,0,0,0,0,0,0,33,16,1284,0,0),(152830,4000,57990,2732965,891627,0,0,0,0,28,830,0,0,34,60,0,0,891627,7,753962576,0,0,0,0,494,40,154,4,0,0,0),(152833,3950,0,0,0,0,0,0,0,0,0,0,0,0,0,0,0,0,0,0,0,0,0,0,0,0,0,0,0,0,0),(152838,0,1902,106731,11538,0,0,0,0,0,0,0,0,0,1,0,0,11538,154168,1147093840,0,0,0,0,0,0,0,0,0,155,0),(152839,3950,0,0,0,0,0,0,0,0,0,0,0,0,0,0,0,0,0,0,0,0,0,0,0,0,0,0,0,0,0),(152882,0,89,156,1668749,0,0,0,0,35,0,0,0,0,44,0,0,1668749,154121,1852402979,0,0,0,0,0,0,0,0,0,0,0),(152884,4000,0,0,3983,0,0,0,0,0,0,0,0,0,3,0,0,3983,753962680,753962576,0,0,0,0,0,0,0,0,0,0,0),(152885,0,2000,506542,1141882,0,0,0,0,2116,0,0,0,8,12,0,0,1141882,2210444056,39194232,0,0,0,0,0,0,1775,2,0,0,0),(152887,0,6480,193490,382094,0,0,0,0,27,0,1,0,6,37,0,0,382094,4562182,0,0,0,0,0,0,0,0,0,0,0,0),(152889,0,16005,3948138,876032,0,0,0,0,128,6488,0,0,89,14,0,0,876032,753962680,40092552,0,0,0,0,756,8,8,0,0,0,0),(152890,0,126,1961,2296798,0,0,0,0,1054,0,0,0,0,40,0,0,2296798,153681,1852402979,0,1385,2043,0,0,0,0,0,0,0,0),(152896,0,118,2093,897262,0,0,0,0,1188,0,0,0,0,8,0,0,897262,154194,1852402979,0,0,0,0,0,0,3087,0,0,0,0),(152902,4000,0,0,0,0,0,0,0,0,0,0,0,0,0,0,0,0,0,0,0,0,0,0,0,0,0,0,0,0,0),(152905,3800,0,0,0,0,0,0,0,0,0,0,0,0,0,0,0,0,0,0,0,0,0,0,0,0,0,0,0,0,0),(152907,0,804,52589,169364,0,0,0,0,0,0,0,0,3,5,0,0,169364,2210444056,39183672,0,0,0,0,0,0,0,27,0,0,0),(152912,4000,46788,489097,793917,0,0,0,0,16159,0,0,0,10,30,0,0,793917,2210444056,39221368,0,0,0,0,0,0,0,0,335,0,0),(152924,0,6429,806441,1222965,0,0,0,0,34,5598333,0,0,36,62,0,0,1222965,150072,753962576,0,311,311,0,0,0,0,0,0,0,0),(152928,0,660,660,14433,0,0,0,0,0,100510,0,0,0,3,0,0,14433,3465999864,3465999760,0,0,0,0,0,0,0,0,0,0,0),(152952,0,17544,397748,213575,0,0,0,0,0,2374917,0,0,13,13,0,0,213575,153711,1852402979,0,4,0,0,0,0,0,0,0,0,0),(152966,0,187045,3554674,488639,0,0,0,0,0,0,0,0,49,30,0,0,488639,4562390,0,0,0,0,0,0,0,2,27,929,0,0),(152970,0,1650,5892,93803,0,0,0,0,1616,0,0,0,0,2,0,0,93803,4562390,0,0,0,0,0,0,0,914,30,0,0,0),(152973,0,8424,350972,223202,0,0,0,0,0,0,0,0,1,20,0,0,223202,2210444056,39194232,0,22,0,0,0,0,0,0,0,0,0),(153002,0,161,657,1038380,0,0,0,0,65,2516,0,0,0,29,0,0,1038380,154044,1852402979,84,767,762,0,0,0,0,0,0,0,0),(153059,0,57,539,385965,0,0,0,0,8,0,0,0,1,5,0,0,385965,152603,1852402979,0,0,0,0,0,0,1581,0,0,0,0),(153063,0,4339,222233,675853,0,0,0,0,0,0,0,0,8,8,0,0,675853,2210444056,37370408,0,0,0,0,0,0,0,0,0,0,0),(153068,0,0,0,1334,0,0,0,0,0,0,0,0,0,1,0,0,0,0,0,0,0,0,0,0,0,0,0,0,0,0),(153090,0,23,177,169511,0,0,0,0,154,0,0,0,0,4,0,0,169511,753962680,40106120,0,34,34,0,0,0,0,0,0,0,0),(153092,4000,0,0,0,0,0,0,0,0,0,0,0,0,0,0,0,0,0,0,0,0,0,0,0,0,0,0,0,0,0),(153101,0,2355,2355,2019,0,0,0,0,0,0,0,0,0,2,0,0,0,0,0,0,0,0,0,0,0,0,0,0,0,0),(153127,0,1177,213982,191717,0,0,0,0,189628,0,0,0,0,4,0,0,191717,753962680,40905544,0,0,0,0,0,0,0,0,0,0,0),(153132,0,558,7512,880061,0,0,0,0,4589,0,0,0,0,32,0,0,880061,152183,1229014051,0,0,0,0,0,0,0,0,0,0,0),(153136,0,0,0,0,0,0,0,0,0,0,0,0,0,0,0,0,0,0,0,0,0,0,0,0,0,0,0,0,0,0),(153158,0,4444,10604,1032932,0,0,0,0,300,1463,0,0,1,28,0,0,1032932,753962680,40199560,0,0,0,0,0,0,0,0,0,0,0),(153163,0,10212,6182698,1434232,0,0,0,0,208767,1066827,0,0,47,43,0,0,1434232,4562182,0,0,0,0,0,0,0,0,0,0,0,0),(153173,0,141,29797,829074,0,0,0,0,0,0,0,0,3,16,0,0,829074,150110,1229014051,0,0,0,0,0,0,26,0,0,0,0),(153179,0,73169,6816459,4453740,0,0,0,0,130852,43161,178170,123185,134,115,0,0,4453740,2210444056,39181560,0,0,0,0,0,0,6,48,4681,0,0),(153198,3950,0,0,0,0,0,0,0,0,0,0,0,0,0,0,0,0,0,0,0,0,0,0,0,0,0,0,0,0,0),(153208,0,116,592,418927,0,0,0,0,0,0,0,0,0,19,0,0,418927,753962680,40907656,0,0,0,0,0,0,0,0,0,0,0),(153209,0,0,0,0,0,0,0,0,0,0,0,0,0,0,0,0,0,0,0,0,0,0,0,0,0,0,0,10,0,0),(153227,0,43585,157714,3168,0,0,0,0,0,0,0,0,1,0,0,0,3168,2210444056,39179832,0,0,0,0,0,0,0,0,75,0,0),(153240,0,6,12,845268,0,0,0,0,0,0,0,0,0,14,0,0,845268,150572,1852402979,0,0,0,0,0,0,0,0,0,0,0),(153269,0,50970,3390958,339749,0,0,0,0,27,984,0,0,79,18,0,0,339749,4563604,753962576,0,0,0,0,587,7,48,1,0,0,0),(153283,0,0,0,29446,0,0,0,0,0,0,0,0,0,3,0,0,29446,4562182,0,0,0,0,0,0,0,0,0,0,0,0),(153326,0,31315,3055772,2300373,0,0,0,0,361308,0,0,16955,43,68,0,0,2300373,2210444056,39194232,0,0,0,92,0,0,0,0,25,0,0),(153348,0,870,7260,19916,0,0,0,0,0,0,0,0,0,4,0,0,19916,153291,1852402979,0,0,0,0,0,0,0,0,0,9,0),(153525,0,11562,1208890,139088,0,0,0,0,412,0,0,0,24,5,0,0,139088,2210444056,39189624,0,0,0,0,245,0,0,0,0,0,0),(153527,0,378,12023,1715289,0,0,0,0,9487,234,0,0,0,25,0,0,1715289,4562182,0,11,94,673,0,0,0,0,0,0,0,0),(153533,0,3116,49876,137873,0,0,0,0,3714,0,0,4793,0,3,0,0,137873,152038,1852402979,0,0,0,0,0,0,0,0,0,0,0),(153540,0,594,1884,75295,0,0,0,0,139,0,0,0,0,4,0,0,75295,3951878408,20416904,0,0,0,0,0,0,566,2,0,0,0),(153545,0,5582,495438,406980,0,0,0,0,0,363616,0,0,1,7,0,0,406980,2210444056,39199544,0,0,0,0,0,0,601,0,0,0,0),(153554,0,0,0,4566,0,0,0,0,0,0,0,0,0,1,0,0,4566,152812,1852402979,0,0,0,0,0,0,0,0,0,0,0),(153559,0,1669,10382,461591,0,0,0,0,0,1370,0,0,1,5,0,0,461591,753962680,40913800,0,0,0,0,0,0,0,0,0,0,0),(153568,0,0,0,8088,0,0,0,0,0,0,0,0,0,1,0,0,0,0,0,0,0,0,0,0,0,0,0,0,0,0),(153571,0,705,1543,193998,0,0,0,0,0,0,0,0,0,8,0,0,193998,151005,1852402979,0,0,0,0,0,0,0,0,0,0,0),(153637,0,833,3093,27974,0,0,0,0,2666,0,0,0,0,2,0,0,27974,151780,1852402979,0,0,0,0,0,0,0,0,25,0,0),(153639,0,2736,11055,815971,0,0,0,0,0,0,0,0,0,18,0,0,815971,2210444056,39194232,0,0,0,0,0,0,15,0,0,0,0),(153655,0,0,0,161328,0,0,0,0,0,0,0,0,0,8,0,0,161328,4562182,0,0,0,0,0,0,0,0,0,0,0,0),(153660,0,6666,65768,373731,0,0,0,0,0,0,0,0,1,11,0,0,373731,151835,1852402979,0,0,0,0,0,0,0,0,0,0,0),(153661,0,91,1728,1460496,0,0,0,0,1196,0,0,0,0,15,0,0,1460496,2210444056,39181496,0,161,598,0,0,0,0,0,0,0,0),(153664,0,48,437,535932,0,0,0,0,140,0,0,0,0,6,0,0,535932,753962680,40079112,0,0,0,0,0,0,1414,0,0,0,0),(153673,0,42160,3944215,209753,0,0,0,0,0,0,0,0,63,5,0,0,209753,753962680,40904840,0,0,0,0,905,51,41,0,0,0,0),(153674,0,1810,6202,0,0,0,0,0,0,0,0,0,0,0,0,0,0,150422,1634038369,0,0,0,0,3,0,4,0,0,0,0),(153696,0,18582,1606733,304328,0,0,0,0,228927,966197,0,240000,2,19,0,0,304328,4562390,0,0,0,0,11,0,0,0,0,0,0,0),(153697,0,43,105,299181,0,0,0,0,32,0,0,0,0,5,0,0,299181,2210444056,39184184,0,3,197,0,0,0,0,0,0,0,0),(153722,0,7366,95310,478852,0,0,0,0,143,2837392,0,0,34,7,0,0,478852,153722,1701668174,0,22,6,0,0,0,0,0,0,0,0),(153740,4000,0,0,0,0,0,0,0,0,0,0,0,0,0,0,0,0,0,0,0,0,0,0,0,0,0,0,0,0,0),(153743,0,21481,3159062,1473930,0,0,0,0,1971,54948,0,0,100,22,0,0,1473930,153743,1852402979,0,0,0,0,678,271,76,1,0,0,0),(153750,0,75,156,318493,0,0,0,0,40,0,0,0,0,8,0,0,318493,154314,1852402979,0,0,0,0,0,0,349,0,0,0,0),(153766,0,1187,21729,2669,0,0,0,0,0,0,0,0,0,0,0,0,2669,4562182,0,0,0,0,0,0,0,0,0,0,80,0),(153770,0,52,612,698909,0,0,0,0,351,0,0,0,0,8,0,0,698909,753962680,40073160,0,0,0,0,0,0,80,0,0,0,0),(153779,3900,0,0,0,0,0,0,0,0,0,0,0,0,0,0,0,0,0,0,0,0,0,0,0,0,0,0,0,0,0),(153780,0,3246,32647,0,0,0,0,0,0,0,0,0,0,0,0,0,0,0,0,0,0,0,0,0,0,0,0,5,0,0),(153781,0,6666,1179935,1008751,0,0,0,0,0,0,100943,0,40,3,0,0,1008751,3951878408,20416904,0,0,0,0,0,0,0,2,0,0,0),(153832,0,1100,4332,19505,0,0,0,0,0,0,0,0,0,1,0,0,19505,2210444056,39232696,0,0,0,0,0,0,0,0,0,7,0),(153836,0,17913,76705,55445,0,0,0,0,20205,0,0,0,1,4,0,0,55445,753962680,40911944,0,0,0,0,0,0,1,2,125,0,0),(153841,3925,0,0,0,0,0,0,0,0,0,0,0,0,0,0,0,0,0,0,0,0,0,0,0,0,0,0,0,0,0),(153856,0,34476,7826361,2501271,0,0,0,0,70430,2419410,0,240000,42,41,0,0,2501271,153917,1852402979,0,0,0,75,0,0,0,0,0,0,0),(153915,0,5116,6885,50701,0,0,0,0,0,0,0,0,1,5,0,0,50701,753962680,40097416,0,0,0,0,0,0,0,0,15,0,0),(153917,0,6025,1717476,2105226,0,0,0,0,132056,0,0,0,19,11,0,0,2105226,4562390,0,0,0,0,0,0,0,0,0,0,0,0),(153923,0,6056,129909,20621,0,0,0,0,102035,22255,0,0,0,3,0,0,20621,151835,1852402979,0,0,0,4,0,0,0,0,0,0,0),(153932,0,0,0,85167,0,0,0,0,0,0,0,0,0,3,0,0,85167,4562102,0,0,0,0,0,0,0,0,0,0,0,0),(153933,0,1922,118555,110184,0,0,0,0,17,0,0,0,0,5,0,0,110184,3951878408,20423496,0,0,0,0,0,0,0,0,0,0,0),(153945,0,615,615,7095,0,0,0,0,0,0,0,0,0,0,0,0,7095,753962680,40114632,0,20,19,0,0,0,0,0,0,0,0),(153953,0,55615,601107,192141,0,0,0,0,0,0,0,0,15,8,0,0,192141,0,0,0,0,0,0,0,0,0,0,361,0,0),(153978,0,35040,5171947,7222051,0,0,0,0,743104,633377,44409,496385,39,17,0,0,7222051,4084477356,4084477356,0,0,0,0,0,0,0,0,215,0,0),(153999,0,14484,14484,0,0,0,0,0,0,0,0,0,0,0,0,0,0,151059,1634038369,0,0,0,0,0,0,0,0,0,0,0),(154000,0,4072,548958,305999,0,0,0,0,54693,0,0,0,6,7,0,0,305999,2210444056,39179128,0,0,0,0,0,0,0,0,0,0,498090),(154027,0,2628,2628,33626,0,0,0,0,0,0,0,0,0,2,0,0,33626,0,0,0,0,0,0,0,0,0,0,0,0,0),(154030,0,4198,5997794,4042905,0,0,0,0,478554,4015586,0,342071,26,29,0,0,4042905,154249,1229014051,0,0,0,0,0,0,0,0,0,0,0),(154033,0,4444,18874,49072,0,0,0,0,1,0,0,0,1,0,0,0,49072,3951878408,20416904,0,0,0,0,0,0,0,0,0,0,0),(154040,4000,0,0,0,0,0,0,0,0,0,0,0,0,0,0,0,0,0,0,0,0,0,0,0,0,0,0,0,0,0),(154044,0,2332,154833,443051,0,0,0,0,23082,0,0,0,5,11,0,0,443051,2210444056,39181560,0,0,0,0,0,0,67,0,0,0,0),(154095,0,3567,1216503,585512,0,0,0,0,220415,0,30214,0,10,31,0,0,585512,2210444056,2210443952,0,0,0,0,0,0,0,0,0,1440,0),(154099,0,5460,941117,1052041,0,0,0,0,65949,0,0,0,20,31,0,0,1052041,2210444056,39184312,0,0,0,0,0,0,0,0,0,0,649500),(154121,0,6666,168756,1224890,0,0,0,0,18893,6613,0,43849,5,33,0,0,1224890,2210444056,39208568,0,0,0,0,0,0,0,0,0,0,0),(154144,0,0,0,20850,0,0,0,0,0,0,0,0,0,2,0,0,20850,2210444056,39189304,0,0,0,0,0,0,3,0,0,0,0),(154150,0,4923,77496,58644,0,0,0,0,0,0,0,0,0,5,0,0,58644,4563892,3951878304,0,0,0,0,20,0,28,0,0,0,0),(154154,0,0,0,7923,0,0,0,0,0,0,0,0,0,1,0,0,7923,4562182,2210443952,0,0,0,0,0,0,0,0,0,0,0),(154179,0,0,0,27349,0,0,0,0,0,0,0,0,0,2,0,0,27349,0,0,0,0,0,0,0,0,0,0,0,0,0),(154186,0,3069,199084,92311,0,0,0,0,0,0,15676,0,4,9,0,0,92311,151745,1852402979,0,0,0,0,0,0,0,0,0,176,0),(154193,0,25200,1527752,631287,0,0,0,0,20,66266,102133,1400,23,13,0,0,631287,0,0,0,0,0,0,337,96,6,4,0,0,0),(154197,0,0,0,18380,0,0,0,0,0,0,0,0,0,2,0,0,0,0,0,0,0,0,0,0,0,0,0,0,0,0),(154198,3950,0,0,0,0,0,0,0,0,0,0,0,0,0,0,0,0,0,0,0,0,0,0,0,0,0,0,0,0,0),(154202,0,144,1103,433032,0,0,0,0,447,0,0,0,4,7,0,0,433032,2210444056,2210443952,11,346,364,0,0,0,0,0,0,0,0),(154204,0,6445,3057448,3810560,0,0,0,0,722,0,0,0,18,47,0,0,3810560,2210444056,39189112,0,0,0,0,0,0,1193,0,0,0,0),(154205,0,5130,12252611,13006735,0,0,0,0,4500,5514298,28634,360000,64,72,11430,13373,13006735,2210444056,39209848,0,0,0,0,0,0,7,17,0,0,0),(154241,0,8241,6648968,3412518,0,0,0,0,250961,4007817,146508,771673,35,43,0,0,3412518,150110,1852402979,0,0,0,0,0,0,0,0,0,0,2177000),(154244,3950,923,133314,0,0,0,0,0,0,133314,0,0,0,0,0,0,0,3951878408,20420616,0,0,0,0,0,0,0,0,0,0,0),(154248,0,3297,8414,495305,0,0,0,0,0,1184,0,0,0,10,0,0,495305,2210444056,39193528,6,6,32,0,0,0,0,0,0,0,0),(154249,0,327,1419,937,0,0,0,0,0,0,0,0,0,0,0,0,937,4562390,0,0,0,0,0,0,0,0,0,0,0,0),(154251,3900,0,0,0,0,0,0,0,0,0,0,0,0,0,0,0,0,0,0,0,0,0,0,0,0,0,0,0,0,0),(154265,0,1640,12896,53141,0,0,0,0,0,0,0,0,0,4,0,0,53141,2210444056,39208568,0,0,0,0,0,0,0,0,12,251,27),(154276,0,0,0,67514,0,0,0,0,0,0,0,0,0,2,0,0,67514,3951878408,20416904,0,23,0,0,0,0,0,0,0,0,0),(154284,0,2790,737866,1015801,0,0,0,0,150085,153209,0,31625,0,13,0,0,1015801,4562390,0,0,0,0,4,0,0,0,0,0,0,0),(154297,0,5619,5513288,4348382,0,0,0,0,165756,154564,0,41851,33,30,0,0,4348382,150125,1634038369,0,0,0,0,0,0,197,0,0,0,0),(154303,4000,0,0,0,0,0,0,0,0,0,0,0,0,0,0,0,0,0,0,0,0,0,0,0,0,0,0,0,0,0),(154314,0,1,3,66,0,0,0,0,0,0,0,0,0,1,0,0,66,154314,1852402979,0,2,0,0,0,0,7,15,0,0,0),(154315,0,42477,466079,84158,0,0,0,0,0,0,252804,0,1,2,0,0,84158,2210444056,39224952,0,0,0,0,0,0,0,0,335,0,0),(154317,3700,105849,7538068,136343,0,0,0,0,0,6951928,0,0,1,9,0,0,136343,3951878408,20416840,0,0,0,0,0,0,4,0,1057,0,0),(154339,0,3559,115488,0,0,0,0,0,0,115488,0,0,0,0,0,0,0,0,0,0,0,0,0,0,0,0,0,0,0,0);

--
-- Table structure for table `elemental`
--

CREATE TABLE `elemental` (
  `ele_id` int(11) unsigned NOT NULL AUTO_INCREMENT,
  `char_id` int(11) NOT NULL,
  `class` mediumint(9) unsigned NOT NULL DEFAULT '0',
  `mode` int(11) unsigned NOT NULL DEFAULT '1',
  `hp` int(12) NOT NULL DEFAULT '1',
  `sp` int(12) NOT NULL DEFAULT '1',
  `max_hp` mediumint(8) unsigned NOT NULL DEFAULT '0',
  `max_sp` mediumint(6) unsigned NOT NULL DEFAULT '0',
  `atk1` mediumint(6) unsigned NOT NULL DEFAULT '0',
  `atk2` mediumint(6) unsigned NOT NULL DEFAULT '0',
  `matk` mediumint(6) unsigned NOT NULL DEFAULT '0',
  `aspd` smallint(4) unsigned NOT NULL DEFAULT '0',
  `def` smallint(4) unsigned NOT NULL DEFAULT '0',
  `mdef` smallint(4) unsigned NOT NULL DEFAULT '0',
  `flee` smallint(4) unsigned NOT NULL DEFAULT '0',
  `hit` smallint(4) unsigned NOT NULL DEFAULT '0',
  `life_time` int(11) NOT NULL DEFAULT '0',
  PRIMARY KEY (`ele_id`)
) ENGINE=MyISAM DEFAULT CHARSET=latin1;

--
-- Dumping data for table `elemental`
--


--
-- Table structure for table `friends`
--

CREATE TABLE `friends` (
  `char_id` int(11) NOT NULL DEFAULT '0',
  `friend_account` int(11) NOT NULL DEFAULT '0',
  `friend_id` int(11) NOT NULL DEFAULT '0',
  KEY `char_id` (`char_id`)
) ENGINE=MyISAM DEFAULT CHARSET=latin1;

--
-- Dumping data for table `friends`
--

INSERT INTO `friends` VALUES (150013,2000281,150230),(150251,2000204,151785),(150007,2000027,150070),(150070,2000002,150007),(150007,2000162,150094),(152299,2000278,150233),(150095,2000162,150094),(150094,2000188,150107),(150098,2001070,153136),(150109,2000188,150107),(150108,2000444,150519),(150107,2000204,152509),(150107,2000444,150519),(150107,2000324,150304),(150098,2000204,150136),(152351,2001237,152467),(150089,2000191,150110),(150110,2001667,154297),(150110,2000203,152812),(150558,2001279,152309),(150174,2000198,150145),(150165,2000203,150174),(150193,2000246,150192),(150192,2000247,150193),(151005,2000204,150136),(152912,2000203,152812),(151856,2000537,150735),(151856,2000109,152675),(150040,2000577,150994),(152144,2000522,150653),(150062,2000188,150107),(150219,2000027,150024),(152501,2001577,153554),(150107,2000311,150294),(150107,2000200,150207),(150107,2000214,150137),(150207,2000188,150107),(150137,2001667,154244),(150164,2000266,150211),(150211,2000018,150164),(151359,2000202,151050),(152675,2001077,151856),(152705,2000204,151532),(150735,2001077,151856),(150098,2000179,150126),(151304,2000686,150920),(150098,2000203,150125),(150126,2000577,150994),(150126,2000506,150603),(150126,2000196,150113),(150107,2000128,150062),(150107,2000180,150109),(150107,2000173,150098),(150110,2000675,150902),(150113,2000223,150166),(150250,2001399,152793),(150113,2000188,150107),(150113,2000214,150137),(150113,2000179,150126),(150125,2001667,154297),(150125,2001667,154251),(151713,2001299,152590),(150137,2000280,153991),(150205,2000189,150857),(152752,2000980,151713),(152979,2001399,152793),(152313,2001399,152901),(150839,2000639,150845),(150115,2000277,150226),(150226,2000196,150115),(150078,2001279,152763),(150013,2000013,150011),(150137,2000223,151049),(153815,2001599,153727),(150230,2000080,150013),(150184,2001052,152353),(150234,2000881,152299),(150013,2000011,150078),(150230,2000011,150078),(150078,2000537,150719),(150238,2000162,150094),(150094,2000002,150007),(150107,2000183,150108),(150094,2000171,150095),(150108,2000191,150110),(152912,2000203,150251),(150256,2000188,150107),(150108,2000188,150107),(150107,2000196,150113),(150110,2000204,150136),(150256,2000064,150022),(150022,2000526,150646),(150107,2000203,150125),(150110,2000256,150384),(150114,2000203,150174),(150174,2000324,150304),(150174,2000226,150165),(150174,2000191,150110),(152710,2000916,151488),(150200,2001279,152309),(150092,2000355,150370),(150113,2000191,150110),(150166,2000506,150603),(150184,2000042,150010),(150017,2000280,150234),(151011,2000664,151089),(150294,2001667,154251),(150294,2000203,152812),(150107,2000179,150126),(150110,2000214,150137),(150299,2000163,150265),(150265,2000691,150929),(150861,2000655,151985),(150227,2000333,150329),(152762,2000013,150011),(150166,2000203,150174),(150094,2000282,150238),(150094,2000311,150294),(150294,2000737,153917),(150294,2000204,150136),(150251,2000204,152509),(150294,2000324,150304),(153568,2001401,152832),(150174,2000188,150107),(150174,2000192,150114),(150174,2000311,150294),(150994,2000571,151311),(150166,2000311,150294),(150017,2000027,150092),(150110,2000311,150294),(150137,2000346,150358),(150234,2000435,150497),(150174,2000223,150166),(150294,2000188,150107),(150304,2000346,150791),(152865,2000577,150994),(150304,2000188,150107),(150304,2000311,150294),(150304,2000191,150110),(151284,2000066,152631),(150107,2000162,150094),(150110,2000203,150125),(150129,2000188,150107),(150125,2001682,154150),(150107,2000058,150256),(154146,2000013,150011),(150129,2000214,150137),(150797,2000012,151304),(150217,2000934,151524),(150394,2000655,150916),(150227,2000174,151028),(153933,2001378,153326),(150224,2001410,153202),(150174,2000162,150094),(150030,2000225,150398),(152259,2000323,150328),(150351,2000248,150352),(150114,2000221,150153),(150153,2000579,150797),(150352,2000177,150351),(150354,2000025,150219),(150219,2000011,150078),(151138,2000721,150998),(152313,2001158,152030),(150345,2000340,150981),(150343,2000338,150345),(153807,2000203,153825),(153825,2000204,150136),(150916,2001118,151952),(150217,2000518,150772),(150340,2000336,150341),(150341,2000339,150340),(150276,2000638,150844),(150229,2000305,150276),(150376,2001643,154040),(150033,2000230,150542),(150092,2000466,150551),(150033,2000027,150092),(150092,2000039,150637),(150047,2000449,150526),(151246,2000914,151528),(150314,2000275,150225),(152876,2001410,152859),(150137,2000191,150110),(150034,2000374,150404),(150268,2000015,150034),(150329,2000018,150164),(150420,2000394,150445),(150092,2000221,150153),(150329,2000027,150092),(150034,2000013,150011),(150092,2000333,150329),(150219,2000013,150011),(150087,2000338,150345),(153557,2001038,151758),(150034,2000221,150153),(151173,2000914,151528),(150033,2000008,150376),(153557,2000008,150008),(152353,2000066,150184),(153697,2000179,153540),(150030,2000085,150296),(150398,2000093,150030),(150294,2000191,150110),(150129,2000311,150294),(150325,2000614,151226),(150034,2000008,150008),(150328,2000278,151595),(151856,2000916,151488),(150234,2000270,150217),(150234,2000017,150017),(150234,2000323,150328),(150327,2000280,150234),(150110,2000173,150098),(150384,2000787,151765),(150445,2000389,150420),(150420,2000333,150329),(150252,2000321,150306),(150306,2000285,150252),(150047,2000073,150325),(150331,2000115,150047),(150087,2000013,150011),(151317,2000008,150376),(150629,2000787,151765),(150047,2000027,150092),(151528,2000275,150726),(150370,2000027,150092),(150248,2000127,150608),(150463,2000238,150248),(150329,2000389,150420),(150357,2000333,150329),(150098,2000188,150107),(150108,2000214,150137),(150472,2000019,150039),(150039,2000413,150472),(150384,2000027,150141),(150097,2000256,150384),(150372,2000527,150649),(150384,2000511,150614),(150034,2000027,150092),(150219,2000163,150265),(150034,2000301,150268),(150153,2000015,150034),(152876,2001408,152853),(150217,2000039,150637),(150203,2000368,151141),(150327,2000270,150217),(150485,2000424,150483),(150486,2000427,150484),(150483,2000427,150484),(150486,2000425,150485),(150485,2000424,150483),(150486,2000424,150483),(150484,2000425,150485),(150484,2000426,150486),(150234,2000323,150327),(150497,2000881,151402),(150483,2000425,150485),(150483,2000426,150486),(150485,2000426,150486),(150485,2000427,150484),(150484,2000424,150483),(150145,2000204,150136),(150174,2000202,150224),(150506,2000203,150174),(150174,2000134,150506),(150519,2000183,150108),(151141,2000000,150203),(150519,2000188,150107),(152717,2001638,153891),(150108,2000173,150098),(150107,2000203,150174),(154134,2000250,154168),(150094,2000203,150174),(150497,2000461,150541),(150541,2000435,150497),(150153,2000192,150114),(150092,2000115,150047),(150224,2001410,152887),(150166,2001081,151891),(152710,2000013,150011),(152782,2000066,150151),(154000,2001431,152940),(150251,2000914,151528),(150164,2000333,150329),(150329,2000350,150357),(150384,2000176,150353),(152901,2001281,152313),(150569,2000426,150486),(150486,2000474,150569),(150485,2000474,150569),(150483,2000474,150569),(150569,2000425,150485),(150569,2000424,150483),(150110,2000043,150089),(150384,2000172,150097),(150034,2000073,150325),(150087,2000025,150219),(150353,2000256,150384),(150458,2000203,150125),(150498,2000008,150008),(150376,2000013,150011),(150610,2000508,150616),(150612,2000757,151088),(150584,2000104,150044),(150044,2000491,150584),(150193,2000162,150094),(150094,2000247,150193),(150120,2000323,150328),(150600,2000199,150120),(152313,2001357,152587),(151838,2000980,151713),(150137,2000183,150108),(150358,2000214,150137),(150047,2000334,150331),(150388,2000115,150047),(150608,2000238,150248),(150248,2000410,150463),(150616,2000527,150649),(150630,2000508,150616),(150120,2000508,150616),(150616,2000519,150630),(150401,2000465,150769),(150630,2000378,150401),(153554,2001336,152521),(150137,2000188,150107),(150723,2000565,152588),(150166,2000196,150113),(150909,2001688,154174),(150137,2001667,154166),(150108,2000204,150136),(154174,2001686,154172),(150397,2000039,150637),(150637,2000270,150217),(150629,2000278,151819),(150646,2000073,150325),(150637,2000373,150397),(150092,2000017,150017),(150111,2000027,150092),(150092,2000105,150033),(153789,2000980,151629),(150519,2000203,150125),(150125,2001708,154284),(151708,2000010,150847),(150125,2001587,153676),(152887,2000202,151050),(150222,2000203,150125),(150222,2000204,150136),(150078,2001369,152710),(150533,2000011,150078),(150047,2000132,150388),(150526,2000115,150047),(150588,2000511,150614),(150614,2000256,150384),(150040,2000013,150011),(150163,2000104,150040),(150542,2000105,150033),(150033,2000008,150008),(150092,2000015,150034),(150551,2000027,150092),(150551,2000338,150345),(150345,2000161,150087),(150345,2000466,150551),(150087,2000200,150458),(150345,2000342,150343),(150008,2001643,154040),(150384,2000765,151115),(154174,2001686,154177),(150107,2000206,150129),(154284,2000203,150125),(150098,2000191,150110),(154240,2000013,150190),(150110,2000196,150113),(154284,2001667,154297),(150614,2000349,150588),(150646,2000511,150614),(150053,2000462,150549),(150549,2000751,151075),(150549,2000537,150719),(150113,2000531,150674),(150113,2000462,150549),(150674,2000196,150113),(150304,2000203,150174),(150532,2000462,150549),(150549,2000453,150532),(150700,2000891,151417),(150217,2000279,150227),(150217,2000280,150234),(150637,2000027,150092),(150120,2000500,150600),(150087,2000199,150120),(152824,2000384,152762),(150034,2000025,150219),(150603,2001158,152030),(150217,2000323,150327),(150040,2000231,150163),(154168,2001678,154134),(150761,2000662,152657),(151089,2000203,150125),(150384,2000191,150110),(152812,2001667,154251),(150125,2000204,151785),(151102,2001421,152896),(150251,2000787,152458),(150614,2000526,150646),(150120,2000161,150087),(150328,2000270,150793),(150126,2000173,150098),(150603,2000179,150126),(150501,2000512,150695),(150695,2000787,151321),(150328,2000342,150343),(150233,2000881,152299),(151765,2000256,150599),(150335,2001317,152448),(150501,2000204,150136),(150265,2000316,150299),(150219,2000161,150087),(150496,2000511,150614),(150614,2000434,150496),(150539,2000204,150136),(150136,2000203,153825),(150779,2000323,150328),(150328,2000853,151352),(150041,2000239,150185),(150185,2000012,150775),(150224,2000311,150294),(150125,2000204,152509),(150333,2000617,150798),(150798,2000336,150333),(150078,2000256,150599),(150370,2000011,150078),(150775,2000360,150507),(152824,2001369,152710),(150812,2000627,150818),(150818,2000625,150812),(150821,2000321,150464),(150464,2000555,150821),(150700,2000288,150886),(150825,2000550,150700),(152412,2001551,153571),(150078,2001245,152370),(150775,2000767,151390),(150637,2000027,150647),(150761,2001033,151747),(150775,2000017,150442),(150420,2000333,150848),(150848,2000389,150420),(152622,2000013,150011),(150775,2000346,150791),(150276,2000008,150008),(152183,2000010,150847),(150558,2000338,150345),(150200,2000203,150125),(150078,2000466,151008),(150153,2000027,150092),(150797,2000085,150296),(150719,2000082,150014),(150549,2000034,150053),(150078,2000025,150200),(150092,2000189,150111),(150495,2001007,151692),(150549,2000196,150113),(150843,2000379,150864),(153727,2001619,153815),(150251,2000179,151745),(150224,2000204,150909),(150251,2000204,151532),(150522,2000346,150791),(150136,2000191,150522),(152491,2000039,150959),(154175,2000203,152812),(150110,2000183,150108),(150844,2000608,151251),(150616,2000199,150610),(150770,2000508,150616),(150616,2000486,150612),(151359,2000787,151439),(150696,2000602,150770),(150770,2000519,150696),(150683,2000243,150410),(153291,2000025,150219),(150410,2000535,150683),(150775,2000011,150078),(150775,2000013,150011),(150791,2000787,151439),(150203,2000643,150860),(150860,2000000,150203),(150889,2000527,150649),(150372,2000256,150384),(150857,2000279,150227),(150616,2000199,150120),(150649,2000132,150372),(150649,2000508,150616),(150649,2000668,150889),(150649,2000189,150857),(154259,2001657,154205),(152641,2000342,150554),(150497,2000280,150234),(150233,2000435,150497),(152812,2001682,154254),(150647,2001279,152309),(150886,2000307,151317),(150700,2000270,150217),(150885,2000686,150920),(150914,2000664,150885),(150910,2000611,151299),(153850,2000203,152812),(150917,2000608,150788),(150914,2000664,150917),(150914,2000465,150769),(150769,2000684,150914),(150370,2000012,150775),(150092,2000011,150078),(150403,2000787,151439),(150644,2000664,150885),(150522,2000203,150251),(151028,2000279,150227),(152752,2001357,152587),(150791,2000198,150145),(150917,2000684,150914),(150917,2000687,150919),(151439,2000293,151925),(152742,2000522,150633),(150098,2000183,150108),(150791,2000324,150304),(150190,2001682,154150),(153623,2001431,152940),(152812,2001667,154244),(150011,2000384,152762),(152587,2000862,151365),(150942,2000279,150227),(150929,2000163,150265),(150265,2000025,150219),(151234,2000914,151528),(150917,2000508,150644),(150613,2000503,150950),(150950,2000501,150613),(150145,2000203,150174),(150224,2000612,151294),(154144,2000202,154179),(150136,2000506,153679),(150723,2000651,150863),(150788,2000664,150917),(150885,2000542,150690),(150723,2001212,152151),(151543,2000914,151486),(150788,2000564,150723),(150647,2000016,150900),(150647,2000522,150633),(150723,2000787,151439),(150421,2001336,152501),(150787,2000564,150723),(151011,2000508,150644),(150136,2000012,151304),(150987,2000568,150724),(150558,2000082,150014),(150797,2000025,150200),(151587,2000787,151439),(150902,2001237,152467),(150011,2000008,150008),(150998,2000571,151503),(151455,2000958,151582),(150078,2000015,150034),(151629,2001548,153400),(150040,2000008,150008),(150078,2000579,150742),(150304,2000202,150224),(150224,2000346,150791),(150885,2000684,150914),(151321,2001077,151856),(150644,2000664,150917),(150885,2000564,150723),(151008,2000011,150078),(150458,2000161,150087),(150803,2000105,150033),(150403,2000559,150716),(150033,2000619,150803),(150803,2000375,150403),(150982,2000653,154000),(151008,2000110,150982),(150910,2000204,150909),(150136,2000723,151005),(150995,2000324,150800),(150857,2000527,150649),(150185,2000104,150041),(154213,2001700,154224),(150995,2000189,150857),(150734,2000008,150008),(150800,2000719,150995),(150995,2000011,150078),(150528,2000914,151486),(150817,2000323,150528),(152940,2000653,154000),(150227,2000270,150217),(150695,2000682,150912),(150912,2000512,150695),(150779,2000323,150528),(150528,2000609,150817),(150008,2001575,153557),(150920,2000104,150042),(150791,2000012,150775),(150145,2000202,150224),(150224,2000198,150145),(150791,2000173,150098),(150145,2000346,150791),(150136,2001378,153326),(150870,2000503,150950),(150950,2000501,150870),(150885,2000508,150644),(150920,2000983,151637),(151004,2000512,150695),(150695,2000365,150501),(150769,2000378,150401),(150401,2000519,150630),(150092,2000467,150973),(150458,2000466,151008),(150797,2000221,150153),(150916,2000579,150797),(150549,2000433,150495),(151075,2000462,150549),(150078,2000719,150995),(150742,2000011,150078),(151321,2000580,152500),(151089,2000928,151510),(150817,2000462,150549),(150549,2000609,150817),(150746,2000064,150022),(150857,2000719,150995),(150760,2000596,150761),(150761,2000595,150760),(150125,2000664,151089),(152750,2001667,154251),(152763,2000340,150558),(152717,2001440,153283),(150200,2000579,150797),(150916,2000025,150200),(150421,2000020,150048),(150695,2000724,151004),(150893,2000223,151049),(152313,2000899,151459),(150110,2001705,154259),(150653,2000682,152144),(150098,2000346,150791),(150185,2000013,150011),(150803,2000372,150394),(150394,2000619,150803),(151088,2000486,150612),(150885,2000757,151088),(151765,2000518,150629),(151405,2000664,151089),(150902,2000040,150740),(150991,2000675,150902),(150145,2000203,150125),(151115,2000865,153118),(150125,2001314,154314),(152812,2000723,154303),(152448,2000914,152641),(153009,2000203,152812),(150227,2000697,150942),(151048,2001410,152859),(151050,2001378,152694),(150125,2000204,151532),(150909,2000203,152812),(150251,2000202,151050),(151061,2001184,152087),(150136,2000010,150009),(150136,2000537,150735),(150792,2000204,150136),(150125,2000675,150902),(150200,2000013,150011),(150125,2000204,150909),(150992,2000204,150909),(150136,2000203,152812),(150200,2000655,150916),(150126,2000188,150107),(150136,2000025,152215),(150296,2000579,150797),(150902,2000013,150190),(150125,2000025,150200),(150909,2001216,153101),(151458,2000893,151457),(150973,2000027,150092),(150011,2001369,152710),(150008,2001378,153326),(150034,2000191,150110),(150404,2000015,150034),(150078,2000027,150647),(150034,2000011,150078),(150909,2000202,150224),(150944,2000204,150909),(150078,2000012,150775),(153525,2001357,153059),(150078,2000355,150370),(150200,2000204,150136),(150797,2000655,150916),(150296,2000093,150030),(152876,2001449,153020),(150329,2000279,150227),(150200,2000011,150078),(150355,2000082,150014),(150797,2000655,151168),(150558,2000348,150355),(151168,2000878,151495),(150217,2000550,150700),(150633,2000169,152742),(151308,2000787,152458),(150136,2000179,150126),(150992,2000204,150136),(150151,2000345,150658),(152191,2001353,152564),(150136,2000202,151050),(151488,2001408,153254),(150775,2000355,150370),(150276,2000008,152767),(150136,2000198,150145),(151226,2000073,150325),(152096,2000904,152650),(150011,2000104,150040),(151209,2000229,150367),(150735,2000797,151219),(151627,2000548,150746),(153343,2000380,152449),(151582,2000675,150902),(150920,2000664,150885),(150078,2000281,150230),(151311,2001115,151946),(151239,2000816,151238),(151238,2000815,151239),(150861,2000643,150860),(150719,2000011,150078),(150716,2000375,150403),(150403,2000619,150803),(151184,2000342,150554),(150554,2000011,150078),(150011,2001279,152592),(150012,2000013,150011),(150857,2000265,150205),(150558,2000013,150011),(150227,2000189,150857),(150008,2000305,150734),(151241,2000189,150857),(150857,2000562,151241),(150902,2000203,150125),(150219,2000349,150354),(150772,2000862,151365),(150217,2000506,150603),(151082,2000239,150185),(150185,2000748,151082),(150274,2000853,151431),(150008,2000686,150920),(150125,2000202,151050),(154177,2001688,154174),(151301,2000426,151300),(151300,2000425,151301),(150136,2000173,150098),(151299,2000203,150125),(151299,2000203,150910),(150910,2000204,150136),(150125,2000202,150224),(151284,2000011,150078),(151634,2000904,152203),(150125,2000200,150458),(150136,2000188,150107),(151284,2001032,151780),(152448,2001052,152353),(154179,2001662,154144),(150014,2000340,150981),(151383,2000907,151634),(150927,2000905,151464),(153025,2000027,150141),(151251,2000638,150844),(150844,2000305,150276),(151378,2000788,151198),(151198,2000568,150988),(150754,2000638,150844),(150703,2000223,151049),(153117,2000862,151365),(151115,2000578,153143),(150998,2000824,151931),(150909,2000612,151294),(150251,2000202,150224),(150909,2000721,150998),(150909,2000241,150944),(151005,2000204,150909),(151050,2001410,152887),(151050,2000675,151359),(150497,2000278,150233),(151402,2000435,150497),(150788,2000757,151088),(151088,2000199,150610),(150787,2000610,151129),(151129,2000607,150787),(150125,2000204,150136),(151410,2000203,150125),(151351,2000270,150217),(150217,2000638,150844),(151528,2000601,150828),(152030,2000179,153540),(151723,2001259,152262),(153563,2001336,152501),(151184,2000655,151168),(151168,2000221,150153),(150919,2000664,150917),(152458,2000559,151255),(151095,2001184,152087),(151088,2000729,151011),(151095,2000008,150008),(150724,2000930,151519),(151008,2000200,150458),(154168,2000203,152812),(150404,2000039,150959),(150959,2000787,151439),(151439,2001396,152869),(151371,2000787,151439),(152705,2000345,150658),(150011,2000012,151304),(151049,2000901,151862),(151049,2000043,150089),(150998,2000914,151528),(150137,2000196,150113),(150782,2000550,150700),(150700,2000621,150825),(151246,2000914,151486),(153118,2000765,151115),(151402,2000278,150233),(150233,2000323,150328),(150647,2000723,151341),(151341,2000027,150647),(152561,2000655,150867),(151049,2000214,150137),(151457,2000904,151458),(152329,2001339,152660),(150401,2000199,150720),(150720,2000682,151953),(150554,2000781,151184),(150011,2000025,150219),(151459,2001023,151729),(150599,2000787,151765),(151765,2000203,152812),(151458,2000958,151582),(150909,2000203,150251),(151294,2001667,154251),(151095,2000930,151519),(151346,2000682,151095),(151431,2000307,150274),(150274,2000008,150008),(150048,2000239,150421),(150861,2000811,151234),(150644,2000729,151011),(151114,2000621,150861),(151474,2001184,152087),(150647,2000013,150011),(151439,2000066,150158),(150011,2000080,150012),(151088,2000682,151095),(152262,2000982,151723),(151049,2000721,150998),(150345,2000340,150558),(151482,2000912,151481),(151486,2001247,152242),(150047,2000202,150224),(150224,2000203,150251),(150320,2000914,151486),(151486,2001184,152087),(150583,2000914,151486),(151486,2000199,150720),(151486,2000978,151625),(151488,2001515,153148),(151439,2000914,151587),(150583,2000916,151488),(150735,2000914,151486),(151486,2000907,151634),(150902,2000191,150110),(150110,2000203,150174),(150125,2000191,150110),(150136,2000208,150222),(150902,2000025,150219),(150902,2000716,150991),(150674,2000675,150902),(151168,2000579,150797),(150153,2000655,151168),(150217,2000829,151351),(151510,2000664,151089),(151510,2000270,150217),(151089,2000757,151088),(151351,2000928,151510),(151510,2000829,151351),(150623,2000788,151198),(151198,2000867,151378),(151048,2000579,150797),(151976,2000787,151439),(150528,2000605,150779),(151486,2000851,151599),(151524,2000270,150217),(150217,2000928,151510),(150724,2000708,150987),(151519,2000914,151528),(151011,2000757,151088),(151088,2000608,150788),(151088,2000664,151089),(150610,2000757,151088),(150690,2000664,150885),(151494,2001339,152660),(153020,2001206,152808),(151088,2000664,150885),(150219,2000015,150034),(150011,2000239,150185),(151528,2000239,150421),(152087,2000011,150078),(150603,2000223,150166),(150125,2000188,150107),(150250,2001281,152313),(150250,2000817,151461),(152829,2000013,150011),(152812,2000204,150909),(150224,2000204,150136),(151294,2001667,154244),(150125,2000173,150098),(151532,2000188,151725),(151088,2000223,151049),(150612,2000508,150616),(151536,2000366,150502),(150502,2000671,151536),(150791,2000202,150224),(151532,2000614,151496),(151304,2000305,150276),(152767,2000288,152814),(151496,2000204,151532),(151532,2000203,150125),(151405,2000686,150920),(150723,2000608,150788),(151439,2000512,150695),(151519,2000239,150421),(150217,2000914,151486),(151486,2000621,150861),(150421,2000013,150011),(151519,2000568,150724),(150793,2000064,150438),(150861,2000548,150827),(151486,2000323,150528),(153326,2000189,153933),(151339,2000914,151486),(151486,2000916,151488),(150861,2000537,150719),(151486,2000488,150583),(150700,2000606,150782),(151417,2000550,150700),(150914,2000664,151089),(151089,2000729,151011),(150861,2000496,151114),(150827,2001034,151752),(151304,2000025,150200),(151417,2000012,151304),(150744,2000550,150700),(150700,2000582,150744),(151481,2000913,151482),(150723,2000664,150885),(151486,2000064,150320),(151582,2000906,151633),(151455,2000905,151464),(151464,2000677,150903),(150011,2000239,150421),(151439,2000537,150719),(153917,2000311,150294),(150125,2000208,150222),(151335,2000537,150719),(150011,2000027,150647),(151352,2000721,150998),(150328,2000605,150779),(150343,2000323,150328),(150328,2000199,150120),(150022,2000323,150328),(150328,2000280,150234),(150328,2000278,150233),(151528,2000275,152236),(151352,2000323,150328),(150998,2000223,151049),(151597,2000203,150910),(150910,2000204,151597),(151608,2000963,151598),(151598,2000966,151608),(151613,2000682,151095),(151095,2000848,151346),(151119,2000564,150723),(150723,2000607,150787),(151599,2000914,151486),(151486,2000537,150735),(152564,2000497,151787),(151352,2000914,151528),(151528,2000655,150916),(152588,2000564,150723),(151622,2000976,151628),(151628,2000974,151622),(151115,2000845,152474),(151335,2000239,150421),(151633,2000958,151596),(151625,2001403,152834),(152768,2000008,152767),(151528,2000064,150022),(151528,2000070,150645),(150775,2000202,150224),(151543,2000518,150629),(150629,2000936,151543),(152500,2000010,150009),(150421,2000930,151519),(151198,2000068,150623),(150988,2000788,151198),(151758,2001002,151976),(150421,2000787,151335),(151464,2000188,151725),(151102,2000601,150781),(150661,2000066,150184),(152004,2000586,152137),(150746,2000979,151627),(150022,2000058,150256),(151637,2000851,151432),(151328,2000983,151637),(151095,2000757,151088),(151519,2000682,151095),(151528,2000817,151246),(152808,2000931,151526),(150367,2000367,151209),(151486,2000270,150217),(151294,2000204,150136),(150136,2000214,150137),(150992,2000203,150125),(150251,2000204,150136),(152759,2000878,151495),(150647,2000039,150637),(150720,2000378,150401),(151639,2000564,150723),(151102,2000548,150827),(150723,2000757,151405),(151634,2000871,151383),(151486,2000817,151246),(151633,2000978,151625),(151582,2000904,151458),(150432,2000085,150296),(150296,2000675,150902),(150959,2000983,151637),(151637,2000039,150959),(151637,2000840,151328),(151432,2000983,151637),(151096,2001442,152979),(150011,2000012,150775),(150793,2000621,150861),(150438,2000270,150793),(150793,2000323,150328),(151304,2000891,151417),(150276,2000263,150229),(150328,2000064,150022),(150633,2001184,152087),(153158,2000662,150883),(150612,2000468,151687),(151687,2000486,150612),(150251,2000191,150522),(151532,2000346,150791),(151528,2000039,150959),(150959,2000374,150404),(151498,2000020,150048),(150048,2000863,151498),(151168,2000781,151184),(151350,2000655,151168),(151596,2000793,152579),(150328,2000914,151528),(150011,2000015,150034),(152911,2000916,152183),(152762,2000013,152824),(152812,2001682,154175),(151304,2000013,150011),(150011,2000675,150902),(150011,2000080,150013),(150011,2000025,150200),(151307,2000010,152912),(153009,2000787,151765),(150633,2000027,150647),(150558,2000013,150011),(151089,2000684,150914),(150125,2000444,150519),(151528,2000012,150775),(151036,2000914,151528),(151096,2000013,150011),(150141,2001451,153025),(151089,2000757,151405),(151405,2000564,150723),(151246,2000843,151530),(151528,2000323,150328),(150920,2000008,150008),(151637,2000686,150920),(151102,2000979,151627),(153002,2000761,153004),(150222,2000200,150458),(150458,2000208,150222),(151625,2000914,151486),(151486,2000846,151339),(150008,2000013,150011),(151050,2000204,150136),(151278,2001032,151748),(151748,2000721,150998),(151748,2000333,151796),(151079,2001449,153020),(151725,2000204,151532),(151532,2000203,150251),(150038,2001007,151692),(151692,2000109,150038),(150495,2000462,150549),(151692,2000433,150495),(150495,2001007,151750),(151750,2000433,150495),(151737,2000378,150579),(150579,2001026,151737),(150861,2000270,150793),(150860,2000621,150861),(151461,2000174,150250),(150250,2000013,150011),(151359,2000203,150251),(150251,2000204,150909),(151528,2000853,151352),(150011,2000161,150087),(150909,2000203,150910),(150992,2000203,150251),(150325,2000015,150034),(152639,2000973,151618),(154205,2001705,154259),(151365,2000518,150772),(153059,2000768,153525),(150645,2000914,151486),(151246,2001014,151712),(151530,2000817,151246),(151629,2000518,150772),(151587,2001187,152096),(151304,2000579,150797),(150920,2000757,151405),(151990,2000787,151439),(150719,2000675,151359),(151173,2000914,151587),(151486,2000936,151543),(153540,2000379,153343),(151495,2000169,152759),(151597,2000611,150992),(150992,2000204,151597),(151748,2000639,150845),(151796,2001032,151748),(151748,2000026,151278),(151377,2001032,151748),(151226,2000787,151335),(152660,2000506,151494),(150014,2000340,150558),(150355,2000340,150558),(150998,2000204,150909),(151748,2000861,151377),(150372,2000957,151793),(151793,2000132,150372),(151748,2000394,151074),(151304,2000204,150136),(150797,2000012,151048),(151074,2001032,151748),(150325,2000115,150047),(150355,2000013,150011),(150616,2000602,150770),(152467,2000675,150902),(150010,2000013,150011),(150981,2000338,150345),(151528,2000930,151519),(151234,2000621,150861),(151115,2000256,150384),(151246,2000010,150009),(151095,2000547,151613),(150008,2000305,150276),(150042,2000686,150920),(151758,2001014,151712),(150008,2000104,150040),(150920,2000012,151304),(151459,2000862,151365),(151827,2000564,150723),(151482,2001068,151840),(151840,2000913,151482),(150916,2000372,150394),(151293,2000655,150916),(150723,2000768,151119),(151827,2000899,151459),(151891,2000787,152458),(150136,2000202,150224),(150616,2000757,151088),(151088,2000508,150616),(151439,2000360,151990),(151859,2000787,151439),(151584,2000740,151267),(150816,2000845,151584),(151050,2000203,150125),(153283,2001259,153538),(150633,2000682,151095),(150011,2000012,151048),(151559,2001075,151851),(151851,2000571,151559),(151530,2001038,151758),(151758,2001575,153557),(151464,2000958,151582),(151622,2000905,151464),(150646,2000518,150629),(150772,2000526,150646),(150136,2000203,150125),(154224,2001699,154213),(150089,2000223,151049),(150867,2001034,152561),(151931,2000721,150998),(150998,2000853,151352),(150981,2000082,150014),(150014,2000537,150719),(151267,2000845,151584),(151584,2000629,150816),(152752,2001281,152313),(150719,2000787,151439),(150893,2000675,150902),(150974,2000652,150893),(150893,2000723,151341),(151341,2000652,150893),(151486,2000340,150558),(151219,2000878,151495),(151048,2000013,150011),(151952,2000012,151048),(150916,2000338,151293),(151952,2000655,150916),(151160,2000730,151356),(151356,2000586,151160),(151745,2000203,150251),(150251,2000611,150992),(151946,2000571,151311),(151311,2000914,151486),(150900,2000027,150647),(150647,2000011,150078),(150920,2000027,150647),(152564,2001200,152191),(151486,2000070,150645),(151311,2000914,151587),(150211,2000379,150964),(150964,2000266,150211),(151464,2000899,151455),(151725,2000905,151464),(150845,2001032,151748),(151996,2000797,151219),(151623,2000978,151626),(151626,2000904,151623),(150136,2000203,150251),(151582,2000899,151455),(151206,2001052,151827),(151495,2001255,152257),(151219,2000537,150735),(151495,2001250,152265),(150008,2000017,150442),(150036,2000008,150008),(150629,2000980,151629),(151587,2000571,151311),(150994,2000757,151405),(151405,2000577,150994),(151633,2000958,151582),(151596,2000323,150328),(150994,2000179,150126),(150126,2000204,150136),(151439,2001002,151976),(150919,2000787,151439),(150719,2000787,151335),(151359,2000787,151321),(151359,2000537,150719),(151314,2000675,151359),(151359,2000799,151314),(151439,2000687,150919),(150078,2000080,150013),(152062,2000761,151102),(152066,2000846,152065),(152065,2001100,152066),(150827,2000761,151102),(150011,2000174,150250),(151335,2000614,151226),(152592,2001449,153020),(151503,2000906,151633),(151633,2000571,151503),(151439,2000564,150723),(150251,2000675,151359),(150141,2000025,150219),(152062,2000027,150141),(151528,2000203,150251),(150645,2000914,151528),(151464,2000974,151622),(151984,2000905,151464),(151335,2000914,151528),(151439,2000375,150403),(150646,2000518,150772),(150730,2000526,150646),(150011,2000340,150558),(152509,2000188,150107),(150646,2000563,150730),(150022,2000548,150746),(150325,2000526,150646),(150646,2000064,150022),(151996,2000203,150125),(151219,2001145,151996),(151765,2000256,150384),(151488,2001369,152710),(150022,2000914,151528),(151528,2000721,150998),(150795,2000612,151294),(151294,2000204,150909),(151708,2001038,151758),(150847,2000042,150679),(150863,2000564,150723),(151055,2000278,151926),(152087,2001245,152370),(150442,2001245,152370),(152399,2001025,151734),(150646,2000651,150863),(151985,2001296,152415),(150276,2000012,151304),(152087,2000275,151644),(151464,2000720,151984),(150916,2000914,151528),(151528,2000678,151036),(150998,2001032,151748),(150847,2001009,151696),(151953,2000199,150720),(150720,2000914,151486),(153896,2000929,153115),(150009,2000537,153127),(152087,2000037,150052),(152592,2001317,152448),(151486,2000275,151173),(152087,2000522,150633),(152087,2000914,151486),(150845,2000239,150421),(150509,2000008,151307),(151307,2000787,151765),(150873,2000093,150030),(150030,2000579,150873),(150893,2000346,150974),(152448,2001279,152592),(152501,2001371,153563),(151713,2001133,152146),(152146,2000980,151713),(151713,2001045,151838),(153540,2001158,152030),(151488,2001077,151856),(152148,2001212,152151),(152151,2000906,151672),(151819,2001187,152096),(151587,2000275,151173),(153554,2001336,153357),(150009,2001410,153202),(151672,2001212,152151),(152151,2001175,152148),(152125,2000073,151890),(151890,2000614,152125),(152082,2000767,151390),(151246,2000599,150767),(150558,2000914,151486),(150442,2000719,151096),(150052,2001184,152087),(152087,2000793,152619),(150902,2000085,150296),(151723,2000675,150902),(151926,2000109,151055),(152619,2001184,152087),(150703,2000592,150754),(151049,2000757,151088),(151985,2001246,152315),(150658,2000203,152705),(152144,2001184,152087),(151758,2001245,152370),(151785,2000203,150125),(150251,2000010,152912),(150158,2000345,153821),(150673,2000203,152705),(150658,2000066,150151),(150151,2000345,150673),(151048,2001118,151952),(150797,2000025,152215),(152062,2000011,150078),(151734,2000978,152399),(151890,2000675,150902),(150902,2000531,150674),(150902,2000013,150011),(150190,2001705,154274),(150274,2001052,151799),(151799,2000307,150274),(150328,2001256,152259),(151340,2001014,152082),(150011,2000025,151284),(152087,2000655,151985),(150902,2000982,151723),(150827,2000621,150861),(154150,2000013,150190),(152215,2000204,150136),(152151,2000564,150723),(150723,2000985,151639),(152144,2001038,151758),(152087,2000916,151488),(152087,2000013,150011),(150719,2000462,150549),(151747,2000596,150761),(151752,2000548,150827),(151390,2001014,152082),(151390,2000012,150775),(151365,2000765,153117),(150775,2000239,150185),(152206,2000655,151985),(151985,2000025,152215),(150735,2000179,151746),(151245,2000767,151390),(152501,2000238,152435),(151390,2000547,151245),(150225,2000315,150314),(150844,2000270,150217),(150754,2000183,150703),(150844,2000592,150754),(151049,2000183,150703),(152054,2000199,150720),(151862,2000223,151049),(151049,2000684,152054),(152054,2000223,151049),(150720,2000684,152054),(151173,2000914,151486),(151528,2000811,151234),(150136,2000183,150108),(152215,2000655,151985),(151336,2000684,152054),(152054,2000842,151336),(151087,2000860,151364),(151540,2000860,151364),(150758,2000860,151364),(151364,2000973,151618),(151364,2000804,151540),(151364,2000645,152174),(151364,2000591,150758),(151364,2000756,151087),(152217,2001250,152249),(152249,2001187,152217),(152265,2001187,152096),(152096,2000570,150728),(151168,2000799,151350),(151495,2001250,152249),(152249,2000878,151495),(152265,2000878,151495),(151495,2000797,151219),(151495,2000797,151206),(150843,2000266,150211),(150211,2000380,150843),(151595,2000323,150328),(150328,2000958,151596),(151459,2001052,151827),(151729,2000899,151459),(151729,2001025,151734),(151734,2001023,151729),(152012,2001269,152284),(152284,2000015,152012),(150233,2000881,151402),(152299,2000280,150234),(150902,2000073,151890),(151582,2000905,151464),(150740,2000675,150902),(150902,2000652,150893),(151365,2001357,152587),(152215,2000579,150797),(151985,2001184,152087),(152315,2000655,151985),(152317,2000878,151495),(151495,2000655,151168),(150296,2000258,150432),(152082,2000844,151340),(150211,2000333,150848),(150848,2000266,150211),(151102,2001173,152062),(152062,2001180,152084),(151528,2000916,151488),(151985,2001229,152206),(150009,2000204,150136),(150861,2000914,151486),(151356,2000586,152137),(152137,2000730,151356),(150421,2000639,150845),(151705,2000239,150421),(150861,2000239,150421),(150421,2000863,151705),(152029,2001184,152087),(152087,2000682,152144),(151528,2000275,151173),(152236,2000914,151528),(150695,2000238,150248),(150248,2000512,150695),(151459,2001281,152313),(150845,2000026,150839),(151495,2001246,152317),(151996,2000797,151297),(151627,2000761,151102),(151102,2000686,152829),(150792,2000204,152328),(154259,2000013,150190),(151297,2001145,151996),(152257,2000878,151495),(151365,2001014,151708),(151713,2000862,151365),(150011,2000787,151439),(150040,2000025,150219),(152259,2000323,150528),(151486,2000571,151311),(150528,2001256,152259),(152242,2000914,151486),(151644,2001184,152087),(152087,2001115,152029),(151255,2000787,152458),(150166,2000559,151255),(152657,2000596,150761),(150442,2000027,150647),(152356,2000910,152094),(152094,2001277,152356),(151478,2001277,152356),(152356,2000911,151478),(150011,2001184,152087),(152062,2000013,150011),(151486,2001187,152096),(152096,2001250,152265),(152096,2000914,151587),(151049,2000652,150893),(152235,2001110,152357),(152357,2000027,150141),(151516,2001178,152069),(152069,2000686,151516),(151827,2000797,151206),(151206,2000878,151495),(151224,2000860,151364),(151364,2000806,151224),(152708,2000013,150011),(150200,2000012,151304),(152357,2001245,152235),(150141,2001240,152283),(151712,2000765,151115),(151528,2001187,152096),(151095,2000522,150633),(152087,2000652,151474),(152096,2000914,151486),(150728,2000064,150438),(150141,2001110,152357),(152370,2000787,152597),(152258,2000914,151528),(151528,2001187,152258),(152309,2001256,152259),(152259,2001279,152309),(152422,2001245,152370),(152370,2000664,151089),(151464,2000484,150927),(150903,2000905,151464),(151696,2000010,150847),(150847,2001014,151708),(152354,2000980,151629),(151713,2001135,152354),(150011,2000010,150009),(150723,2001052,151827),(151095,2001206,152136),(152136,2000682,151095),(151311,2000577,150994),(150994,2000787,151439),(150011,2001173,152062),(150224,2000203,150174),(152420,2000811,151234),(151234,2000370,152420),(152474,2000765,151115),(151115,2001014,151712),(150008,2000105,150033),(150998,2000016,151138),(151985,2000621,150861),(152415,2000655,151985),(151629,2001637,153896),(151712,2000817,151246),(152370,2000027,150141),(151758,2000682,152144),(152122,2000787,151439),(151439,2000865,151371),(150994,2001370,152865),(151439,2000013,150011),(150078,2000447,150533),(150902,2000958,151582),(151439,2000811,151859),(150695,2000787,151439),(150647,2000305,150734),(152309,2000025,150200),(150847,2000721,150998),(152457,2000010,150847),(150141,2001173,152062),(152283,2000027,150141),(150886,2000550,150700),(151317,2000288,150886),(152370,2001305,152422),(150078,2000027,150092),(152782,2000066,150184),(152370,2001038,151758),(152087,2000682,151095),(152370,2000011,150078),(151089,2001245,152370),(151794,2000664,151089),(151089,2000985,151794),(152087,2000592,151061),(150078,2000104,150040),(150008,2000105,150498),(151625,2000906,151633),(151990,2000787,152458),(152458,2000239,150421),(150428,2000370,152420),(152420,2000278,150428),(150909,2000203,150125),(152458,2000104,151308),(152354,2001357,152587),(151365,2001279,152592),(151018,2000066,150158),(152705,2000345,150673),(151629,2001431,152940),(150136,2000191,150110),(150011,2000564,150723),(150011,2000719,151096),(150184,2000345,152782),(150010,2000010,150009),(150673,2000066,150151),(152309,2000027,150647),(152184,2000787,151439),(151439,2000675,151359),(150011,2000221,152928),(152448,2000337,150335),(152353,2001317,152448),(151458,2000677,150903),(150903,2000904,151458),(152501,2000239,150421),(150421,2000621,150861),(152427,2001339,152506),(152506,2001281,152427),(151787,2001353,152564),(150599,2000011,150078),(150922,2001339,152506),(152506,2000688,150922),(151168,2001177,152329),(152329,2000578,151083),(150728,2000592,150754),(150754,2000570,150728),(150011,2000686,152829),(152812,2000025,153850),(150728,2001187,152096),(150438,2000570,150728),(151477,2000570,150728),(150728,2000910,151477),(150078,2000342,150554),(152309,2000340,150558),(150647,2000017,150442),(151839,2000027,150647),(152313,2000862,151365),(150250,2000256,150384),(151746,2000537,150735),(152329,2000655,151168),(150497,2000881,152299),(152299,2000435,150497),(152257,2000070,152555),(152555,2001255,152257),(152084,2000717,150993),(150993,2001180,152084),(150679,2000010,150847),(150847,2001319,152457),(151596,2000906,151633),(152579,2000958,151596),(151713,2001357,152587),(152587,2000980,151713),(152313,2001388,152752),(152587,2001135,152354),(152587,2001281,152313),(152354,2000862,151365),(151439,2001200,152122),(150959,2000914,151528),(150723,2000013,150011),(150863,2000526,150646),(151713,2001382,152707),(152590,2000980,151713),(151439,2000577,150994),(150009,2000013,150011),(152313,2000174,150250),(152354,2000980,151713),(150791,2000204,151532),(151439,2001032,152184),(150384,2000132,150372),(150141,2001245,152370),(151712,2000599,150767),(152084,2000787,151765),(151644,2000914,152641),(150554,2000914,152641),(152641,2000275,151644),(152641,2001317,152448),(152096,2000914,151528),(151819,2000518,150629),(150137,2000206,150129),(152679,2000787,151439),(150078,2001173,152062),(150219,2000675,150902),(150024,2000025,150219),(150219,2000027,150141),(150219,2000104,150040),(150141,2000256,150384),(151856,2000109,150038),(150735,2000787,151321),(150902,2000011,150078),(152467,2001242,152351),(153545,2000025,153850),(151891,2000223,150166),(151503,2000721,150998),(150998,2000010,150847),(150959,2000169,152491),(154292,2001314,152440),(151335,2000559,151742),(151742,2000787,151335),(152501,2000013,150011),(154030,2000013,150011),(151713,2001388,152752),(152707,2000980,151713),(150847,2000916,152183),(152183,2001425,152911),(150719,2000621,150861),(150384,2000174,150250),(150078,2000675,150902),(152710,2000013,152824),(152705,2001314,152603),(151532,2000203,152705),(154284,2000191,150110),(152710,2000013,150190),(150719,2000256,150384),(150014,2000348,150355),(152731,2000010,150009),(150009,2000203,152812),(150345,2000348,150355),(150355,2000338,150345),(152370,2001184,152087),(150442,2000012,150775),(152657,2000860,151364),(152174,2000860,151364),(150507,2001059,151821),(151821,2000360,150507),(150703,2000223,152622),(152622,2000183,150703),(150008,2000307,150274),(150734,2000027,150647),(152603,2000203,152705),(152705,2000204,150136),(152718,2001110,152357),(152357,2001379,152718),(152458,2000203,150251),(150442,2000008,150008),(150442,2000027,150141),(150141,2000017,150442),(150038,2001077,151856),(151856,2000066,150158),(150158,2000787,151439),(151474,2000506,150603),(150603,2000270,150217),(151629,2001357,152587),(151365,2000980,151629),(152793,2000980,151629),(152313,2001135,152354),(151528,2000787,151335),(151206,2000914,151528),(151891,2000912,151646),(151646,2001081,151891),(152458,2000360,151990),(150421,2000914,151528),(150136,2000365,150501),(152370,2000017,150442),(152597,2001245,152370),(152814,2000008,152767),(152767,2000305,150276),(152354,2001281,152313),(151629,2001135,152354),(150137,2000204,150136),(151884,2000214,150137),(152835,2001403,152834),(152835,2001404,152836),(152834,2000978,151625),(152834,2001077,152848),(152836,2001403,152834),(152836,2001402,152835),(150828,2000914,151528),(151528,2000797,151206),(151439,2000173,152679),(150158,2000578,151018),(150040,2000011,150078),(151439,2000039,150959),(152839,2001294,152840),(152839,2001242,152615),(152615,2000843,152839),(152840,2000843,152839),(152603,2000203,150251),(150251,2001314,152603),(152509,2000463,152830),(152467,2000204,152509),(152848,2001403,152834),(152834,2001402,152835),(152650,2001187,152096),(152096,2000278,151819),(152084,2001173,152062),(152458,2001081,151891),(151255,2000223,150166),(152458,2001180,152084),(151629,2000862,151365),(152030,2000980,151629),(150647,2000686,150920),(152030,2001281,152313),(152313,2001399,152793),(152030,2000506,150603),(150017,2000027,150647),(150647,2000686,151839),(150376,2000105,150033),(150726,2000914,151528),(152834,2001404,152836),(151528,2000559,151255),(151255,2000914,151528),(151528,2001279,152763),(150125,2000198,150145),(152834,2000203,150125),(152763,2001184,152717),(150558,2001279,152763),(151785,2000203,150251),(150125,2000611,150992),(152767,2000307,152768),(152763,2000008,152767),(152853,2000651,150863),(151100,2001408,152853),(151634,2000914,151486),(152203,2000907,151634),(152793,2001281,152313),(150261,2000820,151243),(151629,2001158,152030),(152587,2001388,152752),(150863,2001408,152853),(152853,2000497,151100),(150011,2001336,152501),(152767,2001279,152763),(152589,2001399,152793),(152793,2000174,150250),(150190,2000202,151050),(152812,2000204,153807),(154166,2000203,152812),(151629,2001399,152793),(152793,2001358,152589),(152767,2000013,152824),(152824,2000008,152767),(152589,2000929,151514),(151514,2001357,153788),(152853,2000580,152876),(152876,2000010,150009),(152859,2000580,152876),(152876,2000025,151284),(150009,2000580,152876),(152876,2001184,152717),(152812,2000191,150110),(152812,2001554,153409),(151488,2001184,152087),(152710,2000011,150078),(152895,2000066,150158),(150158,2001077,151856),(152096,2001410,152859),(152859,2001187,152096),(152928,2000013,150011),(150011,2001279,153348),(151765,2001447,153009),(150629,2000526,150646),(152901,2000688,152952),(151514,2001399,152901),(151488,2000914,151486),(152901,2001299,152884),(151488,2000488,150583),(153117,2001014,153133),(152901,2000929,151514),(152884,2001399,152901),(151284,2000580,152876),(151780,2000772,151342),(151342,2001032,151780),(151284,2000013,150011),(151780,2000025,151284),(152084,2000787,152458),(150078,2001184,152087),(151365,2001177,152329),(152901,2000916,151488),(150370,2000025,151284),(151284,2000203,150125),(150125,2000611,151299),(152912,2001378,152694),(152812,2000844,153661),(152509,2001237,152467),(150078,2000025,150219),(152830,2000204,152509),(152509,2000203,150251),(151243,2000293,150261),(152832,2000820,151243),(151497,2000910,152093),(152093,2000912,151497),(152890,2000545,152398),(152398,2001418,152890),(152808,2000394,150445),(150250,2001206,152808),(151102,2001417,152882),(150781,2000761,151102),(152592,2000013,150011),(151365,2000980,151713),(151284,2000355,150370),(152440,2000612,154292),(152926,2000912,151816),(151816,2000910,152926),(152436,2001242,152591),(152591,2000850,152436),(152351,2000850,152436),(152436,2001242,152351),(151096,2000017,150442),(152940,2001378,153639),(151629,2000518,152154),(152940,2001560,153623),(151765,2000008,151307),(150384,2000537,150719),(152244,2000547,151245),(151245,2001060,152244),(150040,2000787,151439),(151096,2000104,150040),(153004,2000601,153002),(153002,2000761,151102),(151712,2001038,151758),(151115,2000817,151246),(151765,2001180,152084),(151307,2000439,150509),(152641,2000293,150261),(151246,2000765,151115),(150767,2001014,151712),(150767,2000817,151246),(153020,2000470,151079),(153020,2000580,152876),(152979,2000719,151096),(152793,2001442,152979),(150994,2000104,150040),(150040,2000719,151096),(151284,2000203,152812),(152631,2000025,151284),(151528,2000912,151497),(151497,2000914,151528),(152952,2001399,152901),(152901,2000862,151365),(152808,2001449,153020),(150445,2001206,152808),(153046,2001465,153047),(153047,2001464,153046),(152611,2000340,150558),(150558,2001349,152611),(150013,2000013,150190),(152717,2000305,150734),(152592,2000862,151365),(153020,2001279,152592),(151172,2000979,152943),(152943,2000601,151172),(153405,2000012,153931),(153202,2000202,150224),(150757,2000662,150883),(150883,2000537,153208),(153202,2000010,150009),(152979,2000082,150014),(150014,2001442,152979),(150883,2001421,152896),(151102,2000463,152830),(152882,2000662,150883),(152896,2000662,150883),(150883,2000589,150757),(151321,2000675,151359),(152500,2000787,151321),(154292,2001667,154297),(151758,2001014,151708),(151634,2000978,152649),(152649,2000907,151634),(151514,2001358,152589),(151365,2000899,151459),(152329,2000862,151365),(152970,2000904,152889),(152808,2000174,150250),(152592,2001206,152808),(152808,2001279,152592),(151526,2001206,152808),(152154,2000980,151629),(151629,2000862,153789),(150190,2001678,154134),(150110,2000737,153917),(152812,2000204,153291),(151785,2000203,152812),(151819,2001206,152808),(152808,2000278,151819),(153138,2000765,153011),(153061,2000765,153011),(153061,2001603,153766),(153766,2000578,151083),(153011,2000882,152738),(153011,2000547,151245),(153143,2000740,153060),(153060,2000578,153143),(152391,2000844,152046),(152046,2001060,152391),(151685,2001242,152885),(151083,2001177,152329),(152137,2000622,152004),(152004,2000982,152286),(151587,2000580,153021),(153021,2000914,151587),(151321,2000512,150695),(152869,2000025,153166),(151856,2000787,151321),(151321,2001396,152869),(151439,2000346,150791),(152869,2000787,151321),(151365,2001281,152313),(151708,2000862,151365),(152812,2000787,151439),(150136,2000203,150910),(150008,2000682,151095),(152859,2000012,151048),(152829,2000761,151102),(152830,2000761,151102),(150110,2000324,150304),(153117,2000817,153138),(152812,2000204,153141),(153141,2000191,150110),(150040,2000686,151516),(151516,2000104,150040),(152832,2000595,153568),(150224,2000203,150125),(151488,2000914,151528),(152911,2000916,151488),(152812,2000204,151785),(154264,2000203,152812),(150421,2000787,152458),(150190,2001369,152710),(151426,2000912,151646),(151646,2000787,151426),(150190,2001705,154259),(153931,2001184,153405),(150883,2001417,152882),(154150,2000203,150125),(150190,2000675,150902),(151225,2000662,150883),(152812,2000010,150009),(153171,2000203,152812),(151488,2001399,152901),(153148,2000916,151488),(150107,2000204,150136),(152509,2000203,152812),(150070,2001410,153202),(153202,2000010,150009),(153059,2000765,153117),(151365,2001135,152354),(153523,2000845,151337),(153101,2000202,150224),(152763,2000011,150078),(150078,2000025,151284),(152587,2000980,151629),(151365,2001399,152901),(151102,2000601,153002),(152286,2000622,152004),(150883,2000804,151225),(153208,2000662,150883),(152889,2001294,152970),(153326,2000204,150136),(153132,2000239,150421),(150421,2000359,153132),(150909,2000723,151005),(150166,2000204,150909),(153400,2000980,151629),(152136,2001184,152717),(153136,2000173,150098),(150734,2001184,152717),(151488,2001425,152911),(152694,2000817,151246),(152812,2000025,151284),(154166,2000214,150137),(153896,2001646,153959),(153655,2000860,151364),(152316,2000860,151364),(151364,2000662,152657),(150224,2000012,150775),(150909,2000202,151050),(150011,2000012,154030),(152763,2000914,151528),(154134,2000013,150190),(150864,2000380,150843),(153133,2000765,153117),(154174,2000204,150909),(152812,2001447,153009),(150224,2000324,150304),(153291,2001447,153009),(150137,2001410,153202),(153117,2001357,153059),(153143,2000765,151115),(153059,2000862,151365),(153138,2000518,150772),(151365,2000929,151514),(153133,2000518,150772),(150772,2000270,150217),(150772,2001014,153133),(153138,2000765,153117),(153348,2000013,150011),(150011,2000042,150010),(150136,2000612,150792),(153166,2001396,152869),(152435,2001336,152501),(150125,2000025,151284),(150735,2000204,150136),(151321,2000537,150735),(152717,2000580,152876),(151337,2001546,153523),(153660,2000179,153540),(150909,2000611,150992),(153257,2001410,153918),(151713,2001184,153257),(150009,2000360,152731),(150136,2000025,150200),(150294,2000203,150174),(150136,2000611,150992),(153101,2000204,150909),(150909,2000223,150166),(150772,2000817,153138),(151365,2001357,153059),(153750,2000202,153696),(151611,2001177,153527),(152694,2000010,152912),(152912,2000008,151307),(152869,2000787,151439),(153166,2000204,150136),(151147,2001378,152694),(152694,2000916,151488),(152812,2000010,152912),(151439,2000104,150040),(151914,2000845,152474),(152474,2000751,151914),(152694,2000775,151147),(151246,2001378,152694),(151050,2000204,150909),(152694,2000202,151050),(153011,2001014,153061),(152552,2001177,152329),(152660,2001177,152329),(152329,2000845,152552),(150772,2000980,151629),(151629,2000518,150629),(153409,2000203,152812),(152812,2000235,154264),(152869,2000010,152912),(152912,2001396,152869),(152587,2001299,152590),(152590,2001357,152587),(154172,2001688,154174),(150011,2000026,152708),(153283,2001410,153202),(152717,2001279,152763),(153166,2000930,151954),(151954,2000025,153166),(153254,2000916,151488),(151488,2001378,152694),(153571,2000882,152412),(151618,2000293,150261),(153923,2000787,151439),(151439,2000732,153923),(152882,2000761,151102),(152885,2001005,151685),(150008,2000097,150036),(153254,2000008,150008),(152412,2000845,151584),(151584,2000882,152412),(150151,2000345,152782),(153202,2000027,150070),(153202,2001184,152717),(150009,2000580,152500),(150261,2000914,152641),(151243,2001401,152832),(154291,2000013,150190),(150603,2000652,151474),(152030,2000971,151611),(150184,2000345,150661),(151618,2000860,151364),(151364,2000661,153655),(152030,2000599,153664),(153343,2000179,153540),(152812,2000787,151765),(150775,2000914,151528),(153959,2001637,153896),(153540,2000870,153660),(153540,2001177,153527),(153540,2000844,153661),(153540,2000817,153697),(153661,2001177,152518),(153527,2000179,153540),(152812,2000204,152509),(153676,2000203,152812),(150125,2000191,153840),(153676,2000203,150125),(152717,2001206,152136),(153202,2001440,153283),(154314,2000203,150125),(154172,2000203,152812),(152501,2000250,154168),(150011,2000980,154146),(150136,2000612,151294),(153326,2000008,150008),(154194,2000203,152812),(154172,2001314,152603),(152603,2001686,154172),(152812,2001667,154166),(151267,2001014,153704),(153704,2000740,151267),(153661,2000203,152812),(153527,2000971,151611),(150883,2000811,153158),(151611,2001158,152030),(151245,2000765,153011),(153011,2000817,153138),(153143,2000765,153011),(153011,2000578,153143),(151618,2000811,153158),(153158,2000973,151618),(152812,2000202,150224),(150107,2000203,152812),(151758,2000843,151530),(151976,2001038,151758),(153821,2000066,150158),(150158,2000343,152895),(153788,2000929,151514),(151514,2000862,151365),(153664,2001158,152030),(152895,2000012,150775),(153791,2001619,153815),(153814,2001619,153815),(153815,2001610,153791),(153815,2001618,153814),(150136,2000203,152750),(153679,2000204,150136),(153202,2001184,153257),(153257,2000980,151713),(150125,2000857,151410),(152449,2000379,153343),(152518,2000844,153661),(153661,2000179,153540),(151780,2000973,151618),(153722,2000973,151618),(151618,2000761,151102),(151618,2001368,152639),(153807,2000203,152812),(152812,2000204,150136),(153766,2001014,153061),(151083,2001603,153766),(153836,2000820,151243),(151243,2001180,153836),(152474,2000179,153540),(153540,2000845,152474),(153661,2000971,151611),(151611,2000844,153661),(153540,2001135,152354),(152354,2000179,153540),(153357,2000653,154000),(153554,2001336,152501),(151815,2000817,152672),(152672,2001060,151815),(153866,2000929,151514),(151488,2001629,153866),(152475,2001603,153766),(153766,2001014,152475),(153866,2001440,152967),(152967,2001629,153866),(151050,2000203,150251),(151082,2000846,151339),(151339,2000748,151082),(153569,2000595,153568),(153568,2000820,153569),(153744,2001014,153704),(153704,2001005,153744),(150522,2000204,150136),(150791,2000191,150522),(150376,2000307,151317),(153850,2001281,153545),(151514,2001629,153866),(153866,2000916,151488),(153756,2000717,153758),(153758,2000860,153756),(153115,2001637,153896),(153896,2000980,151629),(152183,2001629,153866),(153866,2000916,152183),(153291,2000203,152812),(153009,2000204,153291),(152812,2000204,153171),(153850,2000008,150376),(153891,2001184,152717),(152717,2001410,153202),(151925,2000787,151439),(151439,2000203,152812),(151364,2000644,152316),(151618,2001197,153722),(150224,2000115,150047),(150294,2000223,150166),(150775,2000343,152895),(150507,2000012,150775),(152708,2000639,150845),(150845,2000026,152708),(150294,2000162,150094),(153917,2000203,152812),(151758,2001637,153906),(153906,2001038,151758),(152812,2001667,154194),(152812,2001587,153676),(150294,2000206,150129),(150522,2000203,152812),(150294,2000202,150224),(152717,2000311,150294),(152643,2000629,151163),(151163,2001079,152643),(150261,2000973,151618),(151618,2001032,151780),(151102,2000973,151618),(152896,2000761,151102),(151618,2001079,152643),(152643,2000973,151618),(153770,2000622,152004),(152004,2000463,153770),(150010,2000066,150184),(150009,2000817,151246),(150137,2001708,154284),(153991,2000214,150137),(153538,2001440,153283),(153283,2001184,152717),(150233,2000653,154000),(154000,2000110,150982),(150982,2000466,151008),(154000,2000278,150233),(153996,2001410,153202),(153202,2000214,150137),(150982,2001378,153780),(153780,2000110,150982),(150746,2000761,151102),(151102,2000548,150746),(151349,2000238,153885),(153885,2000812,151349),(153918,2000008,150008),(153257,2001410,153202),(153918,2001184,153257),(150008,2001408,153254),(151014,2000541,150698),(150698,2000730,151014),(153918,2000013,150011),(153840,2000203,150125),(153141,2000203,152812),(154040,2000013,150011),(150008,2001410,153918),(150072,2000653,154000),(154000,2000110,150072),(154040,2000008,150008),(153257,2001643,154040),(153283,2000013,150190),(150110,2000015,150034),(154259,2000191,150110),(152521,2001577,153554),(150219,2000204,153291),(150224,2001686,154172),(152940,2000980,151629),(153639,2001431,152940),(152940,2000204,150909),(150224,2001216,153101),(152940,2000655,151985),(151985,2001431,152940),(153357,2001371,154138),(154138,2001336,153357),(153825,2000204,153807),(151581,2000578,152116),(154102,2001671,154103),(154103,2001670,154102),(154040,2001184,153257),(154172,2000202,150224),(152812,2000188,150107),(151365,2001133,153693),(153693,2000862,151365),(153173,2000203,152812),(152812,2000737,153917),(150008,2000027,150647),(150647,2000017,150017),(150110,2001708,154284),(150647,2000008,150008),(153357,2001577,153554),(150136,2000203,152705),(153127,2000010,150009),(150009,2000042,150010),(154000,2001336,153357),(152812,2000202,151050),(150011,2000066,150158),(153850,2000179,152966),(150190,2001216,154240),(152966,2000025,153850),(154040,2000008,150376),(150376,2000025,153850),(153931,2000027,150647),(150647,2000012,153931),(152812,2000191,150522),(150909,2001431,152940),(154008,2000008,150376),(150376,2000545,154008),(152887,2000013,150190),(152116,2000189,151581),(153202,2001629,153996),(150224,2000203,152812),(150136,2000025,153166),(154166,2001336,152501),(152501,2001667,154166),(152812,2001708,154284),(152812,2000311,150294),(150190,2001440,153283),(150136,2000311,150294),(154150,2000612,154292),(150125,2001145,151996),(153202,2000013,150190),(152328,2000612,150792),(150190,2001662,154144),(150660,2000013,150190),(150137,2000861,151884),(152887,2000202,150224),(150011,2000042,150660),(150011,2000223,152622),(150660,2000013,150011),(150158,2000013,150011),(150126,2000204,153141),(153141,2000179,150126),(154168,2001336,152501),(150190,2001410,152887),(153917,2000191,150110),(150190,2000080,154291),(154144,2000013,150190),(150190,2000042,150660),(154244,2000612,151294),(154244,2000214,150137),(152812,2001686,154172),(154244,2000203,152812),(151294,2000202,150224),(154244,2000203,150125),(150125,2001403,152834),(152812,2000346,153173),(152623,2001662,154247),(154247,2001059,152623),(151294,2000614,150795),(154247,2000011,150078),(150078,2001662,154247),(150137,2001667,154251),(151050,2000203,152812),(154251,2000612,154292),(150125,2000191,150522),(154251,2000203,152750),(154251,2000612,151294),(150136,2000460,150539),(154251,2000214,150137),(154284,2000214,150137),(154254,2000203,152812),(152812,2000250,154168),(152750,2000204,150136),(154251,2000203,150125),(150190,2001410,153202),(154274,2000013,150190),(150190,2000203,152812),(151050,2000013,150190),(154168,2001705,154266),(154266,2000250,154168),(152812,2000013,150190),(150190,2000012,151304),(151304,2000013,150190),(150190,2000080,150013),(154303,2000203,152812),(154194,2000203,150125),(150125,2001667,154244),(154284,2000203,152812),(150522,2000203,150125),(154297,2001708,154284),(154251,2000203,152812),(154292,2001682,154150),(154297,2000203,150125),(154292,2001667,154251),(154297,2000191,150110),(150110,2000204,153141),(150137,2001667,154297),(154297,2000612,154292),(154297,2000214,150137),(150125,2001667,154194),(150294,2001184,152717),(154251,2000311,150294),(150294,2000202,151050),(151050,2000311,150294),(154254,2000311,154339),(154339,2001682,154254),(154284,2000311,154339),(154339,2001314,154314),(154339,2000191,153840),(154339,2000203,150125),(154339,2001708,154284),(154314,2000311,154339),(153840,2000311,154339),(150125,2000311,154339);

--
-- Table structure for table `gepard_block`
--

CREATE TABLE `gepard_block` (
  `unique_id` int(11) unsigned NOT NULL DEFAULT '0',
  `unban_time` datetime NOT NULL,
  `reason` varchar(50) NOT NULL,
  UNIQUE KEY `unique_id` (`unique_id`)
) ENGINE=MyISAM DEFAULT CHARSET=latin1;

--
-- Dumping data for table `gepard_block`
--


--
-- Table structure for table `gepard_block_log`
--

CREATE TABLE `gepard_block_log` (
  `id` int(11) unsigned NOT NULL AUTO_INCREMENT,
  `unique_id` int(11) unsigned NOT NULL DEFAULT '0',
  `block_time` datetime NOT NULL,
  `unban_time` datetime NOT NULL,
  `violator_name` varchar(24) NOT NULL,
  `violator_account_id` int(11) NOT NULL,
  `initiator_name` varchar(24) NOT NULL,
  `initiator_account_id` int(11) NOT NULL,
  `reason` varchar(50) NOT NULL,
  PRIMARY KEY (`id`)
) ENGINE=MyISAM DEFAULT CHARSET=latin1;

--
-- Dumping data for table `gepard_block_log`
--


--
-- Table structure for table `gepard_min_allowed_license_version`
--

CREATE TABLE `gepard_min_allowed_license_version` (
  `version` int(11) unsigned NOT NULL DEFAULT '2018033001'
) ENGINE=MyISAM DEFAULT CHARSET=latin1;

--
-- Dumping data for table `gepard_min_allowed_license_version`
--

INSERT INTO `gepard_min_allowed_license_version` VALUES (0);

--
-- Table structure for table `gm_reward`
--

CREATE TABLE `gm_reward` (
  `id` int(11) NOT NULL AUTO_INCREMENT,
  `gm_aid` int(11) NOT NULL DEFAULT '0',
  `gm_name` varchar(30) NOT NULL DEFAULT '',
  `nameid` int(11) NOT NULL DEFAULT '0',
  `amount` int(11) unsigned NOT NULL DEFAULT '0',
  `refine` tinyint(3) unsigned NOT NULL DEFAULT '0',
  `card1` smallint(4) unsigned NOT NULL DEFAULT '0',
  `card2` smallint(4) unsigned NOT NULL DEFAULT '0',
  `card3` smallint(4) unsigned NOT NULL DEFAULT '0',
  `card4` smallint(4) unsigned NOT NULL DEFAULT '0',
  `format_name` varchar(30) NOT NULL DEFAULT 'null',
  `reward_time` datetime NOT NULL DEFAULT '0000-00-00 00:00:00',
  `status` tinyint(1) NOT NULL DEFAULT '0',
  `claim_aid` int(11) NOT NULL DEFAULT '0',
  `claim_name` varchar(30) NOT NULL DEFAULT '',
  `claim_time` datetime NOT NULL DEFAULT '0000-00-00 00:00:00',
  `note` varchar(255) NOT NULL DEFAULT 'none',
  PRIMARY KEY (`id`)
) ENGINE=MyISAM AUTO_INCREMENT=487 DEFAULT CHARSET=latin1;

--
-- Dumping data for table `gm_reward`
--

INSERT INTO `gm_reward` VALUES (103,2000000,'GM Bran',30011,200,0,0,0,0,0,'200 x Light White Potion','2019-06-03 00:04:28',1,2000004,'GM Maxine','2019-06-03 00:07:55','Test Ra Ni Doh'),(104,2000000,'GM Bran',30248,20,0,0,0,0,0,'20 x Green Voucher (Freebies)','2019-06-03 00:06:36',2,2000000,'GM Bran','0000-00-00 00:00:00','test'),(105,2000004,'GM Maxine',30248,20,0,0,0,0,0,'20 x Green Voucher (Freebies)','2019-06-03 12:11:08',2,2000000,'GM Bran','0000-00-00 00:00:00','Testing'),(106,2000004,'GM Maxine',30011,200,0,0,0,0,0,'200 x Light White Potion','2019-06-03 15:32:21',1,2000083,'Amadeus','2019-06-03 15:32:36','Event Winner'),(107,2000004,'GM Maxine',30012,200,0,0,0,0,0,'200 x Light Blue Potion','2019-06-03 16:00:57',1,2000015,'Awsome','2019-06-03 16:19:28','Hide & Seek'),(108,2000004,'GM Maxine',30011,200,0,0,0,0,0,'200 x Light White Potion','2019-06-03 16:01:21',1,2000015,'Awsome','2019-06-03 16:19:25','Hide & Seek'),(109,2000004,'GM Maxine',30248,20,0,0,0,0,0,'20 x Green Voucher (Freebies)','2019-06-03 16:02:47',1,2000373,'PrettyOne','2019-06-03 16:03:22','Hide & Seek'),(110,2000004,'GM Maxine',30023,10,0,0,0,0,0,'10 x Online Time Token','2019-06-03 16:04:37',1,2000255,'sugarfree','2019-06-03 16:04:45','Hide & Seek'),(111,2000004,'GM Maxine',30011,200,0,0,0,0,0,'200 x Light White Potion','2019-06-03 16:15:45',1,2000280,'C I N D Y','2019-06-03 16:17:41','Hide & Seek'),(112,2000004,'GM Maxine',30012,200,0,0,0,0,0,'200 x Light Blue Potion','2019-06-03 16:16:15',1,2000280,'C I N D Y','2019-06-03 16:17:38','Hide & Seek'),(113,2000004,'GM Maxine',30011,200,0,0,0,0,0,'200 x Light White Potion','2019-06-03 16:17:07',1,2000278,'Natsu Dragneel','2019-06-03 16:18:08','hide & seek'),(114,2000004,'GM Maxine',30012,200,0,0,0,0,0,'200 x Light Blue Potion','2019-06-03 16:17:27',1,2000278,'Natsu Dragneel','2019-06-03 16:18:05','Event'),(115,2000004,'GM Maxine',30011,200,0,0,0,0,0,'200 x Light White Potion','2019-06-03 16:18:22',1,2000394,'Tukzz','2019-06-03 16:21:58','Event'),(116,2000004,'GM Maxine',30012,200,0,0,0,0,0,'200 x Light Blue Potion','2019-06-03 16:18:55',1,2000394,'Tukzz','2019-06-03 16:21:54','Event'),(117,2000004,'GM Maxine',30248,20,0,0,0,0,0,'20 x Green Voucher (Freebies)','2019-06-03 16:33:53',1,2000394,'Tukzz','2019-06-03 16:34:19','Event'),(118,2000004,'GM Maxine',30023,10,0,0,0,0,0,'10 x Online Time Token','2019-06-03 16:34:12',1,2000394,'Tukzz','2019-06-03 16:34:17','Event'),(119,2000004,'GM Maxine',30011,200,0,0,0,0,0,'200 x Light White Potion','2019-06-03 16:34:37',1,2000394,'Tukzz','2019-06-03 16:34:46','Event'),(120,2000004,'GM Maxine',30012,200,0,0,0,0,0,'200 x Light Blue Potion','2019-06-03 16:35:00',1,2000394,'Tukzz','2019-06-03 22:14:19','Event'),(121,2000004,'GM Maxine',30248,20,0,0,0,0,0,'20 x Green Voucher (Freebies)','2019-06-03 16:35:53',1,2000017,'H O P E I A','2019-06-03 16:37:32','Event'),(122,2000004,'GM Maxine',30023,10,0,0,0,0,0,'10 x Online Time Token','2019-06-03 16:36:13',1,2000017,'H O P E I A','2019-06-03 16:37:28','Event'),(123,2000004,'GM Maxine',30011,200,0,0,0,0,0,'200 x Light White Potion','2019-06-03 16:36:47',1,2000017,'H O P E I A','2019-06-03 16:37:20','Event'),(124,2000004,'GM Maxine',30012,200,0,0,0,0,0,'200 x Light Blue Potion','2019-06-03 16:37:29',1,2000017,'H O P E I A','2019-06-03 16:37:54','Event'),(125,2000004,'GM Maxine',30248,20,0,0,0,0,0,'20 x Green Voucher (Freebies)','2019-06-03 16:37:56',1,2000255,'sugarfree','2019-06-03 16:38:07','Event'),(126,2000004,'GM Maxine',30023,10,0,0,0,0,0,'10 x Online Time Token','2019-06-03 16:38:14',1,2000255,'sugarfree','2019-06-03 16:39:33','event'),(127,2000004,'GM Maxine',30011,200,0,0,0,0,0,'200 x Light White Potion','2019-06-03 16:38:39',1,2000255,'sugarfree','2019-06-03 16:39:31','event'),(128,2000004,'GM Maxine',30012,200,0,0,0,0,0,'200 x Light Blue Potion','2019-06-03 16:39:02',1,2000255,'sugarfree','2019-06-03 16:39:29','Event'),(129,2000004,'GM Maxine',30248,20,0,0,0,0,0,'20 x Green Voucher (Freebies)','2019-06-03 16:39:37',1,2000280,'C I N D Y','2019-06-03 16:40:21','Event'),(130,2000004,'GM Maxine',30023,10,0,0,0,0,0,'10 x Online Time Token','2019-06-03 16:40:15',1,2000280,'C I N D Y','2019-06-03 16:40:18','Event'),(131,2000004,'GM Maxine',30011,200,0,0,0,0,0,'200 x Light White Potion','2019-06-03 16:40:32',1,2000280,'C I N D Y','2019-06-03 16:40:39','EVENT'),(132,2000004,'GM Maxine',30012,200,0,0,0,0,0,'200 x Light Blue Potion','2019-06-03 16:40:53',1,2000280,'C I N D Y','2019-06-03 16:40:55','Event'),(133,2000004,'GM Maxine',30248,20,0,0,0,0,0,'20 x Green Voucher (Freebies)','2019-06-04 10:33:36',1,2000531,'A l i z e l','2019-06-04 10:45:52','Local'),(134,2000004,'GM Maxine',30248,20,0,0,0,0,0,'20 x Green Voucher (Freebies)','2019-06-04 10:34:21',1,2000531,'A l i z e l','2019-06-04 10:45:51','Local'),(135,2000004,'GM Maxine',30248,20,0,0,0,0,0,'20 x Green Voucher (Freebies)','2019-06-04 10:34:59',1,2000531,'A l i z e l','2019-06-04 10:45:49','Local'),(136,2000004,'GM Maxine',30023,10,0,0,0,0,0,'10 x Online Time Token','2019-06-04 10:35:52',1,2000531,'A l i z e l','2019-06-04 10:45:48','Local'),(137,2000004,'GM Maxine',30023,10,0,0,0,0,0,'10 x Online Time Token','2019-06-04 10:36:14',1,2000531,'A l i z e l','2019-06-04 10:45:45','Local'),(138,2000004,'GM Maxine',30012,200,0,0,0,0,0,'200 x Light Blue Potion','2019-06-04 10:48:57',1,2000531,'A l i z e l','2019-06-04 10:49:17','Local'),(139,2000004,'GM Maxine',30012,200,0,0,0,0,0,'200 x Light Blue Potion','2019-06-04 10:49:18',1,2000531,'A l i z e l','2019-06-04 11:07:51','Local'),(140,2000004,'GM Maxine',30011,200,0,0,0,0,0,'200 x Light White Potion','2019-06-04 10:49:44',1,2000531,'A l i z e l','2019-06-04 11:07:48','Local'),(141,2000004,'GM Maxine',30023,10,0,0,0,0,0,'10 x Online Time Token','2019-06-04 11:12:14',1,2000358,'7Eleven','2019-06-04 11:13:57','rewa'),(142,2000004,'GM Maxine',30023,10,0,0,0,0,0,'10 x Online Time Token','2019-06-04 11:12:39',1,2000358,'7Eleven','2019-06-04 11:13:56','rewa'),(143,2000004,'GM Maxine',30248,20,0,0,0,0,0,'20 x Green Voucher (Freebies)','2019-06-04 11:13:06',1,2000358,'7Eleven','2019-06-04 11:13:54','sada'),(144,2000004,'GM Maxine',30023,10,0,0,0,0,0,'10 x Online Time Token','2019-06-04 11:13:36',1,2000358,'7Eleven','2019-06-04 11:13:52','rewa'),(145,2000004,'GM Maxine',30023,10,0,0,0,0,0,'10 x Online Time Token','2019-06-04 11:17:39',1,2000358,'7Eleven','2019-06-04 11:20:52','sadsada'),(146,2000004,'GM Maxine',30023,10,0,0,0,0,0,'10 x Online Time Token','2019-06-04 11:18:10',1,2000358,'7Eleven','2019-06-04 11:20:50','21321'),(147,2000004,'GM Maxine',30248,20,0,0,0,0,0,'20 x Green Voucher (Freebies)','2019-06-04 12:22:30',1,2000083,'Amadeus','2019-06-04 12:22:49','test'),(148,2000004,'GM Maxine',30023,10,0,0,0,0,0,'10 x Online Time Token','2019-06-04 14:53:04',1,2000358,'7Eleven','2019-06-04 14:55:10','vend'),(149,2000004,'GM Maxine',30248,20,0,0,0,0,0,'20 x Green Voucher (Freebies)','2019-06-04 14:53:18',1,2000358,'7Eleven','2019-06-04 14:55:09','sadas'),(150,2000004,'GM Maxine',30023,10,0,0,0,0,0,'10 x Online Time Token','2019-06-04 14:53:38',1,2000358,'7Eleven','2019-06-04 14:55:08','saoda'),(151,2000004,'GM Maxine',30023,10,0,0,0,0,0,'10 x Online Time Token','2019-06-04 14:54:22',1,2000358,'7Eleven','2019-06-04 14:55:07','dasdasd'),(152,2000004,'GM Maxine',30023,10,0,0,0,0,0,'10 x Online Time Token','2019-06-04 14:54:53',1,2000358,'7Eleven','2019-06-04 14:55:05','dasdad'),(153,2000004,'GM Maxine',30023,10,0,0,0,0,0,'10 x Online Time Token','2019-06-04 16:23:57',1,2000270,'Shujerion','2019-06-04 16:24:24','Token Refund'),(154,2000004,'GM Maxine',30023,10,0,0,0,0,0,'10 x Online Time Token','2019-06-04 22:05:32',1,2000270,'Shujerion','2019-06-04 22:09:53','Refund Token Problem'),(155,2000004,'GM Maxine',30023,10,0,0,0,0,0,'10 x Online Time Token','2019-06-05 00:36:10',1,2000359,'Camphor','2019-06-05 00:38:15','dsadasd'),(156,2000004,'GM Maxine',30248,20,0,0,0,0,0,'20 x Green Voucher (Freebies)','2019-06-05 00:36:26',2,2000263,'TEEASTASD','0000-00-00 00:00:00','asdasd'),(157,2000004,'GM Maxine',30023,10,0,0,0,0,0,'10 x Online Time Token','2019-06-05 00:36:39',1,2000359,'Camphor','2019-06-05 00:38:14','asasdsa'),(158,2000004,'GM Maxine',30023,10,0,0,0,0,0,'10 x Online Time Token','2019-06-05 00:36:52',1,2000359,'Camphor','2019-06-05 00:38:13','dasdsadz'),(159,2000004,'GM Maxine',30023,10,0,0,0,0,0,'10 x Online Time Token','2019-06-05 00:37:14',1,2000359,'Camphor','2019-06-05 00:38:12','dasdas'),(160,2000004,'GM Maxine',30023,10,0,0,0,0,0,'10 x Online Time Token','2019-06-05 00:37:34',1,2000359,'Camphor','2019-06-05 00:38:11','asdasd'),(161,2000004,'GM Maxine',30023,10,0,0,0,0,0,'10 x Online Time Token','2019-06-05 00:37:57',1,2000359,'Camphor','2019-06-05 00:38:09','Camphor'),(162,2000004,'GM Maxine',30023,10,0,0,0,0,0,'10 x Online Time Token','2019-06-06 09:27:30',1,2000359,'Camphor','2019-06-06 11:08:48','Camphor'),(163,2000004,'GM Maxine',30023,10,0,0,0,0,0,'10 x Online Time Token','2019-06-06 09:27:56',1,2000359,'Camphor','2019-06-06 11:08:45','Camphor'),(164,2000004,'GM Maxine',30023,10,0,0,0,0,0,'10 x Online Time Token','2019-06-06 09:28:13',1,2000359,'Camphor','2019-06-06 11:08:44','Camphor'),(165,2000004,'GM Maxine',30023,10,0,0,0,0,0,'10 x Online Time Token','2019-06-06 09:28:48',1,2000359,'Camphor','2019-06-06 11:08:43','Camphor'),(166,2000004,'GM Maxine',30023,10,0,0,0,0,0,'10 x Online Time Token','2019-06-06 09:32:23',1,2000359,'Camphor','2019-06-06 11:08:42','Camphor'),(167,2000004,'GM Maxine',30023,10,0,0,0,0,0,'10 x Online Time Token','2019-06-06 09:34:15',1,2000359,'Camphor','2019-06-06 11:08:41','Camphor'),(168,2000004,'GM Maxine',30023,10,0,0,0,0,0,'10 x Online Time Token','2019-06-06 09:44:10',1,2000359,'Camphor','2019-06-06 11:08:39','Camphor'),(169,2000004,'GM Maxine',30023,10,0,0,0,0,0,'10 x Online Time Token','2019-06-06 11:05:26',1,2000359,'Camphor','2019-06-06 11:08:38','Camphor'),(170,2000004,'GM Maxine',30248,20,0,0,0,0,0,'20 x Green Voucher (Freebies)','2019-06-06 11:05:39',1,2000359,'Camphor','2019-06-06 11:08:37','Camphor'),(171,2000004,'GM Maxine',30023,10,0,0,0,0,0,'10 x Online Time Token','2019-06-06 11:05:51',1,2000359,'Camphor','2019-06-06 11:08:35','Camphor'),(172,2000004,'GM Maxine',30023,10,0,0,0,0,0,'10 x Online Time Token','2019-06-06 11:06:04',1,2000359,'Camphor','2019-06-06 11:08:34','Camphor'),(173,2000004,'GM Maxine',30023,10,0,0,0,0,0,'10 x Online Time Token','2019-06-06 11:06:48',1,2000359,'Camphor','2019-06-06 11:08:32','Camphor'),(174,2000004,'GM Maxine',30023,10,0,0,0,0,0,'10 x Online Time Token','2019-06-06 11:07:05',1,2000359,'Camphor','2019-06-06 11:08:30','Camphor'),(175,2000004,'GM Maxine',30023,10,0,0,0,0,0,'10 x Online Time Token','2019-06-06 11:07:23',1,2000359,'Camphor','2019-06-06 11:08:29','Camphor'),(176,2000004,'GM Maxine',30023,10,0,0,0,0,0,'10 x Online Time Token','2019-06-06 11:07:55',1,2000359,'Camphor','2019-06-06 11:08:28','Camphor'),(177,2000004,'GM Maxine',30011,200,0,0,0,0,0,'200 x Light White Potion','2019-06-06 23:03:16',1,2000008,'Toothless','2019-06-06 23:04:18','ReSup'),(178,2000004,'GM Maxine',30012,200,0,0,0,0,0,'200 x Light Blue Potion','2019-06-06 23:03:39',1,2000008,'Toothless','2019-06-06 23:04:09','Resupp'),(179,2000004,'GM Maxine',30248,20,0,0,0,0,0,'20 x Green Voucher (Freebies)','2019-06-06 23:06:53',1,2000736,'Marvinskie','2019-06-06 23:08:24','Newplayer'),(180,2000004,'GM Maxine',30248,20,0,0,0,0,0,'20 x Green Voucher (Freebies)','2019-06-06 23:07:13',1,2000736,'Marvinskie','2019-06-06 23:08:20','NewPlayer'),(181,2000004,'GM Maxine',30023,10,0,0,0,0,0,'10 x Online Time Token','2019-06-06 23:07:31',1,2000736,'Marvinskie','2019-06-06 23:08:15','New PLayer'),(182,2000004,'GM Maxine',30248,20,0,0,0,0,0,'20 x Green Voucher (Freebies)','2019-06-06 23:08:20',1,2000346,'Bio Chemist','2019-06-06 23:16:15','Green Voucher'),(183,2000004,'GM Maxine',30248,20,0,0,0,0,0,'20 x Green Voucher (Freebies)','2019-06-06 23:08:51',1,2000346,'Bio Chemist','2019-06-06 23:16:10','Reward'),(184,2000004,'GM Maxine',30248,20,0,0,0,0,0,'20 x Green Voucher (Freebies)','2019-06-06 23:09:16',1,2000346,'Bio Chemist','2019-06-06 23:16:02','Green Voucher'),(185,2000004,'Shsaz',30248,20,0,0,0,0,0,'20 x Green Voucher (Freebies)','2019-06-07 00:27:56',1,2000360,'LucioTan','2019-06-07 00:29:51','asdasdsa'),(186,2000004,'Shsaz',30248,20,0,0,0,0,0,'20 x Green Voucher (Freebies)','2019-06-07 00:28:11',1,2000360,'LucioTan','2019-06-07 00:29:50','dasdsa'),(187,2000004,'Shsaz',30248,20,0,0,0,0,0,'20 x Green Voucher (Freebies)','2019-06-07 00:28:22',1,2000360,'LucioTan','2019-06-07 00:29:49','dadasdas'),(188,2000004,'GM Maxine',30011,200,0,0,0,0,0,'200 x Light White Potion','2019-06-07 01:31:38',1,2000280,'C I N D Y','2019-06-07 01:33:22','RESUP'),(189,2000004,'GM Maxine',30012,200,0,0,0,0,0,'200 x Light Blue Potion','2019-06-07 01:31:53',1,2000280,'C I N D Y','2019-06-07 01:33:19','RESUP'),(190,2000004,'GM Maxine',30012,200,0,0,0,0,0,'200 x Light Blue Potion','2019-06-07 01:32:25',1,2000280,'C I N D Y','2019-06-07 01:33:16','RESUP'),(191,2000004,'GM Maxine',30023,10,0,0,0,0,0,'10 x Online Time Token','2019-06-07 11:13:23',1,2000467,'LegendaryWife','2019-06-07 11:14:23','LegendaryWife'),(192,2000004,'GM Maxine',30023,10,0,0,0,0,0,'10 x Online Time Token','2019-06-07 11:13:39',1,2000467,'LegendaryWife','2019-06-07 11:14:20','LegendaryWife'),(193,2000004,'GM Maxine',30248,20,0,0,0,0,0,'20 x Green Voucher (Freebies)','2019-06-07 21:01:32',1,2000325,'wincy','2019-06-07 21:02:29','Wincy'),(194,2000004,'GM Maxine',30248,20,0,0,0,0,0,'20 x Green Voucher (Freebies)','2019-06-07 21:01:51',1,2000325,'wincy','2019-06-07 21:02:27','Wincy'),(195,2000004,'GM Maxine',30023,10,0,0,0,0,0,'10 x Online Time Token','2019-06-08 19:53:48',1,2000787,'Joler','2019-06-09 11:22:44','MegaPhone Buy'),(196,2000004,'GM Maxine',30023,10,0,0,0,0,0,'10 x Online Time Token','2019-06-10 23:42:37',1,2000787,'Beast','2019-06-10 23:42:57','Coin'),(197,2000004,'GM Maxine',30023,10,0,0,0,0,0,'10 x Online Time Token','2019-06-10 23:43:37',1,2000848,'Pennywise','2019-06-10 23:44:29','Coin'),(198,2000004,'GM Maxine',30023,10,0,0,0,0,0,'10 x Online Time Token','2019-06-11 08:56:18',1,2000821,'TakingBackSunday','2019-06-11 08:56:49','PULUBE POTS'),(199,2000004,'GM Maxine',30023,10,0,0,0,0,0,'10 x Online Time Token','2019-06-11 08:56:37',1,2000821,'TakingBackSunday','2019-06-11 08:56:46','PULUBE MO'),(200,2000004,'GM Maxine',30023,10,0,0,0,0,0,'10 x Online Time Token','2019-06-11 08:57:06',1,2000821,'TakingBackSunday','2019-06-11 08:57:59','Taking'),(201,2000004,'GM Maxine',30023,10,0,0,0,0,0,'10 x Online Time Token','2019-06-11 09:00:13',1,2000821,'TakingBackSunday','2019-06-11 09:02:00','TANG INA MO'),(202,2000004,'GM Drue',30248,20,0,0,0,0,0,'20 x Yellow Voucher','2019-06-17 00:18:21',1,2000004,'GM Drue','2019-06-17 00:18:30','test'),(203,2000004,'GM Drue',30023,10,0,0,0,0,0,'10 x Online Time Token','2019-06-18 10:59:05',1,2000360,'LucioTan','2019-06-18 11:39:27','barron DOH'),(204,2000004,'GM Drue',30023,10,0,0,0,0,0,'10 x Online Time Token','2019-06-18 10:59:46',1,2000360,'LucioTan','2019-06-18 11:39:26','Barron DOh'),(205,2000004,'GM Drue',30023,10,0,0,0,0,0,'10 x Online Time Token','2019-06-18 11:00:17',1,2000360,'LucioTan','2019-06-18 11:39:25','Barron DOh'),(206,2000004,'GM Drue',30023,10,0,0,0,0,0,'10 x Online Time Token','2019-06-18 11:00:55',1,2000360,'LucioTan','2019-06-18 11:39:24','Barron Doh'),(207,2000004,'GM Drue',30023,10,0,0,0,0,0,'10 x Online Time Token','2019-06-18 11:01:33',1,2000360,'LucioTan','2019-06-18 11:39:23','Barron DOh'),(208,2000004,'GM Drue',30023,10,0,0,0,0,0,'10 x Online Time Token','2019-06-18 11:02:04',1,2000360,'LucioTan','2019-06-18 11:39:22','Barron DOh'),(209,2000004,'GM Drue',30023,10,0,0,0,0,0,'10 x Online Time Token','2019-06-18 11:03:46',1,2000360,'LucioTan','2019-06-18 11:39:20','Barron DOh'),(210,2000004,'GM Drue',30023,10,0,0,0,0,0,'10 x Online Time Token','2019-06-18 11:04:01',1,2000360,'LucioTan','2019-06-18 11:39:19','Barron'),(211,2000004,'GM Drue',30023,10,0,0,0,0,0,'10 x Online Time Token','2019-06-18 11:04:31',1,2000360,'LucioTan','2019-06-18 11:39:18','Barron DOh'),(212,2000004,'GM Drue',30023,10,0,0,0,0,0,'10 x Online Time Token','2019-06-18 11:05:10',1,2000360,'LucioTan','2019-06-18 11:39:16','Barron DOh'),(213,2000004,'GM Drue',30023,10,0,0,0,0,0,'10 x Online Time Token','2019-06-18 11:06:55',1,2000360,'LucioTan','2019-06-18 11:39:15','Barron Doh'),(214,2000004,'GM Drue',30023,10,0,0,0,0,0,'10 x Online Time Token','2019-06-18 11:07:53',1,2000360,'LucioTan','2019-06-18 11:39:13','Barron DOh'),(215,2000004,'GM Drue',30023,10,0,0,0,0,0,'10 x Online Time Token','2019-06-18 11:08:26',1,2000360,'LucioTan','2019-06-18 11:39:12','BarronDOH'),(216,2000004,'GM Drue',30023,10,0,0,0,0,0,'10 x Online Time Token','2019-06-18 11:14:55',1,2000360,'LucioTan','2019-06-18 11:39:11','Barron DOh'),(217,2000004,'GM Drue',30023,10,0,0,0,0,0,'10 x Online Time Token','2019-06-18 11:15:41',1,2000360,'LucioTan','2019-06-18 11:39:10','Barron DOh'),(218,2000004,'GM Drue',30023,10,0,0,0,0,0,'10 x Online Time Token','2019-06-18 11:16:01',1,2000360,'LucioTan','2019-06-18 11:39:08','BaronDOh'),(219,2000004,'GM Drue',30023,10,0,0,0,0,0,'10 x Online Time Token','2019-06-18 11:29:43',1,2000360,'LucioTan','2019-06-18 11:39:07','BarronDOh'),(220,2000004,'GM Drue',30023,10,0,0,0,0,0,'10 x Online Time Token','2019-06-18 11:30:41',1,2000360,'LucioTan','2019-06-18 11:39:06','Barron DOH'),(221,2000004,'GM Drue',30023,10,0,0,0,0,0,'10 x Online Time Token','2019-06-18 11:31:36',1,2000360,'LucioTan','2019-06-18 11:39:05','Barron DOh'),(222,2000004,'GM Drue',30248,20,0,0,0,0,0,'20 x Yellow Voucher','2019-06-18 11:32:44',1,2000360,'LucioTan','2019-06-18 11:39:03','Bran'),(223,2000004,'GM Drue',30023,10,0,0,0,0,0,'10 x Online Time Token','2019-06-18 11:40:55',1,2000360,'LucioTan','2019-06-18 12:49:53','Barron'),(224,2000004,'GM Drue',30023,10,0,0,0,0,0,'10 x Online Time Token','2019-06-18 11:41:16',1,2000360,'LucioTan','2019-06-18 12:49:46','arron'),(225,2000004,'GM Drue',30023,10,0,0,0,0,0,'10 x Online Time Token','2019-06-18 11:55:14',1,2000360,'LucioTan','2019-06-18 12:49:45','Barron DOh'),(226,2000004,'GM Drue',30023,10,0,0,0,0,0,'10 x Online Time Token','2019-06-18 11:55:31',1,2000360,'LucioTan','2019-06-18 12:49:43','Bran'),(227,2000004,'GM Drue',30023,10,0,0,0,0,0,'10 x Online Time Token','2019-06-18 11:56:55',1,2000360,'LucioTan','2019-06-18 12:49:42','Dohh'),(228,2000004,'GM Drue',30023,10,0,0,0,0,0,'10 x Online Time Token','2019-06-18 11:57:07',1,2000360,'LucioTan','2019-06-18 12:49:41','DoHhh'),(229,2000004,'GM Drue',30023,10,0,0,0,0,0,'10 x Online Time Token','2019-06-18 11:57:54',1,2000360,'LucioTan','2019-06-18 12:49:40','Reward'),(230,2000004,'GM Drue',30023,10,0,0,0,0,0,'10 x Online Time Token','2019-06-18 11:58:30',1,2000360,'LucioTan','2019-06-18 12:49:38','DohhH'),(231,2000004,'GM Drue',30023,10,0,0,0,0,0,'10 x Online Time Token','2019-06-18 11:58:51',1,2000360,'LucioTan','2019-06-18 12:49:37','@reward'),(232,2000004,'GM Drue',30023,10,0,0,0,0,0,'10 x Online Time Token','2019-06-18 11:59:24',1,2000360,'LucioTan','2019-06-18 12:49:36','Brannd'),(233,2000004,'GM Drue',30023,10,0,0,0,0,0,'10 x Online Time Token','2019-06-18 12:00:48',1,2000360,'LucioTan','2019-06-18 12:49:35','dsadsa'),(234,2000004,'GM Drue',30023,10,0,0,0,0,0,'10 x Online Time Token','2019-06-18 12:48:40',1,2000360,'LucioTan','2019-06-18 12:49:33','Pots'),(235,2000004,'GM Drue',30023,10,0,0,0,0,0,'10 x Online Time Token','2019-06-18 12:49:22',1,2000360,'LucioTan','2019-06-18 12:49:32','DpooHH'),(236,2000004,'GM Drue',30023,10,0,0,0,0,0,'10 x Online Time Token','2019-06-19 14:55:56',1,2000360,'Harley Quinn','2019-06-19 15:03:54','qwewqe'),(237,2000004,'GM Drue',30023,10,0,0,0,0,0,'10 x Online Time Token','2019-06-19 14:56:24',1,2000360,'Harley Quinn','2019-06-19 15:03:52','Harley'),(238,2000004,'GM Drue',30248,20,0,0,0,0,0,'20 x Yellow Voucher','2019-06-19 14:56:39',1,2000360,'Harley Quinn','2019-06-19 15:03:51','Harley'),(239,2000004,'GM Drue',30023,10,0,0,0,0,0,'10 x Online Time Token','2019-06-19 14:57:06',1,2000360,'Harley Quinn','2019-06-19 15:03:50','Harley'),(240,2000004,'GM Drue',30023,10,0,0,0,0,0,'10 x Online Time Token','2019-06-19 14:57:16',1,2000360,'Harley Quinn','2019-06-19 15:03:49','Harley'),(241,2000004,'GM Drue',30023,10,0,0,0,0,0,'10 x Online Time Token','2019-06-19 14:57:25',1,2000360,'Harley Quinn','2019-06-19 15:03:48','Harley'),(242,2000004,'GM Drue',30023,10,0,0,0,0,0,'10 x Online Time Token','2019-06-19 14:57:35',1,2000360,'Harley Quinn','2019-06-19 15:03:47','Harley'),(243,2000004,'GM Drue',30023,10,0,0,0,0,0,'10 x Online Time Token','2019-06-19 14:57:45',1,2000360,'Harley Quinn','2019-06-19 15:03:46','Harley'),(244,2000004,'GM Drue',30023,10,0,0,0,0,0,'10 x Online Time Token','2019-06-19 14:58:18',1,2000360,'Harley Quinn','2019-06-19 15:03:44','Harley'),(245,2000004,'GM Drue',30023,10,0,0,0,0,0,'10 x Online Time Token','2019-06-19 14:58:27',1,2000360,'Harley Quinn','2019-06-19 15:03:43','Harley'),(246,2000004,'GM Drue',30023,10,0,0,0,0,0,'10 x Online Time Token','2019-06-19 14:59:14',1,2000360,'Harley Quinn','2019-06-19 15:03:42','Harley'),(247,2000004,'GM Drue',30023,10,0,0,0,0,0,'10 x Online Time Token','2019-06-19 14:59:26',1,2000360,'Harley Quinn','2019-06-19 15:03:41','Harley'),(248,2000004,'GM Drue',30023,10,0,0,0,0,0,'10 x Online Time Token','2019-06-19 14:59:37',1,2000360,'Harley Quinn','2019-06-19 15:03:40','Harley'),(249,2000004,'GM Drue',30023,10,0,0,0,0,0,'10 x Online Time Token','2019-06-19 14:59:48',1,2000360,'Harley Quinn','2019-06-19 15:03:39','Harley'),(250,2000004,'GM Drue',30023,10,0,0,0,0,0,'10 x Online Time Token','2019-06-19 14:59:58',1,2000360,'Harley Quinn','2019-06-19 15:03:38','Harley'),(251,2000004,'GM Drue',30023,10,0,0,0,0,0,'10 x Online Time Token','2019-06-19 15:00:09',1,2000360,'Harley Quinn','2019-06-19 15:03:37','Harley'),(252,2000004,'GM Drue',30023,10,0,0,0,0,0,'10 x Online Time Token','2019-06-19 15:00:19',1,2000360,'Harley Quinn','2019-06-19 15:03:36','Harley'),(253,2000004,'GM Drue',30023,10,0,0,0,0,0,'10 x Online Time Token','2019-06-19 15:00:31',1,2000360,'Harley Quinn','2019-06-19 15:03:34','Harley'),(254,2000004,'GM Drue',30023,10,0,0,0,0,0,'10 x Online Time Token','2019-06-19 15:00:50',1,2000360,'Harley Quinn','2019-06-19 15:03:33','Harley'),(255,2000004,'GM Drue',30023,10,0,0,0,0,0,'10 x Online Time Token','2019-06-19 15:01:04',1,2000360,'Harley Quinn','2019-06-19 15:03:32','Harley'),(256,2000004,'GM Drue',30023,10,0,0,0,0,0,'10 x Online Time Token','2019-06-19 15:01:14',1,2000360,'Harley Quinn','2019-06-19 15:03:20','Harley'),(257,2000004,'GM Drue',30023,10,0,0,0,0,0,'10 x Online Time Token','2019-06-19 15:01:50',1,2000360,'Harley Quinn','2019-06-19 15:03:19','Harley'),(258,2000004,'GM Drue',30023,10,0,0,0,0,0,'10 x Online Time Token','2019-06-21 10:03:42',1,2000360,'Harley Quinn','2019-06-21 20:31:17','Harley'),(259,2000004,'GM Drue',30023,10,0,0,0,0,0,'10 x Online Time Token','2019-06-21 10:04:19',1,2000360,'Harley Quinn','2019-06-21 20:31:16','Harley'),(260,2000004,'GM Drue',30023,10,0,0,0,0,0,'10 x Online Time Token','2019-06-21 10:04:40',1,2000360,'Harley Quinn','2019-06-21 20:31:15','Harley'),(261,2000004,'GM Drue',30023,10,0,0,0,0,0,'10 x Online Time Token','2019-06-21 10:04:59',1,2000360,'Harley Quinn','2019-06-21 20:31:14','Harley'),(262,2000004,'GM Drue',30023,10,0,0,0,0,0,'10 x Online Time Token','2019-06-21 10:05:17',1,2000360,'Harley Quinn','2019-06-21 20:31:13','Harley'),(263,2000004,'GM Drue',30023,10,0,0,0,0,0,'10 x Online Time Token','2019-06-21 10:05:45',1,2000360,'Harley Quinn','2019-06-21 20:31:11','Harley'),(264,2000004,'GM Drue',30023,10,0,0,0,0,0,'10 x Online Time Token','2019-06-21 10:06:05',1,2000360,'Harley Quinn','2019-06-21 20:31:10','Harley'),(265,2000004,'GM Drue',30023,10,0,0,0,0,0,'10 x Online Time Token','2019-06-21 10:06:20',1,2000360,'Harley Quinn','2019-06-21 20:31:09','Harley'),(266,2000004,'GM Drue',30023,10,0,0,0,0,0,'10 x Online Time Token','2019-06-21 10:06:42',1,2000360,'Harley Quinn','2019-06-21 20:31:08','Harley'),(267,2000004,'GM Drue',30023,10,0,0,0,0,0,'10 x Online Time Token','2019-06-21 10:07:03',1,2000360,'Harley Quinn','2019-06-21 20:31:07','Harley'),(268,2000004,'GM Drue',30023,10,0,0,0,0,0,'10 x Online Time Token','2019-06-21 10:07:17',1,2000360,'Harley Quinn','2019-06-21 20:31:05','Harley'),(269,2000004,'GM Drue',30023,10,0,0,0,0,0,'10 x Online Time Token','2019-06-21 10:07:38',1,2000360,'Harley Quinn','2019-06-21 20:31:04','Harley'),(270,2000004,'GM Drue',30023,10,0,0,0,0,0,'10 x Online Time Token','2019-06-21 10:08:16',1,2000360,'Harley Quinn','2019-06-21 20:31:03','Harley'),(271,2000004,'GM Drue',30023,10,0,0,0,0,0,'10 x Online Time Token','2019-06-21 10:08:42',1,2000360,'Harley Quinn','2019-06-21 20:31:01','Harley'),(272,2000004,'GM Drue',30023,10,0,0,0,0,0,'10 x Online Time Token','2019-06-25 10:33:14',2,2000360,'Harley Quinn','0000-00-00 00:00:00','harley'),(273,2000004,'GM Drue',30023,10,0,0,0,0,0,'10 x Online Time Token','2019-06-25 10:34:28',2,2000360,'Harley Quinn','0000-00-00 00:00:00','Harlkeyta'),(274,2000004,'GM Drue',30023,10,0,0,0,0,0,'10 x Online Time Token','2019-06-25 10:34:39',2,2000360,'Harley Quinn','0000-00-00 00:00:00','Harley'),(275,2000004,'GM Drue',30023,10,0,0,0,0,0,'10 x Online Time Token','2019-06-25 10:34:53',2,2000360,'Harley Quinn','0000-00-00 00:00:00','Harley'),(276,2000004,'GM Drue',30023,10,0,0,0,0,0,'10 x Online Time Token','2019-06-25 10:35:11',2,2000360,'Harley Quinn','0000-00-00 00:00:00','dasdas'),(277,2000004,'GM Drue',30023,10,0,0,0,0,0,'10 x Online Time Token','2019-06-25 10:35:48',2,2000360,'Harley Quinn','0000-00-00 00:00:00',' dasdasdsa'),(278,2000004,'GM Drue',30023,10,0,0,0,0,0,'10 x Online Time Token','2019-06-25 10:36:21',2,2000360,'Harley Quinn','0000-00-00 00:00:00','Harley'),(279,2000004,'GM Drue',30023,10,0,0,0,0,0,'10 x Online Time Token','2019-06-25 10:36:39',2,2000360,'Harley Quinn','0000-00-00 00:00:00','Harley'),(280,2000004,'GM Drue',30023,10,0,0,0,0,0,'10 x Online Time Token','2019-06-25 10:36:52',2,2000360,'Harley Quinn','0000-00-00 00:00:00','dsadas'),(281,2000004,'GM Drue',30023,10,0,0,0,0,0,'10 x Online Time Token','2019-06-25 10:37:06',2,2000360,'Harley Quinn','0000-00-00 00:00:00','qewwqewqw'),(282,2000004,'GM Drue',30023,10,0,0,0,0,0,'10 x Online Time Token','2019-06-25 10:37:20',2,2000360,'Harley Quinn','0000-00-00 00:00:00','Harley'),(283,2000004,'GM Drue',30023,10,0,0,0,0,0,'10 x Online Time Token','2019-06-25 10:39:05',2,2000360,'Harley Quinn','0000-00-00 00:00:00','Harley'),(284,2000004,'GM Drue',30023,10,0,0,0,0,0,'10 x Online Time Token','2019-06-25 10:40:53',2,2000360,'Harley Quinn','0000-00-00 00:00:00','dadasas'),(285,2000004,'GM Drue',30023,10,0,0,0,0,0,'10 x Online Time Token','2019-06-25 10:41:45',2,2000360,'Harley Quinn','0000-00-00 00:00:00','dasdasdas'),(286,2000004,'GM Drue',30023,10,0,0,0,0,0,'10 x Online Time Token','2019-06-25 10:50:33',2,2000360,'Harley Quinn','0000-00-00 00:00:00','asdasdas'),(287,2000004,'GM Drue',30023,10,0,0,0,0,0,'10 x Online Time Token','2019-06-25 10:50:46',2,2000360,'Harley Quinn','0000-00-00 00:00:00','dasdasd'),(288,2000004,'GM Drue',30023,10,0,0,0,0,0,'10 x Online Time Token','2019-06-30 13:24:21',1,2000360,'S3xTy9','2019-06-30 13:39:39','S3xTy9'),(289,2000004,'GM Drue',30023,10,0,0,0,0,0,'10 x Online Time Token','2019-06-30 13:25:18',1,2000360,'S3xTy9','2019-06-30 13:39:38','S3xTy9'),(290,2000004,'GM Drue',30023,10,0,0,0,0,0,'10 x Online Time Token','2019-06-30 13:26:40',1,2000360,'S3xTy9','2019-06-30 13:39:14','S3xTy9'),(291,2000004,'GM Drue',30023,10,0,0,0,0,0,'10 x Online Time Token','2019-06-30 13:27:10',1,2000360,'S3xTy9','2019-06-30 13:39:12','S3xTy9'),(292,2000004,'GM Drue',30023,10,0,0,0,0,0,'10 x Online Time Token','2019-06-30 13:27:24',1,2000360,'S3xTy9','2019-06-30 13:39:10','S3xTy9'),(293,2000004,'GM Drue',30023,10,0,0,0,0,0,'10 x Online Time Token','2019-06-30 13:27:37',1,2000360,'S3xTy9','2019-06-30 13:39:08','S3xTy9'),(294,2000004,'GM Drue',30023,10,0,0,0,0,0,'10 x Online Time Token','2019-06-30 13:28:09',1,2000360,'S3xTy9','2019-06-30 13:39:07','S3xTy9'),(295,2000004,'GM Drue',30023,10,0,0,0,0,0,'10 x Online Time Token','2019-06-30 13:28:31',1,2000360,'S3xTy9','2019-06-30 13:39:06','S3xTy9'),(296,2000004,'GM Drue',30023,10,0,0,0,0,0,'10 x Online Time Token','2019-06-30 13:28:48',1,2000360,'S3xTy9','2019-06-30 13:39:05','S3xTy9'),(297,2000004,'GM Drue',30023,10,0,0,0,0,0,'10 x Online Time Token','2019-06-30 13:29:00',1,2000360,'S3xTy9','2019-06-30 13:38:15','S3xTy9'),(298,2000004,'GM Drue',30023,10,0,0,0,0,0,'10 x Online Time Token','2019-06-30 13:29:15',1,2000360,'S3xTy9','2019-06-30 13:38:14','S3xTy9'),(299,2000004,'GM Drue',30023,10,0,0,0,0,0,'10 x Online Time Token','2019-06-30 13:29:50',1,2000360,'S3xTy9','2019-06-30 13:38:13','S3xTy9'),(300,2000004,'GM Drue',30023,10,0,0,0,0,0,'10 x Online Time Token','2019-06-30 13:30:00',1,2000360,'S3xTy9','2019-06-30 13:38:11','S3xTy9'),(301,2000004,'GM Drue',30023,10,0,0,0,0,0,'10 x Online Time Token','2019-06-30 13:30:08',1,2000360,'S3xTy9','2019-06-30 13:38:10','S3xTy9'),(302,2000004,'GM Drue',30023,10,0,0,0,0,0,'10 x Online Time Token','2019-06-30 13:30:23',1,2000360,'S3xTy9','2019-06-30 13:38:09','S3xTy9'),(303,2000004,'GM Drue',30023,10,0,0,0,0,0,'10 x Online Time Token','2019-06-30 13:30:48',1,2000360,'S3xTy9','2019-06-30 13:37:51','S3xTy9'),(304,2000004,'GM Drue',30023,10,0,0,0,0,0,'10 x Online Time Token','2019-06-30 13:30:57',1,2000360,'S3xTy9','2019-06-30 13:37:40','S3xTy9'),(305,2000004,'GM Drue',30023,10,0,0,0,0,0,'10 x Online Time Token','2019-06-30 13:31:13',1,2000360,'S3xTy9','2019-06-30 13:37:39','S3xTy9'),(306,2000004,'GM Drue',30023,10,0,0,0,0,0,'10 x Online Time Token','2019-06-30 13:31:21',1,2000360,'S3xTy9','2019-06-30 13:37:37','S3xTy9'),(307,2000004,'GM Drue',30023,10,0,0,0,0,0,'10 x Online Time Token','2019-06-30 13:31:39',1,2000360,'S3xTy9','2019-06-30 13:37:07','S3xTy9'),(308,2000004,'GM Drue',30023,10,0,0,0,0,0,'10 x Online Time Token','2019-06-30 13:32:03',1,2000360,'S3xTy9','2019-06-30 13:37:06','S3xTy9'),(309,2000004,'GM Drue',30023,10,0,0,0,0,0,'10 x Online Time Token','2019-06-30 13:32:13',1,2000360,'S3xTy9','2019-06-30 13:37:05','S3xTy9'),(310,2000004,'GM Drue',30023,10,0,0,0,0,0,'10 x Online Time Token','2019-06-30 13:32:44',1,2000360,'S3xTy9','2019-06-30 13:37:04','S3xTy9'),(311,2000004,'GM Drue',30023,10,0,0,0,0,0,'10 x Online Time Token','2019-06-30 13:32:54',1,2000360,'S3xTy9','2019-06-30 13:37:03','S3xTy9'),(312,2000004,'GM Drue',30023,10,0,0,0,0,0,'10 x Online Time Token','2019-06-30 13:33:44',1,2000360,'S3xTy9','2019-06-30 13:37:02','S3xTy9'),(313,2000004,'GM Drue',30023,10,0,0,0,0,0,'10 x Online Time Token','2019-06-30 13:33:49',1,2000360,'S3xTy9','2019-06-30 13:37:00','S3xTy9'),(314,2000004,'GM Drue',30023,10,0,0,0,0,0,'10 x Online Time Token','2019-06-30 13:33:56',1,2000360,'S3xTy9','2019-06-30 13:36:58','S3xTy9'),(315,2000004,'GM Drue',30023,10,0,0,0,0,0,'10 x Online Time Token','2019-06-30 13:34:25',1,2000360,'S3xTy9','2019-06-30 13:36:30','S3xTy9'),(316,2000004,'GM Drue',30023,10,0,0,0,0,0,'10 x Online Time Token','2019-06-30 13:34:49',1,2000360,'S3xTy9','2019-06-30 13:36:28','S3xTy9'),(317,2000004,'GM Drue',30023,10,0,0,0,0,0,'10 x Online Time Token','2019-06-30 13:35:54',1,2000360,'S3xTy9','2019-06-30 13:36:27','S3xTy9'),(318,2000004,'GM Drue',30023,10,0,0,0,0,0,'10 x Online Time Token','2019-06-30 13:36:04',1,2000360,'S3xTy9','2019-06-30 13:36:26','S3xTy9'),(319,2000004,'GM Drue',30023,10,0,0,0,0,0,'10 x Online Time Token','2019-06-30 16:28:41',1,2000360,'S3xTy9','2019-06-30 16:34:17','S3xTy9'),(320,2000004,'GM Drue',30023,10,0,0,0,0,0,'10 x Online Time Token','2019-06-30 16:28:49',1,2000360,'S3xTy9','2019-06-30 16:34:14','S3xTy9'),(321,2000004,'GM Drue',30023,10,0,0,0,0,0,'10 x Online Time Token','2019-06-30 16:28:57',1,2000360,'S3xTy9','2019-06-30 16:34:13','S3xTy9'),(322,2000004,'GM Drue',30023,10,0,0,0,0,0,'10 x Online Time Token','2019-06-30 16:29:06',1,2000360,'S3xTy9','2019-06-30 16:34:06','S3xTy9'),(323,2000004,'GM Drue',30023,10,0,0,0,0,0,'10 x Online Time Token','2019-06-30 16:29:14',1,2000360,'S3xTy9','2019-06-30 16:34:03','S3xTy9'),(324,2000004,'GM Drue',30023,10,0,0,0,0,0,'10 x Online Time Token','2019-06-30 16:29:28',1,2000360,'S3xTy9','2019-06-30 16:34:02','S3xTy9'),(325,2000004,'GM Drue',30023,10,0,0,0,0,0,'10 x Online Time Token','2019-06-30 16:29:43',1,2000360,'S3xTy9','2019-06-30 16:34:01','S3xTy9'),(326,2000004,'GM Drue',30023,10,0,0,0,0,0,'10 x Online Time Token','2019-06-30 16:29:51',1,2000360,'S3xTy9','2019-06-30 16:33:54','S3xTy9'),(327,2000004,'GM Drue',30023,10,0,0,0,0,0,'10 x Online Time Token','2019-06-30 16:29:59',1,2000360,'S3xTy9','2019-06-30 16:33:53','S3xTy9'),(328,2000004,'GM Drue',30023,10,0,0,0,0,0,'10 x Online Time Token','2019-06-30 16:30:10',1,2000360,'S3xTy9','2019-06-30 16:33:51','S3xTy9'),(329,2000004,'GM Drue',30023,10,0,0,0,0,0,'10 x Online Time Token','2019-06-30 16:30:29',1,2000360,'S3xTy9','2019-06-30 16:33:50','S3xTy9'),(330,2000004,'GM Drue',30023,10,0,0,0,0,0,'10 x Online Time Token','2019-06-30 16:30:37',1,2000360,'S3xTy9','2019-06-30 16:33:49','S3xTy9'),(331,2000004,'GM Drue',30023,10,0,0,0,0,0,'10 x Online Time Token','2019-06-30 16:30:46',1,2000360,'S3xTy9','2019-06-30 16:33:47','S3xTy9'),(332,2000004,'GM Drue',30023,10,0,0,0,0,0,'10 x Online Time Token','2019-06-30 16:30:54',1,2000360,'S3xTy9','2019-06-30 16:33:45','S3xTy9'),(333,2000004,'GM Drue',30023,10,0,0,0,0,0,'10 x Online Time Token','2019-06-30 16:31:02',1,2000360,'S3xTy9','2019-06-30 16:33:44','S3xTy9'),(334,2000004,'GM Drue',30023,10,0,0,0,0,0,'10 x Online Time Token','2019-06-30 16:31:11',1,2000360,'S3xTy9','2019-06-30 16:33:42','S3xTy9'),(335,2000004,'GM Drue',30023,10,0,0,0,0,0,'10 x Online Time Token','2019-06-30 16:31:18',1,2000360,'S3xTy9','2019-06-30 16:33:41','S3xTy9'),(336,2000004,'GM Drue',30023,10,0,0,0,0,0,'10 x Online Time Token','2019-06-30 16:31:34',1,2000360,'S3xTy9','2019-06-30 16:33:40','S3xTy9'),(337,2000004,'GM Drue',30023,10,0,0,0,0,0,'10 x Online Time Token','2019-06-30 16:31:40',1,2000360,'S3xTy9','2019-06-30 16:33:39','S3xTy9'),(338,2000004,'GM Drue',30023,10,0,0,0,0,0,'10 x Online Time Token','2019-06-30 16:31:50',1,2000360,'S3xTy9','2019-06-30 16:33:38','S3xTy9'),(339,2000004,'GM Drue',30248,20,0,0,0,0,0,'20 x Yellow Voucher','2019-06-30 16:31:55',1,2000360,'S3xTy9','2019-06-30 16:33:36','S3xTy9'),(340,2000004,'GM Drue',30023,10,0,0,0,0,0,'10 x Online Time Token','2019-06-30 16:32:02',1,2000360,'S3xTy9','2019-06-30 16:33:35','S3xTy9'),(341,2000004,'GM Drue',30023,10,0,0,0,0,0,'10 x Online Time Token','2019-06-30 16:32:07',1,2000360,'S3xTy9','2019-06-30 16:33:34','S3xTy9'),(342,2000004,'GM Drue',30023,10,0,0,0,0,0,'10 x Online Time Token','2019-06-30 16:32:13',1,2000360,'S3xTy9','2019-06-30 16:33:33','S3xTy9'),(343,2000004,'GM Drue',30023,10,0,0,0,0,0,'10 x Online Time Token','2019-06-30 16:32:18',1,2000360,'S3xTy9','2019-06-30 16:33:32','S3xTy9'),(344,2000004,'GM Drue',30023,10,0,0,0,0,0,'10 x Online Time Token','2019-06-30 16:32:25',1,2000360,'S3xTy9','2019-06-30 16:33:31','S3xTy9'),(345,2000004,'GM Drue',30023,10,0,0,0,0,0,'10 x Online Time Token','2019-06-30 16:32:32',1,2000360,'S3xTy9','2019-06-30 16:33:30','S3xTy9'),(346,2000004,'GM Drue',30023,10,0,0,0,0,0,'10 x Online Time Token','2019-06-30 16:32:39',1,2000360,'S3xTy9','2019-06-30 16:33:29','S3xTy9'),(347,2000004,'GM Drue',30023,10,0,0,0,0,0,'10 x Online Time Token','2019-06-30 16:32:46',1,2000360,'S3xTy9','2019-06-30 16:33:27','S3xTy9'),(348,2000033,'GM Neak',5581,1,0,0,0,0,0,'Cancer Diadem [0]','2019-06-30 21:16:45',2,2000000,'GM Bran','0000-00-00 00:00:00','Cancer Diamdem'),(349,2000033,'GM Neak',5513,1,0,0,0,0,0,'Aquarius Crown [0]','2019-06-30 21:21:09',1,2000580,'Gia Marie','2019-06-30 21:23:04','Aquarius Crown'),(350,2000033,'GM Neak',5512,1,0,0,0,0,0,'Aquarius Diadem [0]','2019-06-30 21:21:54',1,2000721,'Zues','2019-06-30 21:23:19','Aquarius Diadem'),(351,2000033,'GM Neak',5512,1,0,0,0,0,0,'Aquarius Diadem [0]','2019-06-30 21:22:16',1,2000068,'Master Piece','2019-06-30 21:22:39','Aquarius Diadem'),(352,2000033,'GM Neak',5512,1,0,0,0,0,0,'Aquarius Diadem [0]','2019-06-30 21:24:14',1,2000655,'I n t z','2019-06-30 21:24:49','Aquarius Diadem'),(353,2000033,'GM Neak',5513,1,0,0,0,0,0,'Aquarius Crown [0]','2019-06-30 21:24:58',1,2000910,'Artemis','2019-06-30 21:25:11','Aquarius Crown'),(354,2000033,'GM Neak',5512,1,0,0,0,0,0,'Aquarius Diadem [0]','2019-06-30 21:28:08',1,2000644,'B R A G I','2019-06-30 21:29:44','Aquarius Diadem'),(355,2000033,'GM Neak',5512,1,0,0,0,0,0,'Aquarius Diadem [0]','2019-06-30 21:33:05',1,2001110,'MaRoSKie','2019-06-30 21:33:52','Aquarius Diadem'),(356,2000033,'GM Neak',14003,5,0,0,0,0,0,'5 x Elite Siege Supply Box','2019-06-30 21:34:08',1,2000013,'SilverSamurai','2019-06-30 23:08:22','Elite Siege Supply Box'),(357,2000033,'GM Neak',14003,5,0,0,0,0,0,'5 x Elite Siege Supply Box','2019-06-30 21:34:53',1,2000010,'DeLubsxz','2019-06-30 21:44:40','Elite Siege Supply Box'),(358,2000033,'GM Neak',14003,5,0,0,0,0,0,'5 x Elite Siege Supply Box','2019-06-30 21:35:15',1,2001245,'jUlia','2019-06-30 21:37:35','Elite Siege Supply Box'),(359,2000033,'GM Neak',14003,5,0,0,0,0,0,'5 x Elite Siege Supply Box','2019-06-30 21:36:07',2,2000012,'P i k a c h u','0000-00-00 00:00:00','Elite Siege Supply Box'),(360,2000033,'GM Neak',14003,5,0,0,0,0,0,'5 x Elite Siege Supply Box','2019-06-30 21:36:36',1,2000470,'himalaya','2019-07-02 12:34:12','Elite Siege Supply Box'),(361,2000033,'GM Neak',14003,5,0,0,0,0,0,'5 x Elite Siege Supply Box','2019-06-30 21:37:00',1,2000169,'HAR VEY','2019-06-30 21:38:57','Elite Siege Supply Box'),(362,2000004,'GM Drue',5512,1,0,0,0,0,0,'Aquarius Diadem [0]','2019-07-07 00:34:22',1,2000360,'LucioTan','2019-07-07 00:34:38','LucioTan'),(363,2000004,'GM Drue',14003,5,0,0,0,0,0,'5 x Elite Siege Supply Box','2019-07-07 00:35:23',1,2000360,'LucioTan','2019-07-07 00:35:42','LucioTan'),(364,2000004,'GM Drue',5513,1,0,0,0,0,0,'Aquarius Crown [0]','2019-07-07 00:37:59',1,2000360,'LucioTan','2019-07-07 00:56:20','LucioTan'),(365,2000004,'GM Drue',5512,1,0,0,0,0,0,'Aquarius Diadem [0]','2019-07-07 00:38:05',1,2000360,'LucioTan','2019-07-07 00:56:19','LucioTan'),(366,2000004,'GM Drue',5513,1,0,0,0,0,0,'Aquarius Crown [0]','2019-07-07 00:38:12',1,2000360,'LucioTan','2019-07-07 00:56:17','LucioTan'),(367,2000004,'GM Drue',14003,5,0,0,0,0,0,'5 x Elite Siege Supply Box','2019-07-07 00:38:30',1,2000360,'LucioTan','2019-07-07 00:56:16','LucioTan'),(368,2000004,'GM Drue',14003,5,0,0,0,0,0,'5 x Elite Siege Supply Box','2019-07-07 00:38:38',1,2000360,'LucioTan','2019-07-07 00:56:14','LucioTan'),(369,2000004,'GM Drue',5513,1,0,0,0,0,0,'Aquarius Crown [0]','2019-07-07 00:38:47',1,2000360,'LucioTan','2019-07-07 00:56:13','LucioTan'),(370,2000004,'GM Drue',14003,5,0,0,0,0,0,'5 x Elite Siege Supply Box','2019-07-07 00:38:54',1,2000360,'LucioTan','2019-07-07 00:56:11','LucioTan'),(371,2000004,'GM Drue',14003,5,0,0,0,0,0,'5 x Elite Siege Supply Box','2019-07-07 00:39:02',1,2000360,'LucioTan','2019-07-07 00:56:10','LucioTan'),(372,2000004,'GM Drue',14003,5,0,0,0,0,0,'5 x Elite Siege Supply Box','2019-07-07 00:39:08',1,2000360,'LucioTan','2019-07-07 00:56:09','LucioTan'),(373,2000004,'GM Drue',14003,5,0,0,0,0,0,'5 x Elite Siege Supply Box','2019-07-07 00:39:16',1,2000360,'LucioTan','2019-07-07 00:56:08','LucioTan'),(374,2000004,'GM Drue',14003,5,0,0,0,0,0,'5 x Elite Siege Supply Box','2019-07-07 00:39:23',1,2000360,'LucioTan','2019-07-07 00:56:06','LucioTan'),(375,2000004,'GM Drue',14003,5,0,0,0,0,0,'5 x Elite Siege Supply Box','2019-07-07 00:39:31',1,2000360,'LucioTan','2019-07-07 00:56:05','LucioTan'),(376,2000004,'GM Drue',14003,5,0,0,0,0,0,'5 x Elite Siege Supply Box','2019-07-07 00:40:37',1,2000360,'LucioTan','2019-07-07 00:56:04','LucioTan'),(377,2000004,'GM Drue',14003,5,0,0,0,0,0,'5 x Elite Siege Supply Box','2019-07-07 00:41:08',1,2000360,'LucioTan','2019-07-07 00:56:03','LucioTan'),(378,2000004,'GM Drue',14003,5,0,0,0,0,0,'5 x Elite Siege Supply Box','2019-07-07 00:41:15',1,2000360,'LucioTan','2019-07-07 00:56:01','LucioTan'),(379,2000004,'GM Drue',5512,1,0,0,0,0,0,'Aquarius Diadem [0]','2019-07-07 00:41:23',1,2000360,'LucioTan','2019-07-07 00:56:00','LucioTan'),(380,2000004,'GM Drue',14003,5,0,0,0,0,0,'5 x Elite Siege Supply Box','2019-07-07 00:41:32',1,2000360,'LucioTan','2019-07-07 00:55:59','LucioTan'),(381,2000004,'GM Drue',14003,5,0,0,0,0,0,'5 x Elite Siege Supply Box','2019-07-07 00:41:40',1,2000360,'LucioTan','2019-07-07 00:55:57','LucioTan'),(382,2000004,'GM Drue',14003,5,0,0,0,0,0,'5 x Elite Siege Supply Box','2019-07-07 00:41:47',1,2000360,'LucioTan','2019-07-07 00:55:56','LucioTan'),(383,2000004,'GM Drue',14003,5,0,0,0,0,0,'5 x Elite Siege Supply Box','2019-07-07 00:41:54',1,2000360,'LucioTan','2019-07-07 00:55:55','LucioTan'),(384,2000004,'GM Drue',14003,5,0,0,0,0,0,'5 x Elite Siege Supply Box','2019-07-07 00:41:59',1,2000360,'LucioTan','2019-07-07 00:55:53','LucioTan'),(385,2000004,'GM Drue',14003,5,0,0,0,0,0,'5 x Elite Siege Supply Box','2019-07-07 00:42:06',1,2000360,'LucioTan','2019-07-07 00:55:52','LucioTan'),(386,2000004,'GM Drue',5512,1,0,0,0,0,0,'Aquarius Diadem [0]','2019-07-07 00:43:05',1,2000360,'LucioTan','2019-07-07 00:55:51','LucioTan'),(387,2000004,'GM Drue',14003,5,0,0,0,0,0,'5 x Elite Siege Supply Box','2019-07-07 00:43:13',1,2000360,'LucioTan','2019-07-07 00:55:50','LucioTan'),(388,2000004,'GM Drue',14003,5,0,0,0,0,0,'5 x Elite Siege Supply Box','2019-07-07 00:43:25',1,2000360,'LucioTan','2019-07-07 00:55:48','LucioTan'),(389,2000004,'GM Drue',14003,5,0,0,0,0,0,'5 x Elite Siege Supply Box','2019-07-07 00:43:36',1,2000360,'LucioTan','2019-07-07 00:55:47','LucioTan'),(390,2000004,'GM Drue',14003,5,0,0,0,0,0,'5 x Elite Siege Supply Box','2019-07-07 00:43:42',1,2000360,'LucioTan','2019-07-07 00:55:32','LucioTan'),(391,2000004,'GM Drue',14003,5,0,0,0,0,0,'5 x Elite Siege Supply Box','2019-07-07 00:43:49',1,2000360,'LucioTan','2019-07-07 00:55:31','LucioTan'),(392,2000004,'GM Drue',14003,5,0,0,0,0,0,'5 x Elite Siege Supply Box','2019-07-07 00:43:55',1,2000360,'LucioTan','2019-07-07 00:55:28','LucioTan'),(393,2000004,'GM Drue',14003,5,0,0,0,0,0,'5 x Elite Siege Supply Box','2019-07-07 00:44:04',1,2000360,'LucioTan','2019-07-07 00:55:27','LucioTan'),(394,2000004,'GM Drue',14003,5,0,0,0,0,0,'5 x Elite Siege Supply Box','2019-07-07 00:44:12',1,2000360,'LucioTan','2019-07-07 00:55:26','LucioTan'),(395,2000004,'GM Drue',14003,5,0,0,0,0,0,'5 x Elite Siege Supply Box','2019-07-07 00:44:19',1,2000360,'LucioTan','2019-07-07 00:55:25','LucioTan'),(396,2000004,'GM Drue',14003,5,0,0,0,0,0,'5 x Elite Siege Supply Box','2019-07-07 00:44:25',1,2000360,'LucioTan','2019-07-07 00:55:24','LucioTan'),(397,2000004,'GM Drue',14003,5,0,0,0,0,0,'5 x Elite Siege Supply Box','2019-07-07 00:44:32',1,2000360,'LucioTan','2019-07-07 00:55:22','LucioTan'),(398,2000004,'GM Drue',14003,5,0,0,0,0,0,'5 x Elite Siege Supply Box','2019-07-07 00:44:51',1,2000360,'LucioTan','2019-07-07 00:55:21','LucioTan'),(399,2000004,'GM Drue',14003,5,0,0,0,0,0,'5 x Elite Siege Supply Box','2019-07-07 00:45:03',1,2000360,'LucioTan','2019-07-07 00:55:19','LucioTan'),(400,2000004,'GM Drue',14003,5,0,0,0,0,0,'5 x Elite Siege Supply Box','2019-07-07 00:45:11',1,2000360,'LucioTan','2019-07-07 00:55:18','LucioTan'),(401,2000004,'GM Drue',14003,5,0,0,0,0,0,'5 x Elite Siege Supply Box','2019-07-07 00:45:18',1,2000360,'LucioTan','2019-07-07 00:55:16','LucioTan'),(402,2000004,'GM Drue',14003,5,0,0,0,0,0,'5 x Elite Siege Supply Box','2019-07-07 00:45:28',1,2000360,'LucioTan','2019-07-07 00:55:15','LucioTan'),(403,2000004,'GM Drue',14003,5,0,0,0,0,0,'5 x Elite Siege Supply Box','2019-07-07 00:45:35',1,2000360,'LucioTan','2019-07-07 00:55:14','LucioTan'),(404,2000004,'GM Drue',14003,5,0,0,0,0,0,'5 x Elite Siege Supply Box','2019-07-07 00:45:41',1,2000360,'LucioTan','2019-07-07 00:55:13','LucioTan'),(405,2000004,'GM Drue',14003,5,0,0,0,0,0,'5 x Elite Siege Supply Box','2019-07-07 00:45:48',1,2000360,'LucioTan','2019-07-07 00:55:11','LucioTan'),(406,2000004,'GM Drue',14003,5,0,0,0,0,0,'5 x Elite Siege Supply Box','2019-07-07 00:49:44',1,2000360,'LucioTan','2019-07-07 00:55:10','LucioTan'),(407,2000004,'GM Drue',14003,5,0,0,0,0,0,'5 x Elite Siege Supply Box','2019-07-07 00:49:49',1,2000360,'LucioTan','2019-07-07 00:55:09','LucioTan'),(408,2000004,'GM Drue',14003,5,0,0,0,0,0,'5 x Elite Siege Supply Box','2019-07-07 00:49:55',1,2000360,'LucioTan','2019-07-07 00:55:08','LucioTan'),(409,2000004,'GM Drue',14003,5,0,0,0,0,0,'5 x Elite Siege Supply Box','2019-07-07 00:50:19',1,2000360,'LucioTan','2019-07-07 00:55:06','LucioTan'),(410,2000004,'GM Drue',14003,5,0,0,0,0,0,'5 x Elite Siege Supply Box','2019-07-07 00:50:29',1,2000360,'LucioTan','2019-07-07 00:55:05','LucioTan'),(411,2000004,'GM Drue',14003,5,0,0,0,0,0,'5 x Elite Siege Supply Box','2019-07-07 00:50:37',1,2000360,'LucioTan','2019-07-07 00:55:03','LucioTan'),(412,2000004,'GM Drue',14003,5,0,0,0,0,0,'5 x Elite Siege Supply Box','2019-07-07 00:50:44',1,2000360,'LucioTan','2019-07-07 00:55:02','LucioTan'),(413,2000004,'GM Drue',14003,5,0,0,0,0,0,'5 x Elite Siege Supply Box','2019-07-07 00:50:51',1,2000360,'LucioTan','2019-07-07 00:55:00','LucioTan'),(414,2000004,'GM Drue',14003,5,0,0,0,0,0,'5 x Elite Siege Supply Box','2019-07-07 00:51:18',1,2000360,'LucioTan','2019-07-07 00:54:59','LucioTan'),(415,2000004,'GM Drue',14003,5,0,0,0,0,0,'5 x Elite Siege Supply Box','2019-07-07 00:51:22',1,2000360,'LucioTan','2019-07-07 00:54:58','LucioTan'),(416,2000004,'GM Drue',14003,5,0,0,0,0,0,'5 x Elite Siege Supply Box','2019-07-07 00:51:34',1,2000360,'LucioTan','2019-07-07 00:54:57','LucioTan'),(417,2000004,'GM Drue',14003,5,0,0,0,0,0,'5 x Elite Siege Supply Box','2019-07-07 00:51:41',1,2000360,'LucioTan','2019-07-07 00:54:55','LucioTan'),(418,2000004,'GM Drue',14003,5,0,0,0,0,0,'5 x Elite Siege Supply Box','2019-07-07 00:51:48',1,2000360,'LucioTan','2019-07-07 00:54:54','LucioTan'),(419,2000004,'GM Drue',14003,5,0,0,0,0,0,'5 x Elite Siege Supply Box','2019-07-07 00:51:54',1,2000360,'LucioTan','2019-07-07 00:54:53','LucioTan'),(420,2000004,'GM Drue',14003,5,0,0,0,0,0,'5 x Elite Siege Supply Box','2019-07-07 00:51:59',1,2000360,'LucioTan','2019-07-07 00:54:51','LucioTan'),(421,2000004,'GM Drue',14003,5,0,0,0,0,0,'5 x Elite Siege Supply Box','2019-07-07 00:52:06',1,2000360,'LucioTan','2019-07-07 00:54:50','LucioTan'),(422,2000004,'GM Drue',14003,5,0,0,0,0,0,'5 x Elite Siege Supply Box','2019-07-07 00:52:13',1,2000360,'LucioTan','2019-07-07 00:54:49','LucioTan'),(423,2000004,'GM Drue',14003,5,0,0,0,0,0,'5 x Elite Siege Supply Box','2019-07-07 00:52:17',1,2000360,'LucioTan','2019-07-07 00:54:48','LucioTan'),(424,2000004,'GM Drue',14003,5,0,0,0,0,0,'5 x Elite Siege Supply Box','2019-07-07 00:52:27',1,2000360,'LucioTan','2019-07-07 00:54:46','LucioTan'),(425,2000004,'GM Drue',14003,5,0,0,0,0,0,'5 x Elite Siege Supply Box','2019-07-07 00:52:33',1,2000360,'LucioTan','2019-07-07 00:54:45','LucioTan'),(426,2000004,'GM Drue',14003,5,0,0,0,0,0,'5 x Elite Siege Supply Box','2019-07-07 00:52:40',1,2000360,'LucioTan','2019-07-07 00:54:44','LucioTan'),(427,2000004,'GM Drue',14003,5,0,0,0,0,0,'5 x Elite Siege Supply Box','2019-07-07 00:52:47',1,2000360,'LucioTan','2019-07-07 00:54:43','LucioTan'),(428,2000004,'GM Drue',14003,5,0,0,0,0,0,'5 x Elite Siege Supply Box','2019-07-07 00:52:54',1,2000360,'LucioTan','2019-07-07 00:54:42','LucioTan'),(429,2000004,'GM Drue',14003,5,0,0,0,0,0,'5 x Elite Siege Supply Box','2019-07-07 00:53:01',1,2000360,'LucioTan','2019-07-07 00:54:40','LucioTan'),(430,2000004,'GM Drue',14003,5,0,0,0,0,0,'5 x Elite Siege Supply Box','2019-07-07 00:53:05',1,2000360,'LucioTan','2019-07-07 00:54:39','LucioTan'),(431,2000004,'GM Drue',14003,5,0,0,0,0,0,'5 x Elite Siege Supply Box','2019-07-07 00:53:11',1,2000360,'LucioTan','2019-07-07 00:54:38','LucioTan'),(432,2000004,'GM Drue',14003,5,0,0,0,0,0,'5 x Elite Siege Supply Box','2019-07-07 00:53:18',1,2000360,'LucioTan','2019-07-07 00:54:37','LucioTan'),(433,2000004,'GM Drue',14003,5,0,0,0,0,0,'5 x Elite Siege Supply Box','2019-07-07 00:53:29',1,2000360,'LucioTan','2019-07-07 00:54:35','LucioTan'),(434,2000004,'GM Drue',14003,5,0,0,0,0,0,'5 x Elite Siege Supply Box','2019-07-07 00:53:34',1,2000360,'LucioTan','2019-07-07 00:54:34','LucioTan'),(435,2000004,'GM Drue',14003,5,0,0,0,0,0,'5 x Elite Siege Supply Box','2019-07-07 00:53:38',1,2000360,'LucioTan','2019-07-07 00:54:32','LucioTan'),(436,2000004,'GM Drue',14003,5,0,0,0,0,0,'5 x Elite Siege Supply Box','2019-07-07 00:53:43',1,2000360,'LucioTan','2019-07-07 00:54:31','LucioTan'),(437,2000004,'GM Drue',14003,5,0,0,0,0,0,'5 x Elite Siege Supply Box','2019-07-07 00:53:47',1,2000360,'LucioTan','2019-07-07 00:54:30','LucioTan'),(438,2000004,'GM Drue',14003,5,0,0,0,0,0,'5 x Elite Siege Supply Box','2019-07-07 00:53:56',1,2000360,'LucioTan','2019-07-07 00:54:29','LucioTan'),(439,2000004,'GM Drue',14003,5,0,0,0,0,0,'5 x Elite Siege Supply Box','2019-07-07 00:54:06',1,2000360,'LucioTan','2019-07-07 00:54:28','LucioTan'),(440,2000000,'GM Bran',5582,1,0,0,0,0,0,'Cancer Crown [0]','2019-07-07 22:16:05',1,2000000,'GM Bran','2019-07-07 22:16:33','7x7 Event'),(441,2000000,'GM Bran',5582,1,0,0,0,0,0,'Cancer Crown [0]','2019-07-07 23:15:15',1,2000545,'DevoKita','2019-07-07 23:24:08','7x7 Weekly Champion'),(442,2000000,'GM Bran',5582,1,0,0,0,0,0,'Cancer Crown [0]','2019-07-07 23:15:57',1,2000293,'Jon Snow','2019-07-07 23:26:26','7x7 Weekly Champion'),(443,2000000,'GM Bran',5582,1,0,0,0,0,0,'Cancer Crown [0]','2019-07-07 23:16:21',1,2000589,'Shiro','2019-07-07 23:24:21','Champion'),(444,2000000,'GM Bran',5582,1,0,0,0,0,0,'Cancer Crown [0]','2019-07-07 23:16:49',1,2001417,'realize','2019-07-07 23:24:38','Champion'),(445,2000000,'GM Bran',5582,1,0,0,0,0,0,'Cancer Crown [0]','2019-07-07 23:17:13',1,2000621,'Behatti','2019-07-07 23:24:40','Champion'),(446,2000000,'GM Bran',5581,1,0,0,0,0,0,'Cancer Diadem [0]','2019-07-07 23:18:07',1,2000901,'E S P E K I K A Y','2019-07-07 23:24:58','Chamption'),(447,2000000,'GM Bran',5582,1,0,0,0,0,0,'Cancer Crown [0]','2019-07-07 23:19:20',1,2001417,'realize','2019-07-07 23:24:36','Chamption'),(448,2000004,'GM Drue',14003,5,0,0,0,0,0,'5 x Elite Siege Supply Box','2019-07-07 23:23:52',1,2001177,'Wycats','2019-07-07 23:26:51','Conso'),(449,2000004,'GM Drue',14003,5,0,0,0,0,0,'5 x Elite Siege Supply Box','2019-07-07 23:24:09',1,2001177,'Wycats','2019-07-07 23:26:59','Conso'),(450,2000004,'GM Drue',14003,5,0,0,0,0,0,'5 x Elite Siege Supply Box','2019-07-07 23:24:29',1,2001177,'Wycats','2019-07-07 23:26:58','Conso'),(451,2000004,'GM Drue',14003,5,0,0,0,0,0,'5 x Elite Siege Supply Box','2019-07-07 23:24:47',1,2001177,'Wycats','2019-07-07 23:26:57','Conso'),(452,2000004,'GM Drue',14003,5,0,0,0,0,0,'5 x Elite Siege Supply Box','2019-07-07 23:25:10',1,2001177,'Wycats','2019-07-07 23:26:56','Conso'),(453,2000004,'GM Drue',14003,5,0,0,0,0,0,'5 x Elite Siege Supply Box','2019-07-07 23:25:24',1,2001177,'Wycats','2019-07-07 23:26:55','Conso'),(454,2000004,'GM Drue',14003,5,0,0,0,0,0,'5 x Elite Siege Supply Box','2019-07-07 23:25:38',1,2001177,'Wycats','2019-07-07 23:26:54','Conso'),(455,2000004,'GM Drue',14003,5,0,0,0,0,0,'5 x Elite Siege Supply Box','2019-07-07 23:26:14',1,2001245,'jUlia','2019-07-07 23:26:50','Conso'),(456,2000004,'GM Drue',14003,5,0,0,0,0,0,'5 x Elite Siege Supply Box','2019-07-07 23:26:27',1,2001245,'jUlia','2019-07-07 23:26:48','Conso'),(457,2000004,'GM Drue',14003,5,0,0,0,0,0,'5 x Elite Siege Supply Box','2019-07-07 23:26:48',1,2001245,'jUlia','2019-07-07 23:27:06','Conso'),(458,2000004,'GM Drue',14003,5,0,0,0,0,0,'5 x Elite Siege Supply Box','2019-07-07 23:27:08',1,2001245,'jUlia','2019-07-07 23:27:14','jUlia'),(459,2000004,'GM Drue',14003,5,0,0,0,0,0,'5 x Elite Siege Supply Box','2019-07-07 23:28:12',1,2001245,'jUlia','2019-07-07 23:30:29','Conso'),(460,2000004,'GM Drue',14003,5,0,0,0,0,0,'5 x Elite Siege Supply Box','2019-07-07 23:28:30',1,2001245,'jUlia','2019-07-07 23:30:27','Conso'),(461,2000004,'GM Drue',14003,5,0,0,0,0,0,'5 x Elite Siege Supply Box','2019-07-07 23:28:43',1,2001245,'jUlia','2019-07-07 23:30:28','Conso'),(462,2000004,'GM Drue',14003,5,0,0,0,0,0,'5 x Elite Siege Supply Box','2019-07-07 23:28:58',1,2001245,'jUlia','2019-07-07 23:30:25','Conso'),(463,2000000,'GM Sak',30400,2,0,0,0,0,0,'2 x Butterfly Wing (Gold) [0]','2019-08-18 15:41:30',1,2001032,'Focus Wind','2019-08-20 00:01:36','Aug 7 WoE Agit Owner Reward. \r\n'),(464,2000000,'GM Sak',30400,2,0,0,0,0,0,'2 x Butterfly Wing (Gold) [0]','2019-08-18 15:41:55',1,2000179,'Exall','2019-08-19 09:36:56','Aug 8 WoE Agit Owner Reward. \r\n'),(465,2000000,'GM Sak',30400,2,0,0,0,0,0,'2 x Butterfly Wing (Gold) [0]','2019-08-18 15:42:20',1,2001125,'Wag Yan Wag Yan','2019-08-18 18:47:54','Aug 9 WoE Agit Owner Reward. \r\n'),(466,2000000,'GM Sak',30400,2,0,0,0,0,0,'2 x Butterfly Wing (Gold) [0]','2019-08-18 15:42:43',1,2001125,'Wag Yan Wag Yan','2019-08-18 18:47:58','Aug 10 WoE Agit Owner Reward. \r\n'),(467,2000000,'GM Sak',30400,2,0,0,0,0,0,'2 x Butterfly Wing (Gold) [0]','2019-08-18 15:43:02',1,2000179,'Exall','2019-08-19 09:36:55','Aug 14 WoE Agit Owner Reward. \r\n'),(468,2000000,'GM Sak',30400,2,0,0,0,0,0,'2 x Butterfly Wing (Gold) [0]','2019-08-18 15:43:20',1,2000179,'Exall','2019-08-19 09:36:53','Aug 15 WoE Agit Owner Reward. \r\n'),(469,2000000,'GM Sak',30400,2,0,0,0,0,0,'2 x Butterfly Wing (Gold) [0]','2019-08-18 15:43:45',1,2001125,'Wag Yan Wag Yan','2019-08-18 18:47:56','Aug 16 WoE Agit Owner Reward. \r\n'),(470,2000000,'GM Sak',30400,2,0,0,0,0,0,'2 x Butterfly Wing (Gold) [0]','2019-08-18 15:44:04',1,2000179,'Exall','2019-08-19 09:36:50','Aug 17 WoE Agit Owner Reward. \r\n'),(471,2000000,'GM Sak',30400,2,0,0,0,0,0,'2 x Butterfly Wing (Gold) [0]','2019-08-23 22:33:41',1,2000179,'Exall','2019-08-24 00:15:01','23 Aug Guild Reward'),(472,2000000,'GM Sak',30400,2,0,0,0,0,0,'2 x Butterfly Wing (Gold) [0]','2019-08-23 22:34:15',1,2000179,'Exall','2019-08-24 00:14:59','22 Aug Guild Reward'),(473,2000000,'GM Sak',30400,2,0,0,0,0,0,'2 x Butterfly Wing (Gold) [0]','2019-08-23 22:34:51',1,2000179,'Exall','2019-08-24 00:14:56','21 Aug Guild Reward'),(474,2000000,'GM Sak',30400,2,0,0,0,0,0,'2 x Butterfly Wing (Gold) [0]','2019-08-23 22:35:20',1,2000179,'Exall','2019-08-24 00:14:53','17 Aug Guild Reward'),(475,2000033,'GM Neak',30400,2,0,0,0,0,0,'2 x Butterfly Wing (Gold) [0]','2019-09-10 15:14:32',1,2000522,'M V P','2019-09-10 15:15:08','Gold Wing'),(476,2000033,'GM Neak',30400,2,0,0,0,0,0,'2 x Butterfly Wing (Gold) [0]','2019-09-10 15:18:50',1,2000522,'M V P','2019-09-10 15:18:58','Butterfly Wing (Gold)'),(477,2000033,'GM Neak',30400,2,0,0,0,0,0,'2 x Butterfly Wing (Gold) [0]','2019-09-10 15:19:28',1,2000522,'M V P','2019-09-10 15:19:34','Butterfly Wing (Gold)'),(478,2000033,'GM Neak',30400,2,0,0,0,0,0,'2 x Butterfly Wing (Gold) [0]','2019-09-11 21:42:50',1,2000179,'Exall','2019-09-11 21:43:28','Butterfly Wing (Gold)'),(479,2000033,'GM Neak',30400,2,0,0,0,0,0,'2 x Butterfly Wing (Gold) [0]','2019-09-11 22:02:15',1,2000179,'Exall','2019-09-11 22:02:33','Butterfly Wing (Gold)'),(480,2000033,'GM Neak',30400,2,0,0,0,0,0,'2 x Butterfly Wing (Gold) [0]','2019-09-13 22:08:14',1,2000179,'Exall','2019-09-13 22:10:07','Butterfly Wing (Gold)'),(481,2000033,'GM Neak',30400,2,0,0,0,0,0,'2 x Butterfly Wing (Gold) [0]','2019-09-13 22:08:37',1,2000179,'Exall','2019-09-13 22:10:05','Butterfly Wing (Gold)'),(482,2000033,'GM Neak',30400,2,0,0,0,0,0,'2 x Butterfly Wing (Gold) [0]','2019-09-17 22:47:21',1,2000179,'Exall','2019-09-23 09:38:55','Butterfly Wing (Gold)'),(483,2000003,'GM Deimos',30400,2,0,0,0,0,0,'2 x Butterfly Wing (Gold) [0]','2019-09-30 13:43:35',1,2000179,'Exall','2019-09-30 13:46:10','WOE reward 9/25'),(484,2000003,'GM Deimos',30400,2,0,0,0,0,0,'2 x Butterfly Wing (Gold) [0]','2019-09-30 13:44:01',1,2000179,'Exall','2019-09-30 13:46:09','WOE reward 9/26'),(485,2000003,'GM Deimos',30400,2,0,0,0,0,0,'2 x Butterfly Wing (Gold) [0]','2019-09-30 13:44:23',1,2000179,'Exall','2019-09-30 13:46:08','WOE reward 9/27'),(486,2000003,'GM Deimos',30400,2,0,0,0,0,0,'2 x Butterfly Wing (Gold) [0]','2019-09-30 13:44:51',1,2000179,'Exall','2019-09-30 13:46:06','WOE reward 9/28');

--
