-- Dumping data for table `AAZ5063_quick_expense_types`
--

INSERT INTO `AAZ5063_quick_expense_types` VALUES (1,'Purchases','Delivery of Goods','?',13,NULL,1,'PAID','APPROVED','[100, 250, 500, 1000]',0,NULL,1,1,1,NULL,'2025-07-31 06:04:56','2025-07-31 06:04:56'),(2,'Supplies','Office Supplies','?',1,NULL,1,'PAID','APPROVED','[100, 250, 500, 1000]',0,NULL,2,1,1,NULL,'2025-07-31 06:04:56','2025-07-31 06:04:56'),(3,'Power Bills','Power Bills','?',14,NULL,1,'PAID','APPROVED','[1000, 2000, 3000, 5000]',0,NULL,3,1,1,NULL,'2025-07-31 06:04:56','2025-07-31 06:04:56'),(4,'Water Bills','Water Bills','?',14,NULL,1,'PAID','APPROVED','[1000, 2000, 3000, 5000]',0,NULL,4,1,1,NULL,'2025-07-31 06:04:56','2025-07-31 06:04:56'),(5,'Salaries','Salaries','?',15,NULL,1,'PAID','APPROVED','[500, 1000, 2000, 5000]',0,NULL,5,1,1,NULL,'2025-07-31 06:04:56','2025-07-31 06:04:56'),(6,'Internet Bills','Phone/Internet Bills','?',14,NULL,1,'PAID','APPROVED','[500, 1000, 1500, 2000]',0,NULL,6,1,1,NULL,'2025-07-31 06:04:56','2025-07-31 06:04:56');

--
-- Table structure for table `AAZ5063_sales_cash_sessions`
--

CREATE TABLE `AAZ5063_sales_cash_sessions` (
  `session_id` int(11) NOT NULL AUTO_INCREMENT,
  `cashier_id` varchar(50) COLLATE utf8mb4_unicode_ci NOT NULL,
  `cashier_name` varchar(100) COLLATE utf8mb4_unicode_ci NOT NULL,
  `opening_cash` decimal(15,2) NOT NULL DEFAULT '0.00',
  `closing_cash` decimal(15,2) DEFAULT NULL,
  `expected_cash` decimal(15,2) DEFAULT NULL,
  `cash_difference` decimal(15,2) DEFAULT NULL,
  `session_start` datetime NOT NULL,
  `session_end` datetime DEFAULT NULL,
  `session_status` enum('open','closed') COLLATE utf8mb4_unicode_ci DEFAULT 'open',
  `notes` text COLLATE utf8mb4_unicode_ci,
  `created_at` timestamp NOT NULL DEFAULT CURRENT_TIMESTAMP,
  PRIMARY KEY (`session_id`),
  KEY `idx_cashier_id` (`cashier_id`),
  KEY `idx_session_start` (`session_start`),
  KEY `idx_session_status` (`session_status`)
) ENGINE=InnoDB DEFAULT CHARSET=utf8mb4 COLLATE=utf8mb4_unicode_ci;

--
-- Dumping data for table `AAZ5063_sales_cash_sessions`
--


--
-- Table structure for table `AAZ5063_sales_daily_summary`
--

CREATE TABLE `AAZ5063_sales_daily_summary` (
  `summary_id` int(11) NOT NULL AUTO_INCREMENT,
  `summary_date` date NOT NULL,
  `total_transactions` int(11) DEFAULT '0',
  `voided_transactions` int(11) DEFAULT '0',
  `returned_transactions` int(11) DEFAULT '0',
  `gross_sales` decimal(15,2) DEFAULT '0.00',
  `total_discounts` decimal(15,2) DEFAULT '0.00',
  `total_tax` decimal(15,2) DEFAULT '0.00',
  `net_sales` decimal(15,2) DEFAULT '0.00',
  `total_returns` decimal(15,2) DEFAULT '0.00',
  `total_voids` decimal(15,2) DEFAULT '0.00',
  `cash_sales` decimal(15,2) DEFAULT '0.00',
  `card_sales` decimal(15,2) DEFAULT '0.00',
  `digital_wallet_sales` decimal(15,2) DEFAULT '0.00',
  `credit_sales` decimal(15,2) DEFAULT '0.00',
  `other_payments` decimal(15,2) DEFAULT '0.00',
  `total_items_sold` int(11) DEFAULT '0',
  `total_weight_sold` decimal(10,3) DEFAULT '0.000',
  `hourly_sales` json DEFAULT NULL,
  `created_at` timestamp NOT NULL DEFAULT CURRENT_TIMESTAMP,
  `updated_at` timestamp NOT NULL DEFAULT CURRENT_TIMESTAMP ON UPDATE CURRENT_TIMESTAMP,
  PRIMARY KEY (`summary_id`),
  UNIQUE KEY `summary_date` (`summary_date`),
  KEY `idx_summary_date` (`summary_date`)
) ENGINE=InnoDB DEFAULT CHARSET=utf8mb4 COLLATE=utf8mb4_unicode_ci;

--
-- Dumping data for table `AAZ5063_sales_daily_summary`
--


--
-- Table structure for table `AAZ5063_sales_items`
--

CREATE TABLE `AAZ5063_sales_items` (
  `item_id` int(11) NOT NULL AUTO_INCREMENT,
  `transaction_id` int(11) NOT NULL,
  `product_id` int(11) NOT NULL,
  `variant_id` int(11) DEFAULT NULL,
  `product_name` varchar(255) COLLATE utf8mb4_unicode_ci NOT NULL,
  `product_code` varchar(100) COLLATE utf8mb4_unicode_ci DEFAULT NULL,
  `category_name` varchar(100) COLLATE utf8mb4_unicode_ci DEFAULT NULL,
  `sell_type` enum('unit','weight','combo','service') COLLATE utf8mb4_unicode_ci NOT NULL,
  `unit_symbol` varchar(10) COLLATE utf8mb4_unicode_ci DEFAULT NULL,
  `quantity` decimal(10,3) NOT NULL,
  `weight` decimal(10,3) DEFAULT NULL,
  `unit_price` decimal(15,2) NOT NULL,
  `line_subtotal` decimal(15,2) NOT NULL,
  `line_discount_amount` decimal(15,2) DEFAULT '0.00',
  `line_total` decimal(15,2) NOT NULL,
  `is_returned` tinyint(1) DEFAULT '0',
  `returned_quantity` decimal(10,3) DEFAULT '0.000',
  `returned_weight` decimal(10,3) DEFAULT '0.000',
  `created_at` timestamp NOT NULL DEFAULT CURRENT_TIMESTAMP,
  PRIMARY KEY (`item_id`),
  KEY `idx_product_id` (`product_id`),
  KEY `idx_transaction_id` (`transaction_id`),
  KEY `idx_variant_id` (`variant_id`)
) ENGINE=InnoDB DEFAULT CHARSET=utf8mb4 COLLATE=utf8mb4_unicode_ci;

--
-- Dumping data for table `AAZ5063_sales_items`
--


--
-- Table structure for table `AAZ5063_sales_payments`
--

CREATE TABLE `AAZ5063_sales_payments` (
  `payment_id` int(11) NOT NULL AUTO_INCREMENT,
  `transaction_id` int(11) NOT NULL,
  `payment_method_id` int(11) NOT NULL,
  `amount` decimal(15,2) NOT NULL,
  `payment_date` datetime NOT NULL,
  `reference_number` varchar(100) COLLATE utf8mb4_unicode_ci DEFAULT NULL,
  `card_last_four` varchar(4) COLLATE utf8mb4_unicode_ci DEFAULT NULL,
  `approval_code` varchar(50) COLLATE utf8mb4_unicode_ci DEFAULT NULL,
  `created_at` timestamp NOT NULL DEFAULT CURRENT_TIMESTAMP,
  PRIMARY KEY (`payment_id`),
  KEY `idx_transaction_id` (`transaction_id`),
  KEY `idx_payment_method_id` (`payment_method_id`),
  KEY `idx_payment_date` (`payment_date`)
) ENGINE=InnoDB DEFAULT CHARSET=utf8mb4 COLLATE=utf8mb4_unicode_ci;

--
-- Dumping data for table `AAZ5063_sales_payments`
--


--
-- Table structure for table `AAZ5063_sales_receipt_tokens`
--

CREATE TABLE `AAZ5063_sales_receipt_tokens` (
  `id` int(11) NOT NULL AUTO_INCREMENT,
  `transaction_id` int(11) NOT NULL,
  `token_hash` varchar(64) COLLATE utf8mb4_unicode_ci NOT NULL,
  `expires_at` timestamp NOT NULL DEFAULT CURRENT_TIMESTAMP ON UPDATE CURRENT_TIMESTAMP,
  `created_at` timestamp NOT NULL DEFAULT CURRENT_TIMESTAMP,
  `used_at` timestamp NULL DEFAULT NULL,
  `is_valid` tinyint(1) DEFAULT '1',
  PRIMARY KEY (`id`),
  KEY `idx_transaction_id` (`transaction_id`),
  KEY `idx_token_hash` (`token_hash`),
  KEY `idx_expires_at` (`expires_at`),
  KEY `idx_is_valid` (`is_valid`),
  CONSTRAINT `AAZ5063_sales_receipt_tokens_ibfk_1` FOREIGN KEY (`transaction_id`) REFERENCES `AAZ5063_sales_transactions` (`transaction_id`) ON DELETE CASCADE
) ENGINE=InnoDB DEFAULT CHARSET=utf8mb4 COLLATE=utf8mb4_unicode_ci;

--
-- Dumping data for table `AAZ5063_sales_receipt_tokens`
--


--
-- Table structure for table `AAZ5063_sales_return_items`
--

CREATE TABLE `AAZ5063_sales_return_items` (
  `return_item_id` int(11) NOT NULL AUTO_INCREMENT,
  `return_id` int(11) NOT NULL,
  `original_item_id` int(11) NOT NULL,
  `product_id` int(11) NOT NULL,
  `product_name` varchar(255) COLLATE utf8mb4_unicode_ci NOT NULL,
  `quantity_returned` decimal(10,3) NOT NULL,
  `weight_returned` decimal(10,3) DEFAULT NULL,
  `unit_price` decimal(15,2) NOT NULL,
  `return_amount` decimal(15,2) NOT NULL,
  `restocked` tinyint(1) DEFAULT '1',
  `created_at` timestamp NOT NULL DEFAULT CURRENT_TIMESTAMP,
  PRIMARY KEY (`return_item_id`),
  KEY `idx_return_id` (`return_id`),
  KEY `idx_product_id` (`product_id`)
) ENGINE=InnoDB DEFAULT CHARSET=utf8mb4 COLLATE=utf8mb4_unicode_ci;

--
-- Dumping data for table `AAZ5063_sales_return_items`
--


--
-- Table structure for table `AAZ5063_sales_returns`
--

CREATE TABLE `AAZ5063_sales_returns` (
  `return_id` int(11) NOT NULL AUTO_INCREMENT,
  `return_number` varchar(50) COLLATE utf8mb4_unicode_ci NOT NULL,
  `original_transaction_id` int(11) NOT NULL,
  `return_type` enum('full_void','partial_return','exchange','refund') COLLATE utf8mb4_unicode_ci NOT NULL,
  `total_return_amount` decimal(15,2) NOT NULL,
  `refund_method` enum('cash','original_payment','store_credit') COLLATE utf8mb4_unicode_ci DEFAULT 'cash',
  `reason` varchar(255) COLLATE utf8mb4_unicode_ci DEFAULT NULL,
  `processed_by` varchar(50) COLLATE utf8mb4_unicode_ci NOT NULL,
  `processor_name` varchar(100) COLLATE utf8mb4_unicode_ci NOT NULL,
  `return_date` datetime NOT NULL,
  `notes` text COLLATE utf8mb4_unicode_ci,
  `created_at` timestamp NOT NULL DEFAULT CURRENT_TIMESTAMP,
  PRIMARY KEY (`return_id`),
  UNIQUE KEY `return_number` (`return_number`),
  KEY `idx_return_number` (`return_number`),
  KEY `idx_original_transaction` (`original_transaction_id`),
  KEY `idx_return_date` (`return_date`)
) ENGINE=InnoDB DEFAULT CHARSET=utf8mb4 COLLATE=utf8mb4_unicode_ci;

--
-- Dumping data for table `AAZ5063_sales_returns`
--


--
-- Table structure for table `AAZ5063_sales_sequences`
--

CREATE TABLE `AAZ5063_sales_sequences` (
  `sequence_type` varchar(50) COLLATE utf8mb4_unicode_ci NOT NULL,
  `current_number` int(11) NOT NULL DEFAULT '0',
  `prefix` varchar(10) COLLATE utf8mb4_unicode_ci DEFAULT '',
  `suffix` varchar(10) COLLATE utf8mb4_unicode_ci DEFAULT '',
  `date_format` varchar(20) COLLATE utf8mb4_unicode_ci DEFAULT '',
  `reset_daily` tinyint(1) DEFAULT '0',
  `last_reset_date` date DEFAULT NULL,
  `updated_at` timestamp NOT NULL DEFAULT CURRENT_TIMESTAMP ON UPDATE CURRENT_TIMESTAMP,
  PRIMARY KEY (`sequence_type`)
) ENGINE=InnoDB DEFAULT CHARSET=utf8mb4 COLLATE=utf8mb4_unicode_ci;

--
-- Dumping data for table `AAZ5063_sales_sequences`
--

INSERT INTO `AAZ5063_sales_sequences` VALUES ('return',0,'RTN','','Ymd',1,NULL,'2025-07-31 06:04:55'),('transaction',0,'TXN','','Ymd',1,NULL,'2025-07-31 06:04:55');

--
-- Table structure for table `AAZ5063_sales_shared_receipts`
--

CREATE TABLE `AAZ5063_sales_shared_receipts` (
  `shared_receipt_id` int(11) NOT NULL AUTO_INCREMENT,
  `transaction_id` int(11) NOT NULL,
  `transaction_number` varchar(50) COLLATE utf8mb4_unicode_ci NOT NULL,
  `shared_to` varchar(255) COLLATE utf8mb4_unicode_ci NOT NULL COMMENT 'Email, phone number, or platform identifier',
  `share_type` enum('email','sms','whatsapp','social','browser','copy','other') COLLATE utf8mb4_unicode_ci NOT NULL,
  `share_platform` varchar(50) COLLATE utf8mb4_unicode_ci DEFAULT NULL COMMENT 'Specific platform name (WhatsApp, Facebook, etc.)',
  `share_status` enum('pending','sent','delivered','failed') COLLATE utf8mb4_unicode_ci DEFAULT 'pending',
  `share_content` text COLLATE utf8mb4_unicode_ci COMMENT 'Content of the shared message',
  `error_message` text COLLATE utf8mb4_unicode_ci COMMENT 'Error details if sharing failed',
  `shared_by` varchar(50) COLLATE utf8mb4_unicode_ci NOT NULL COMMENT 'Staff member who initiated the share',
  `shared_at` timestamp NOT NULL DEFAULT CURRENT_TIMESTAMP,
  `delivered_at` timestamp NULL DEFAULT NULL,
  PRIMARY KEY (`shared_receipt_id`),
  KEY `idx_transaction_id` (`transaction_id`),
  KEY `idx_transaction_number` (`transaction_number`),
  KEY `idx_share_type` (`share_type`),
  KEY `idx_share_status` (`share_status`),
  KEY `idx_shared_at` (`shared_at`),
  CONSTRAINT `AAZ5063_sales_shared_receipts_ibfk_1` FOREIGN KEY (`transaction_id`) REFERENCES `AAZ5063_sales_transactions` (`transaction_id`) ON DELETE CASCADE
) ENGINE=InnoDB DEFAULT CHARSET=utf8mb4 COLLATE=utf8mb4_unicode_ci COMMENT='Tracks all receipt sharing activities for audit and delivery status';

--
-- Dumping data for table `AAZ5063_sales_shared_receipts`
--


--
-- Table structure for table `AAZ5063_sales_transactions`
--

CREATE TABLE `AAZ5063_sales_transactions` (
  `transaction_id` int(11) NOT NULL AUTO_INCREMENT,
  `transaction_number` varchar(50) COLLATE utf8mb4_unicode_ci NOT NULL,
  `customer_id` int(11) DEFAULT NULL,
  `cashier_id` varchar(50) COLLATE utf8mb4_unicode_ci NOT NULL,
  `cashier_name` varchar(100) COLLATE utf8mb4_unicode_ci NOT NULL,
  `shift_id` bigint(20) DEFAULT NULL,
  `subtotal` decimal(15,2) NOT NULL DEFAULT '0.00',
  `tax_rate` decimal(5,2) NOT NULL DEFAULT '0.00',
  `tax_amount` decimal(15,2) NOT NULL DEFAULT '0.00',
  `discount_type` enum('none','percentage','fixed') COLLATE utf8mb4_unicode_ci DEFAULT 'none',
  `discount_value` decimal(15,2) DEFAULT '0.00',
  `discount_amount` decimal(15,2) NOT NULL DEFAULT '0.00',
  `total_amount` decimal(15,2) NOT NULL,
  `amount_paid` decimal(15,2) NOT NULL DEFAULT '0.00',
  `change_amount` decimal(15,2) NOT NULL DEFAULT '0.00',
  `payment_status` enum('pending','paid','partially_paid','voided','returned','credit') COLLATE utf8mb4_unicode_ci DEFAULT 'pending',
  `transaction_type` enum('sale','return','void') COLLATE utf8mb4_unicode_ci DEFAULT 'sale',
  `transaction_date` datetime NOT NULL,
  `notes` text COLLATE utf8mb4_unicode_ci,
  `receipt_printed` tinyint(1) DEFAULT '0',
  `created_at` timestamp NOT NULL DEFAULT CURRENT_TIMESTAMP,
  `updated_at` timestamp NOT NULL DEFAULT CURRENT_TIMESTAMP ON UPDATE CURRENT_TIMESTAMP,
  PRIMARY KEY (`transaction_id`),
  UNIQUE KEY `transaction_number` (`transaction_number`),
  KEY `idx_transaction_number` (`transaction_number`),
  KEY `idx_transaction_date` (`transaction_date`),
  KEY `idx_cashier` (`cashier_id`),
  KEY `idx_payment_status` (`payment_status`),
  KEY `idx_shift` (`shift_id`)
) ENGINE=InnoDB DEFAULT CHARSET=utf8mb4 COLLATE=utf8mb4_unicode_ci;

--
-- Dumping data for table `AAZ5063_sales_transactions`
--


--
-- Table structure for table `AAZ5063_stock_alerts`
--

CREATE TABLE `AAZ5063_stock_alerts` (
  `alert_id` int(11) NOT NULL AUTO_INCREMENT,
  `product_id` int(11) NOT NULL,
  `variant_id` int(11) DEFAULT NULL,
  `alert_type` enum('low_stock','out_of_stock','expiry_warning','expiry_critical') NOT NULL,
  `alert_message` text NOT NULL,
  `severity` enum('info','warning','critical') NOT NULL DEFAULT 'warning',
  `current_stock` decimal(15,3) DEFAULT NULL,
  `reorder_level` decimal(15,3) DEFAULT NULL,
  `expiry_date` date DEFAULT NULL,
  `is_acknowledged` tinyint(1) DEFAULT '0',
  `acknowledged_by` varchar(128) DEFAULT NULL,
  `acknowledged_at` timestamp NULL DEFAULT NULL,
  `is_resolved` tinyint(1) DEFAULT '0',
  `resolved_at` timestamp NULL DEFAULT NULL,
  `created_at` timestamp NOT NULL DEFAULT CURRENT_TIMESTAMP,
  PRIMARY KEY (`alert_id`),
  KEY `idx_product_alert` (`product_id`,`alert_type`),
  KEY `idx_severity_ack` (`severity`,`is_acknowledged`),
  KEY `idx_expiry_date` (`expiry_date`)
) ENGINE=InnoDB DEFAULT CHARSET=utf8mb4;

--
-- Dumping data for table `AAZ5063_stock_alerts`
--


--
-- Table structure for table `AAZ5063_stock_movements`
--

CREATE TABLE `AAZ5063_stock_movements` (
  `movement_id` int(11) NOT NULL AUTO_INCREMENT,
  `product_id` int(11) NOT NULL,
  `variant_id` int(11) DEFAULT NULL,
  `movement_type` enum('purchase','sale','adjustment','transfer','return','damaged','expired','initial','receipt','delivery') NOT NULL,
  `quantity_before` decimal(15,3) NOT NULL,
  `quantity_change` decimal(15,3) NOT NULL,
  `quantity_after` decimal(15,3) NOT NULL,
  `unit_cost` decimal(12,2) DEFAULT NULL,
  `total_value` decimal(15,2) DEFAULT NULL,
  `reference_type` enum('purchase_order','sale_invoice','adjustment','transfer','return','manual') DEFAULT 'manual',
  `reference_id` varchar(100) DEFAULT NULL,
  `reason` varchar(255) DEFAULT NULL,
  `notes` text,
  `movement_date` timestamp NOT NULL DEFAULT CURRENT_TIMESTAMP,
  `created_by` varchar(128) DEFAULT NULL,
  `created_at` timestamp NOT NULL DEFAULT CURRENT_TIMESTAMP,
  PRIMARY KEY (`movement_id`),
  KEY `idx_product_movement` (`product_id`,`movement_type`),
  KEY `idx_movement_date` (`movement_date`),
  KEY `idx_reference` (`reference_type`,`reference_id`)
) ENGINE=InnoDB DEFAULT CHARSET=utf8mb4;

--
-- Dumping data for table `AAZ5063_stock_movements`
--


--
-- Table structure for table `MAN9234_business_settings`
--

CREATE TABLE `MAN9234_business_settings` (
  `setting_id` int(11) NOT NULL AUTO_INCREMENT,
  `setting_key` varchar(100) NOT NULL,
  `setting_value` text NOT NULL,
  `setting_type` enum('string','boolean','number','json') NOT NULL DEFAULT 'string',
  `setting_group` int(11) NOT NULL DEFAULT '1' COMMENT '1=POS Settings, 2=Receipt Settings, 3=Printer Settings, 4=Staff Settings, 5=Inventory Settings',
  `setting_title` varchar(200) NOT NULL,
  `setting_description` varchar(500) DEFAULT NULL,
  `setting_text` varchar(200) DEFAULT NULL COMMENT 'Placeholder text for inputs',
  `setting_order` int(11) NOT NULL DEFAULT '0',
  `is_required` tinyint(1) NOT NULL DEFAULT '0',
  `setting_options` text COMMENT 'JSON string for dropdown/radio options',
  `description` varchar(255) DEFAULT NULL,
  `created_at` timestamp NOT NULL DEFAULT CURRENT_TIMESTAMP,
  `updated_at` timestamp NOT NULL DEFAULT CURRENT_TIMESTAMP ON UPDATE CURRENT_TIMESTAMP,
  PRIMARY KEY (`setting_id`),
  UNIQUE KEY `unique_setting_key` (`setting_key`),
  KEY `idx_setting_group` (`setting_group`),
  KEY `idx_setting_order` (`setting_order`)
) ENGINE=InnoDB AUTO_INCREMENT=24 DEFAULT CHARSET=utf8mb4;

--
-- Dumping data for table `MAN9234_business_settings`
--

INSERT INTO `MAN9234_business_settings` VALUES (1,'show_item_search_bar','true','boolean',1,'Show Item Search Bar','Display search bar in POS items view for quick product lookup','',1,0,NULL,NULL,'2025-08-05 02:01:17','2025-08-05 02:01:17'),(2,'show_item_quick_stats','false','boolean',1,'Show Item Quick Stats','Display quick statistics like stock levels in POS items view','',2,0,NULL,NULL,'2025-08-05 02:01:17','2025-08-05 02:05:06'),(3,'show_category_filter','false','boolean',1,'Show Category Filter','Display category filter in POS items view','',3,0,NULL,NULL,'2025-08-05 02:01:17','2025-08-05 02:01:17'),(4,'allow_fast_checkout','false','boolean',1,'Allow Fast Checkout','Perform fast Cash Sales checkout in one click.','',4,0,NULL,NULL,'2025-08-05 02:01:17','2025-08-05 02:01:17'),(5,'show_invoice_upon_checkout','true','boolean',1,'Show Invoice Upon Checkout','Allow display of receipt details upon completing checkout.','',5,0,NULL,NULL,'2025-08-05 02:01:17','2025-08-05 02:01:17'),(6,'require_cashier_shift','true','boolean',2,'Require Cashier Shift','Monitor cashier cash drawer balance and other transaction.','',1,0,NULL,NULL,'2025-08-05 02:01:17','2025-08-05 02:01:28'),(7,'auto_print_receipt','false','boolean',3,'Auto Print Receipt','Automatically print receipt after successful checkout','',0,0,NULL,NULL,'2025-08-05 02:01:17','2025-08-05 02:01:17'),(8,'receipt_business_name','Manoktok Chicken','string',3,'Business Name','Business name shown on receipt (required)','',0,0,NULL,NULL,'2025-08-05 02:01:17','2025-08-05 02:02:34'),(9,'receipt_phone','(034) 704 0874','string',3,'Phone Number','Display business phone number on receipt','',4,0,NULL,NULL,'2025-08-05 02:01:17','2025-08-05 02:02:35'),(10,'receipt_address','B83 L10 Clyde Avenue, Celine Homes Subd. Estefania, Bacolod City, Neg. Occ.','string',3,'Address','Display business address on receipt','',5,0,NULL,NULL,'2025-08-05 02:01:17','2025-08-05 02:03:18'),(11,'receipt_tax_id','','string',3,'Tax ID/TIN','Display business tax identification number on receipt','',6,0,NULL,NULL,'2025-08-05 02:01:17','2025-08-05 02:03:22'),(12,'receipt_website','','string',3,'Website','Display business website URL on receipt','',7,0,NULL,NULL,'2025-08-05 02:01:17','2025-08-05 02:03:26'),(13,'receipt_title','** Official Receipt **','string',3,'Receipt Title','Display custom receipt title/header','',8,0,NULL,NULL,'2025-08-05 02:01:17','2025-08-05 02:01:17'),(14,'show_cashier_name','true','boolean',3,'Show Cashier Name','Display cashier/staff name on receipt','',10,0,NULL,NULL,'2025-08-05 02:01:17','2025-08-05 02:01:17'),(15,'show_customer_name','true','boolean',3,'Show Customer Name','Display customer name on receipt when available','',11,0,NULL,NULL,'2025-08-05 02:01:17','2025-08-05 02:01:17'),(16,'show_customer_address','true','boolean',3,'Show Customer Address','Display customer address on receipt when available','',12,0,NULL,NULL,'2025-08-05 02:01:17','2025-08-05 02:01:17'),(17,'show_customer_tax_no','true','boolean',3,'Show Customer Tax Number','Display customer tax identification number when available','',13,0,NULL,NULL,'2025-08-05 02:01:17','2025-08-05 02:01:17'),(18,'receipt_price_inclusive','true','boolean',3,'Price Inclusive of Tax','Display note that prices are inclusive of applicable taxes','',14,0,NULL,NULL,'2025-08-05 02:01:17','2025-08-05 02:01:17'),(19,'show_total_item_count','true','boolean',3,'Show Total Item Count','Display total number of items in transaction','',15,0,NULL,NULL,'2025-08-05 02:01:17','2025-08-05 02:01:17'),(20,'show_change_amount','true','boolean',3,'Show Change Amount','Display change amount given to customer','',16,0,NULL,NULL,'2025-08-05 02:01:17','2025-08-05 02:01:17'),(21,'show_payment_details','true','boolean',3,'Show Payment Details','Display payment method and transaction details','',17,0,NULL,NULL,'2025-08-05 02:01:17','2025-08-05 02:01:17'),(22,'thank_you_note','Thank you for your business!','string',3,'Thank You Note','Display custom thank you message at receipt footer','',18,0,NULL,NULL,'2025-08-05 02:01:17','2025-08-05 02:01:17'),(23,'receipt_order_items_by','name','json',3,'Order Items By','How to order items on receipt: by name or order added','',20,0,'{\"name\":\"Product Name\",\"order_added\":\"Order Added\"}',NULL,'2025-08-05 02:01:17','2025-08-05 02:01:17');

--
-- Table structure for table `MAN9234_cashflow_transactions`
--

CREATE TABLE `MAN9234_cashflow_transactions` (
  `id` int(11) NOT NULL AUTO_INCREMENT,
  `transaction_type` enum('income','expense') COLLATE utf8mb4_unicode_ci NOT NULL,
  `category_id` int(11) NOT NULL,
  `amount` decimal(15,2) NOT NULL,
  `transaction_date` datetime NOT NULL,
  `description` text COLLATE utf8mb4_unicode_ci,
  `reference_number` varchar(100) COLLATE utf8mb4_unicode_ci DEFAULT NULL,
  `payment_method_id` int(11) NOT NULL,
  `receipt_image_path` varchar(500) COLLATE utf8mb4_unicode_ci DEFAULT NULL,
  `notes` text COLLATE utf8mb4_unicode_ci,
  `linked_sales_transaction_id` int(11) DEFAULT NULL,
  `created_by` varchar(100) COLLATE utf8mb4_unicode_ci DEFAULT NULL,
  `created_at` timestamp NOT NULL DEFAULT CURRENT_TIMESTAMP,
  `updated_at` timestamp NOT NULL DEFAULT CURRENT_TIMESTAMP ON UPDATE CURRENT_TIMESTAMP,
  PRIMARY KEY (`id`),
  KEY `idx_transaction_type` (`transaction_type`),
  KEY `idx_category_id` (`category_id`),
  KEY `idx_transaction_date` (`transaction_date`),
  KEY `idx_linked_sales` (`linked_sales_transaction_id`),
  KEY `idx_payment_method_id` (`payment_method_id`)
) ENGINE=InnoDB AUTO_INCREMENT=398 DEFAULT CHARSET=utf8mb4 COLLATE=utf8mb4_unicode_ci;

--
-- Dumping data for table `MAN9234_cashflow_transactions`
--

INSERT INTO `MAN9234_cashflow_transactions` VALUES (1,'expense',19,210.00,'2025-08-01 06:49:20','Expense: Allowance','EXP202508010001',1,NULL,'Auto-created from expense management system',NULL,NULL,'2025-07-31 22:49:32','2025-07-31 22:49:32'),(2,'expense',19,180.00,'2025-08-01 06:50:29','Expense: Allowance','EXP202508010002',1,NULL,'Auto-created from expense management system',NULL,NULL,'2025-07-31 22:50:39','2025-07-31 22:50:39'),(3,'income',1,5508.00,'2025-08-01 08:53:44','Starting Balance',NULL,1,NULL,'',NULL,'ManokTok','2025-08-01 00:53:46','2025-08-01 00:53:46'),(4,'income',1,631.94,'2025-08-01 08:56:01','Starting Balance',NULL,3,NULL,'',NULL,'ManokTok','2025-08-01 00:56:03','2025-08-01 00:56:03'),(5,'income',1,265.00,'2025-08-01 10:11:26','Sales Transaction','TXN202508010001',1,NULL,'Auto-generated from POS sale',NULL,'Cashier','2025-08-01 02:11:26','2025-08-01 02:11:26'),(6,'income',1,115.00,'2025-08-01 10:28:52','Sales Transaction','TXN202508010002',1,NULL,'Auto-generated from POS sale',NULL,'Cashier','2025-08-01 02:28:53','2025-08-01 02:28:53'),(7,'income',1,30.00,'2025-08-01 10:29:09','Sales Transaction','TXN202508010003',1,NULL,'Auto-generated from POS sale',NULL,'Cashier','2025-08-01 02:29:10','2025-08-01 02:29:10'),(8,'income',1,20.00,'2025-08-01 10:29:24','Sales Transaction','TXN202508010004',1,NULL,'Auto-generated from POS sale',NULL,'Cashier','2025-08-01 02:29:25','2025-08-01 02:29:25'),(9,'income',1,15.00,'2025-08-01 10:30:28','Sales Transaction','TXN202508010005',1,NULL,'Auto-generated from POS sale',NULL,'Cashier','2025-08-01 02:30:29','2025-08-01 02:30:29'),(10,'income',1,65.00,'2025-08-01 10:35:21','Sales Transaction','TXN202508010006',1,NULL,'Auto-generated from POS sale',NULL,'Cashier','2025-08-01 02:35:22','2025-08-01 02:35:22'),(11,'income',1,50.00,'2025-08-01 10:53:16','Sales Transaction','TXN202508010007',1,NULL,'Auto-generated from POS sale',NULL,'Cashier','2025-08-01 02:53:16','2025-08-01 02:53:16'),(12,'income',1,60.00,'2025-08-01 10:54:04','Sales Transaction','TXN202508010008',1,NULL,'Auto-generated from POS sale',NULL,'Cashier','2025-08-01 02:54:05','2025-08-01 02:54:05'),(13,'income',1,40.00,'2025-08-01 10:55:37','Sales Transaction','TXN202508010009',1,NULL,'Auto-generated from POS sale',NULL,'Cashier','2025-08-01 02:55:38','2025-08-01 02:55:38'),(14,'expense',13,132.00,'2025-08-01 10:56:58','Expense: KG','EXP202508010003',1,NULL,'Auto-created from expense management system',NULL,NULL,'2025-08-01 02:57:06','2025-08-01 02:57:06'),(15,'expense',1,30.00,'2025-08-01 10:57:21','Expense: Packaging','EXP202508010004',1,NULL,'Auto-created from expense management system',NULL,NULL,'2025-08-01 02:57:29','2025-08-01 02:57:29'),(16,'expense',15,50.00,'2025-08-01 10:57:35','Expense: Advances','EXP202508010005',1,NULL,'Auto-created from expense management system',NULL,NULL,'2025-08-01 02:57:45','2025-08-01 02:57:45'),(17,'income',1,190.00,'2025-08-01 11:13:58','Sales Transaction','TXN202508010010',1,NULL,'Auto-generated from POS sale',NULL,'Cashier','2025-08-01 03:13:59','2025-08-01 03:13:59'),(18,'income',1,40.00,'2025-08-01 11:16:10','Sales Transaction','TXN202508010011',1,NULL,'Auto-generated from POS sale',NULL,'Cashier','2025-08-01 03:16:11','2025-08-01 03:16:11'),(19,'income',1,40.00,'2025-08-01 11:27:27','Sales Transaction','TXN202508010012',1,NULL,'Auto-generated from POS sale',NULL,'Cashier','2025-08-01 03:27:28','2025-08-01 03:27:28'),(20,'income',1,40.00,'2025-08-01 11:30:31','Sales Transaction','TXN202508010013',1,NULL,'Auto-generated from POS sale',NULL,'Cashier','2025-08-01 03:30:31','2025-08-01 03:30:31'),(21,'income',1,90.00,'2025-08-01 11:33:06','Sales Transaction','TXN202508010014',1,NULL,'Auto-generated from POS sale',NULL,'Cashier','2025-08-01 03:33:06','2025-08-01 03:33:06'),(22,'income',1,60.00,'2025-08-01 11:36:50','Sales Transaction','TXN202508010015',1,NULL,'Auto-generated from POS sale',NULL,'Cashier','2025-08-01 03:36:51','2025-08-01 03:36:51'),(23,'income',1,40.00,'2025-08-01 11:37:07','Sales Transaction','TXN202508010016',1,NULL,'Auto-generated from POS sale',NULL,'Cashier','2025-08-01 03:37:07','2025-08-01 03:37:07'),(24,'income',1,30.00,'2025-08-01 11:50:47','Sales Transaction','TXN202508010017',1,NULL,'Auto-generated from POS sale',NULL,'Cashier','2025-08-01 03:50:48','2025-08-01 03:50:48'),(25,'income',1,15.00,'2025-08-01 11:52:17','Sales Transaction','TXN202508010018',1,NULL,'Auto-generated from POS sale',NULL,'Cashier','2025-08-01 03:52:18','2025-08-01 03:52:18'),(26,'income',1,110.00,'2025-08-01 11:56:48','Sales Transaction','TXN202508010019',1,NULL,'Auto-generated from POS sale',NULL,'Cashier','2025-08-01 03:56:49','2025-08-01 03:56:49'),(27,'income',1,30.00,'2025-08-01 12:02:03','Sales Transaction','TXN202508010020',1,NULL,'Auto-generated from POS sale',NULL,'Cashier','2025-08-01 04:02:04','2025-08-01 04:02:04'),(28,'income',1,50.00,'2025-08-01 12:02:24','Sales Transaction','TXN202508010021',1,NULL,'Auto-generated from POS sale',NULL,'Cashier','2025-08-01 04:02:25','2025-08-01 04:02:25'),(29,'income',1,60.00,'2025-08-01 12:07:04','Sales Transaction','TXN202508010022',1,NULL,'Auto-generated from POS sale',NULL,'Cashier','2025-08-01 04:07:05','2025-08-01 04:07:05'),(30,'income',1,20.00,'2025-08-01 12:13:41','Sales Transaction','TXN202508010023',1,NULL,'Auto-generated from POS sale',NULL,'Cashier','2025-08-01 04:13:42','2025-08-01 04:13:42'),(31,'income',1,15.00,'2025-08-01 12:13:46','Sales Transaction','TXN202508010024',1,NULL,'Auto-generated from POS sale',NULL,'Cashier','2025-08-01 04:13:47','2025-08-01 04:13:47'),(32,'income',1,55.00,'2025-08-01 12:14:21','Sales Transaction','TXN202508010025',1,NULL,'Auto-generated from POS sale',NULL,'Cashier','2025-08-01 04:14:22','2025-08-01 04:14:22'),(33,'income',1,55.00,'2025-08-01 12:14:27','Sales Transaction','TXN202508010026',1,NULL,'Auto-generated from POS sale',NULL,'Cashier','2025-08-01 04:14:28','2025-08-01 04:14:28'),(34,'income',1,20.00,'2025-08-01 12:14:32','Sales Transaction','TXN202508010027',1,NULL,'Auto-generated from POS sale',NULL,'Cashier','2025-08-01 04:14:33','2025-08-01 04:14:33'),(35,'income',1,40.00,'2025-08-01 12:20:23','Sales Transaction','TXN202508010028',1,NULL,'Auto-generated from POS sale',NULL,'Cashier','2025-08-01 04:20:24','2025-08-01 04:20:24'),(36,'income',1,30.00,'2025-08-01 12:20:29','Sales Transaction','TXN202508010029',1,NULL,'Auto-generated from POS sale',NULL,'Cashier','2025-08-01 04:20:30','2025-08-01 04:20:30'),(37,'income',1,20.00,'2025-08-01 12:39:55','Sales Transaction','TXN202508010030',1,NULL,'Auto-generated from POS sale',NULL,'Cashier','2025-08-01 04:39:56','2025-08-01 04:39:56'),(38,'income',1,45.00,'2025-08-01 12:49:07','Sales Transaction','TXN202508010031',1,NULL,'Auto-generated from POS sale',NULL,'Cashier','2025-08-01 04:49:08','2025-08-01 04:49:08'),(39,'expense',19,267.00,'2025-08-01 13:21:09','Expense: Eggs','EXP202508010006',1,NULL,'Auto-created from expense management system',NULL,NULL,'2025-08-01 05:21:45','2025-08-01 05:21:45'),(40,'income',1,50.00,'2025-08-01 13:26:19','Sales Transaction','TXN202508010032',1,NULL,'Auto-generated from POS sale',NULL,'Cashier','2025-08-01 05:26:19','2025-08-01 05:26:19'),(41,'income',1,30.00,'2025-08-01 13:38:37','Sales Transaction','TXN202508010033',1,NULL,'Auto-generated from POS sale',NULL,'Cashier','2025-08-01 05:38:38','2025-08-01 05:38:38'),(42,'income',1,40.00,'2025-08-01 13:38:51','Sales Transaction','TXN202508010034',1,NULL,'Auto-generated from POS sale',NULL,'Cashier','2025-08-01 05:38:52','2025-08-01 05:38:52'),(43,'income',1,40.00,'2025-08-01 15:24:09','Sales Transaction','TXN202508010035',1,NULL,'Auto-generated from POS sale',NULL,'Cashier','2025-08-01 07:24:10','2025-08-01 07:24:10'),(44,'income',1,30.00,'2025-08-01 15:24:19','Sales Transaction','TXN202508010036',1,NULL,'Auto-generated from POS sale',NULL,'Cashier','2025-08-01 07:24:20','2025-08-01 07:24:20'),(45,'income',1,40.00,'2025-08-01 15:46:11','Sales Transaction','TXN202508010037',1,NULL,'Auto-generated from POS sale',NULL,'Cashier','2025-08-01 07:46:12','2025-08-01 07:46:12'),(46,'income',1,20.00,'2025-08-01 15:46:17','Sales Transaction','TXN202508010038',1,NULL,'Auto-generated from POS sale',NULL,'Cashier','2025-08-01 07:46:18','2025-08-01 07:46:18'),(47,'expense',13,48.00,'2025-08-01 16:12:54','Expense: Ingredients','EXP202508010007',1,NULL,'Auto-created from expense management system',NULL,NULL,'2025-08-01 08:13:03','2025-08-01 08:13:03'),(48,'income',1,120.00,'2025-08-01 16:24:52','Sales Transaction','TXN202508010039',1,NULL,'Auto-generated from POS sale',NULL,'Cashier','2025-08-01 08:24:52','2025-08-01 08:24:52'),(49,'expense',15,30.00,'2025-08-01 16:30:38','Expense: Advances','EXP202508010008',1,NULL,'Auto-created from expense management system',NULL,NULL,'2025-08-01 08:30:45','2025-08-01 08:30:45'),(50,'income',1,30.00,'2025-08-01 17:27:21','Sales Transaction','TXN202508010040',1,NULL,'Auto-generated from POS sale',NULL,'Cashier','2025-08-01 09:27:22','2025-08-01 09:27:22'),(51,'income',1,90.00,'2025-08-01 17:27:28','Sales Transaction','TXN202508010041',1,NULL,'Auto-generated from POS sale',NULL,'Cashier','2025-08-01 09:27:29','2025-08-01 09:27:29'),(52,'income',1,45.00,'2025-08-01 17:27:33','Sales Transaction','TXN202508010042',1,NULL,'Auto-generated from POS sale',NULL,'Cashier','2025-08-01 09:27:34','2025-08-01 09:27:34'),(53,'income',1,150.00,'2025-08-01 17:32:43','Sales Transaction','TXN202508010043',1,NULL,'Auto-generated from POS sale',NULL,'Cashier','2025-08-01 09:32:44','2025-08-01 09:32:44'),(54,'income',1,90.00,'2025-08-01 17:44:02','Sales Transaction','TXN202508010044',1,NULL,'Auto-generated from POS sale',NULL,'Cashier','2025-08-01 09:44:03','2025-08-01 09:44:03'),(55,'income',1,15.00,'2025-08-01 17:49:01','Sales Transaction','TXN202508010045',1,NULL,'Auto-generated from POS sale',NULL,'Cashier','2025-08-01 09:49:02','2025-08-01 09:49:02'),(56,'income',1,50.00,'2025-08-01 17:53:28','Sales Transaction','TXN202508010046',1,NULL,'Auto-generated from POS sale',NULL,'Cashier','2025-08-01 09:53:30','2025-08-01 09:53:30'),(57,'income',1,50.00,'2025-08-01 17:56:02','Sales Transaction','TXN202508010047',1,NULL,'Auto-generated from POS sale',NULL,'Cashier','2025-08-01 09:56:03','2025-08-01 09:56:03'),(58,'expense',19,47.00,'2025-08-01 18:16:33','Expense: Allowance','EXP202508010009',1,NULL,'Auto-created from expense management system',NULL,NULL,'2025-08-01 10:16:45','2025-08-01 10:16:45'),(59,'income',1,50.00,'2025-08-01 18:18:23','Sales Transaction','TXN202508010048',1,NULL,'Auto-generated from POS sale',NULL,'Cashier','2025-08-01 10:18:24','2025-08-01 10:18:24'),(60,'income',1,105.00,'2025-08-01 18:27:14','Sales Transaction','TXN202508010049',1,NULL,'Auto-generated from POS sale',NULL,'Cashier','2025-08-01 10:27:15','2025-08-01 10:27:15'),(61,'income',1,150.00,'2025-08-01 18:31:03','Sales Transaction','TXN202508010050',1,NULL,'Auto-generated from POS sale',NULL,'Cashier','2025-08-01 10:31:04','2025-08-01 10:31:04'),(62,'income',1,240.00,'2025-08-01 18:33:19','Sales Transaction','TXN202508010051',1,NULL,'Auto-generated from POS sale',NULL,'Cashier','2025-08-01 10:33:20','2025-08-01 10:33:20'),(63,'income',1,100.00,'2025-08-01 18:50:03','Sales Transaction','TXN202508010052',1,NULL,'Auto-generated from POS sale',NULL,'Cashier','2025-08-01 10:50:04','2025-08-01 10:50:04'),(64,'income',1,15.00,'2025-08-01 18:50:08','Sales Transaction','TXN202508010053',1,NULL,'Auto-generated from POS sale',NULL,'Cashier','2025-08-01 10:50:09','2025-08-01 10:50:09'),(65,'income',1,80.00,'2025-08-01 19:10:21','Sales Transaction','TXN202508010054',1,NULL,'Auto-generated from POS sale',NULL,'Cashier','2025-08-01 11:10:22','2025-08-01 11:10:22'),(66,'income',1,50.00,'2025-08-01 19:13:06','Sales Transaction','TXN202508010055',1,NULL,'Auto-generated from POS sale',NULL,'Cashier','2025-08-01 11:13:06','2025-08-01 11:13:06'),(67,'income',1,120.00,'2025-08-01 19:13:14','Sales Transaction','TXN202508010056',1,NULL,'Auto-generated from POS sale',NULL,'Cashier','2025-08-01 11:13:15','2025-08-01 11:13:15'),(68,'income',1,50.00,'2025-08-01 19:21:27','Sales Transaction','TXN202508010057',1,NULL,'Auto-generated from POS sale',NULL,'Cashier','2025-08-01 11:21:28','2025-08-01 11:21:28'),(69,'income',1,30.00,'2025-08-01 19:21:39','Sales Transaction','TXN202508010058',1,NULL,'Auto-generated from POS sale',NULL,'Cashier','2025-08-01 11:21:39','2025-08-01 11:21:39'),(70,'income',1,60.00,'2025-08-01 19:23:07','Sales Transaction','TXN202508010059',1,NULL,'Auto-generated from POS sale',NULL,'Cashier','2025-08-01 11:23:08','2025-08-01 11:23:08'),(71,'income',1,40.00,'2025-08-01 19:43:04','Sales Transaction','TXN202508010060',1,NULL,'Auto-generated from POS sale',NULL,'Cashier','2025-08-01 11:43:05','2025-08-01 11:43:05'),(72,'income',1,110.00,'2025-08-01 20:14:01','Sales Transaction','TXN202508010061',1,NULL,'Auto-generated from POS sale',NULL,'Cashier','2025-08-01 12:14:03','2025-08-01 12:14:03'),(73,'expense',15,176.00,'2025-08-01 22:09:42','Ots - Advances','EXP202508010010',1,NULL,'Auto-created from expense management system',NULL,NULL,'2025-08-01 14:09:58','2025-08-01 14:09:58'),(74,'expense',15,50.00,'2025-08-01 22:11:47','Jake - Advances','EXP202508010011',1,NULL,'Auto-created from expense management system',NULL,NULL,'2025-08-01 14:11:58','2025-08-01 14:11:58'),(75,'income',1,725.00,'2025-08-01 22:17:04','Sales Transaction','TXN202508010062',1,NULL,'Auto-generated from POS sale',NULL,'ManokTok','2025-08-01 14:17:05','2025-08-01 14:17:05'),(76,'expense',19,130.00,'2025-08-02 07:10:32','Bran - Allowance','EXP202508020001',1,NULL,'Auto-created from expense management system',NULL,NULL,'2025-08-01 23:10:42','2025-08-01 23:10:42'),(77,'income',1,1665.00,'2025-08-02 07:34:23','Additional Cash',NULL,1,NULL,'7/31 Change',NULL,'ManokTok','2025-08-01 23:34:24','2025-08-01 23:34:24'),(78,'income',1,30.00,'2025-08-02 10:03:07','Sales Transaction','TXN202508020001',1,NULL,'Auto-generated from POS sale',NULL,'Cashier','2025-08-02 02:03:08','2025-08-02 02:03:08'),(79,'income',1,15.00,'2025-08-02 10:15:12','Sales Transaction','TXN202508020002',1,NULL,'Auto-generated from POS sale',NULL,'Cashier','2025-08-02 02:15:12','2025-08-02 02:15:12'),(80,'income',1,30.00,'2025-08-02 10:48:25','Sales Transaction','TXN202508020003',1,NULL,'Auto-generated from POS sale',NULL,'Cashier','2025-08-02 02:48:26','2025-08-02 02:48:26'),(81,'income',1,20.00,'2025-08-02 10:48:32','Sales Transaction','TXN202508020004',1,NULL,'Auto-generated from POS sale',NULL,'Cashier','2025-08-02 02:48:33','2025-08-02 02:48:33'),(82,'income',1,175.00,'2025-08-02 11:29:38','Sales Transaction','TXN202508020005',1,NULL,'Auto-generated from POS sale',NULL,'Cashier','2025-08-02 03:29:39','2025-08-02 03:29:39'),(83,'income',1,90.00,'2025-08-02 11:30:36','Sales Transaction','TXN202508020006',1,NULL,'Auto-generated from POS sale',NULL,'Cashier','2025-08-02 03:30:37','2025-08-02 03:30:37'),(84,'income',1,45.00,'2025-08-02 11:39:18','Sales Transaction','TXN202508020007',1,NULL,'Auto-generated from POS sale',NULL,'Cashier','2025-08-02 03:39:19','2025-08-02 03:39:19'),(85,'income',1,80.00,'2025-08-02 11:40:08','Sales Transaction','TXN202508020008',1,NULL,'Auto-generated from POS sale',NULL,'Cashier','2025-08-02 03:40:09','2025-08-02 03:40:09'),(86,'income',1,140.00,'2025-08-02 11:48:28','Sales Transaction','TXN202508020009',1,NULL,'Auto-generated from POS sale',NULL,'Cashier','2025-08-02 03:48:29','2025-08-02 03:48:29'),(87,'income',1,40.00,'2025-08-02 11:49:02','Sales Transaction','TXN202508020010',1,NULL,'Auto-generated from POS sale',NULL,'Cashier','2025-08-02 03:49:03','2025-08-02 03:49:03'),(88,'income',1,120.00,'2025-08-02 12:00:43','Sales Transaction','TXN202508020011',1,NULL,'Auto-generated from POS sale',NULL,'Cashier','2025-08-02 04:00:44','2025-08-02 04:00:44'),(89,'income',1,30.00,'2025-08-02 12:08:52','Sales Transaction','TXN202508020012',1,NULL,'Auto-generated from POS sale',NULL,'Cashier','2025-08-02 04:08:53','2025-08-02 04:08:53'),(90,'income',1,15.00,'2025-08-02 12:35:16','Sales Transaction','TXN202508020013',1,NULL,'Auto-generated from POS sale',NULL,'Cashier','2025-08-02 04:35:17','2025-08-02 04:35:17'),(91,'income',1,30.00,'2025-08-02 12:35:23','Sales Transaction','TXN202508020014',1,NULL,'Auto-generated from POS sale',NULL,'Cashier','2025-08-02 04:35:24','2025-08-02 04:35:24'),(92,'expense',15,50.00,'2025-08-02 12:35:28','Jake - Advances','EXP202508020002',1,NULL,'Auto-created from expense management system',NULL,NULL,'2025-08-02 04:35:35','2025-08-02 04:35:35'),(93,'income',1,20.00,'2025-08-02 12:48:13','Sales Transaction','TXN202508020015',1,NULL,'Auto-generated from POS sale',NULL,'Cashier','2025-08-02 04:48:15','2025-08-02 04:48:15'),(94,'income',1,30.00,'2025-08-02 12:48:20','Sales Transaction','TXN202508020016',1,NULL,'Auto-generated from POS sale',NULL,'Cashier','2025-08-02 04:48:21','2025-08-02 04:48:21'),(95,'income',1,30.00,'2025-08-02 12:51:01','Sales Transaction','TXN202508020017',1,NULL,'Auto-generated from POS sale',NULL,'Cashier','2025-08-02 04:51:02','2025-08-02 04:51:02'),(96,'income',1,20.00,'2025-08-02 12:59:46','Sales Transaction','TXN202508020018',1,NULL,'Auto-generated from POS sale',NULL,'Cashier','2025-08-02 04:59:47','2025-08-02 04:59:47'),(97,'income',1,45.00,'2025-08-02 13:20:18','Sales Transaction','TXN202508020019',1,NULL,'Auto-generated from POS sale',NULL,'Cashier','2025-08-02 05:20:19','2025-08-02 05:20:19'),(98,'income',1,30.00,'2025-08-02 13:55:26','Sales Transaction','TXN202508020021',1,NULL,'Auto-generated from POS sale',NULL,'Cashier','2025-08-02 05:55:27','2025-08-02 05:55:27'),(99,'expense',1,30.00,'2025-08-02 00:00:00','VOID: Transaction voided','TXN202508020021',1,NULL,'Auto-created from sales return/void system',NULL,NULL,'2025-08-02 05:55:44','2025-08-02 05:55:44'),(100,'income',1,150.00,'2025-08-02 14:08:11','Sales Transaction','TXN202508020022',1,NULL,'Auto-generated from POS sale',NULL,'Cashier','2025-08-02 06:08:12','2025-08-02 06:08:12'),(101,'income',1,60.00,'2025-08-02 14:27:39','Sales Transaction','TXN202508020023',1,NULL,'Auto-generated from POS sale',NULL,'Cashier','2025-08-02 06:27:40','2025-08-02 06:27:40'),(102,'income',1,20.00,'2025-08-02 14:27:44','Sales Transaction','TXN202508020024',1,NULL,'Auto-generated from POS sale',NULL,'Cashier','2025-08-02 06:27:45','2025-08-02 06:27:45'),(103,'income',1,40.00,'2025-08-02 14:27:49','Sales Transaction','TXN202508020025',1,NULL,'Auto-generated from POS sale',NULL,'Cashier','2025-08-02 06:27:50','2025-08-02 06:27:50'),(104,'expense',13,2375.00,'2025-08-02 14:30:13','Purchases - Poultry (skin)','EXP202508020003',1,NULL,'Auto-created from expense management system',NULL,NULL,'2025-08-02 06:30:59','2025-08-02 06:30:59'),(105,'income',1,30.00,'2025-08-02 14:32:07','Sales Transaction','TXN202508020026',1,NULL,'Auto-generated from POS sale',NULL,'Cashier','2025-08-02 06:32:08','2025-08-02 06:32:08'),(106,'income',1,200.00,'2025-08-02 16:15:22','Sales Transaction','TXN202508020027',1,NULL,'Auto-generated from POS sale',NULL,'Cashier','2025-08-02 08:15:22','2025-08-02 08:15:22'),(107,'income',1,45.00,'2025-08-02 16:15:27','Sales Transaction','TXN202508020028',1,NULL,'Auto-generated from POS sale',NULL,'Cashier','2025-08-02 08:15:28','2025-08-02 08:15:28'),(108,'income',1,30.00,'2025-08-02 16:15:32','Sales Transaction','TXN202508020029',1,NULL,'Auto-generated from POS sale',NULL,'Cashier','2025-08-02 08:15:32','2025-08-02 08:15:32'),(109,'income',1,30.00,'2025-08-02 16:37:32','Sales Transaction','TXN202508020030',1,NULL,'Auto-generated from POS sale',NULL,'Cashier','2025-08-02 08:37:32','2025-08-02 08:37:32'),(110,'expense',15,10.00,'2025-08-02 16:51:17','Jake - Advances','EXP202508020004',1,NULL,'Auto-created from expense management system',NULL,NULL,'2025-08-02 08:51:22','2025-08-02 08:51:22'),(111,'income',1,60.00,'2025-08-02 17:46:40','Sales Transaction','TXN202508020031',1,NULL,'Auto-generated from POS sale',NULL,'Cashier','2025-08-02 09:46:40','2025-08-02 09:46:40'),(112,'income',1,15.00,'2025-08-02 17:46:44','Sales Transaction','TXN202508020032',1,NULL,'Auto-generated from POS sale',NULL,'Cashier','2025-08-02 09:46:45','2025-08-02 09:46:45'),(113,'income',1,145.00,'2025-08-02 17:46:53','Sales Transaction','TXN202508020033',1,NULL,'Auto-generated from POS sale',NULL,'Cashier','2025-08-02 09:46:54','2025-08-02 09:46:54'),(114,'income',1,30.00,'2025-08-02 18:25:09','Sales Transaction','TXN202508020034',1,NULL,'Auto-generated from POS sale',NULL,'Cashier','2025-08-02 10:25:10','2025-08-02 10:25:10'),(115,'income',1,45.00,'2025-08-02 18:28:24','Sales Transaction','TXN202508020035',1,NULL,'Auto-generated from POS sale',NULL,'Cashier','2025-08-02 10:28:25','2025-08-02 10:28:25'),(116,'expense',15,1000.00,'2025-08-02 19:06:35','Jake - Advances','EXP202508020005',1,NULL,'Auto-created from expense management system',NULL,NULL,'2025-08-02 11:06:45','2025-08-02 11:06:45'),(117,'expense',15,176.00,'2025-08-02 19:50:35','Ots - Advances','EXP202508020006',1,NULL,'Auto-created from expense management system',NULL,NULL,'2025-08-02 11:50:46','2025-08-02 11:50:46'),(118,'expense',15,700.00,'2025-08-03 07:10:52','Jake - Advances','EXP202508030001',1,NULL,'Auto-created from expense management system',NULL,NULL,'2025-08-02 23:11:00','2025-08-02 23:11:00'),(119,'income',1,430.00,'2025-08-03 07:17:13','Sales Transaction','TXN202508030001',1,NULL,'POS Sale',NULL,'ManokTok','2025-08-02 23:17:13','2025-08-02 23:17:13'),(120,'income',1,50.00,'2025-08-03 07:34:03','Sales Transaction','TXN202508030002',1,NULL,'POS Sale',NULL,'ManokTok','2025-08-02 23:34:04','2025-08-02 23:34:04'),(121,'expense',1,960.00,'2025-08-03 07:53:21','Adjustments',NULL,1,NULL,'',NULL,'ManokTok','2025-08-02 23:53:22','2025-08-02 23:53:22'),(122,'income',1,2000.00,'2025-08-03 10:27:31','Transfer',NULL,3,NULL,'',NULL,'ManokTok','2025-08-03 02:27:31','2025-08-03 02:27:31'),(123,'expense',1,2000.00,'2025-08-03 10:27:48','Transfer',NULL,1,NULL,'',NULL,'ManokTok','2025-08-03 02:27:49','2025-08-03 02:27:49'),(124,'expense',10,40.00,'2025-08-03 10:28:02','GCash Fee','EXP202508030002',1,NULL,'Auto-created from expense management system',NULL,NULL,'2025-08-03 02:28:26','2025-08-03 02:28:26'),(125,'expense',1,2284.67,'2025-08-03 10:34:15','GLoan 6/12',NULL,3,NULL,'',NULL,'ManokTok','2025-08-03 02:34:16','2025-08-03 02:34:16'),(126,'expense',15,450.00,'2025-08-03 12:36:30','Jake - Advances','EXP202508030003',1,NULL,'Auto-created from expense management system',NULL,NULL,'2025-08-03 04:36:37','2025-08-03 04:36:37'),(127,'income',1,100.00,'2025-08-04 07:51:22','Sales Transaction','TXN202508040002',1,NULL,'POS Sale',NULL,'ManokTok','2025-08-03 23:51:23','2025-08-03 23:51:23'),(128,'income',1,15.00,'2025-08-04 09:33:25','Sales Transaction','TXN202508040003',1,NULL,'POS Sale',NULL,'Cashier','2025-08-04 01:33:26','2025-08-04 01:33:26'),(129,'income',1,15.00,'2025-08-04 10:12:37','Sales Transaction','TXN202508040004',1,NULL,'POS Sale',NULL,'Cashier','2025-08-04 02:12:37','2025-08-04 02:12:37'),(130,'income',1,90.00,'2025-08-04 10:16:51','Sales Transaction','TXN202508040005',1,NULL,'POS Sale',NULL,'Cashier','2025-08-04 02:16:52','2025-08-04 02:16:52'),(131,'income',1,100.00,'2025-08-04 10:16:56','Sales Transaction','TXN202508040006',1,NULL,'POS Sale',NULL,'Cashier','2025-08-04 02:16:57','2025-08-04 02:16:57'),(132,'income',1,60.00,'2025-08-04 10:30:08','Sales Transaction','TXN202508040007',1,NULL,'POS Sale',NULL,'Cashier','2025-08-04 02:30:08','2025-08-04 02:30:08'),(133,'income',1,55.00,'2025-08-04 10:31:25','Sales Transaction','TXN202508040008',1,NULL,'POS Sale',NULL,'Cashier','2025-08-04 02:31:26','2025-08-04 02:31:26'),(134,'expense',1,60.00,'2025-08-04 00:00:00','VOID: Transaction voided','TXN202508040007',1,NULL,'Auto-created from sales return/void system',NULL,NULL,'2025-08-04 02:31:49','2025-08-04 02:31:49'),(135,'expense',15,350.00,'2025-08-04 10:43:15','Jake - Advances','EXP202508040001',1,NULL,'Auto-created from expense management system',NULL,NULL,'2025-08-04 02:43:23','2025-08-04 02:43:23'),(136,'income',1,20.00,'2025-08-04 10:45:04','Sales Transaction','TXN202508040009',1,NULL,'POS Sale',NULL,'Cashier','2025-08-04 02:45:04','2025-08-04 02:45:04'),(137,'income',1,55.00,'2025-08-04 10:55:16','Sales Transaction','TXN202508040010',1,NULL,'POS Sale',NULL,'Cashier','2025-08-04 02:55:17','2025-08-04 02:55:17'),(138,'income',1,35.00,'2025-08-04 10:56:35','Sales Transaction','TXN202508040011',1,NULL,'POS Sale',NULL,'Cashier','2025-08-04 02:56:36','2025-08-04 02:56:36'),(139,'income',1,85.00,'2025-08-04 11:01:33','Sales Transaction','TXN202508040012',1,NULL,'POS Sale',NULL,'Cashier','2025-08-04 03:01:34','2025-08-04 03:01:34'),(140,'income',1,130.00,'2025-08-04 11:10:57','Sales Transaction','TXN202508040013',1,NULL,'POS Sale',NULL,'Cashier','2025-08-04 03:10:58','2025-08-04 03:10:58'),(141,'income',1,40.00,'2025-08-04 11:11:08','Sales Transaction','TXN202508040014',1,NULL,'POS Sale',NULL,'Cashier','2025-08-04 03:11:08','2025-08-04 03:11:08'),(142,'income',1,40.00,'2025-08-04 11:12:50','Sales Transaction','TXN202508040015',1,NULL,'POS Sale',NULL,'Cashier','2025-08-04 03:12:51','2025-08-04 03:12:51'),(143,'income',1,40.00,'2025-08-04 11:12:59','Sales Transaction','TXN202508040016',1,NULL,'POS Sale',NULL,'Cashier','2025-08-04 03:13:00','2025-08-04 03:13:00'),(144,'income',1,30.00,'2025-08-04 11:14:21','Sales Transaction','TXN202508040017',1,NULL,'POS Sale',NULL,'Cashier','2025-08-04 03:14:21','2025-08-04 03:14:21'),(145,'income',1,30.00,'2025-08-04 11:14:29','Sales Transaction','TXN202508040018',1,NULL,'POS Sale',NULL,'Cashier','2025-08-04 03:14:29','2025-08-04 03:14:29'),(146,'income',1,60.00,'2025-08-04 11:19:13','Sales Transaction','TXN202508040019',1,NULL,'POS Sale',NULL,'Cashier','2025-08-04 03:19:14','2025-08-04 03:19:14'),(147,'income',1,25.00,'2025-08-04 11:25:50','Sales Transaction','TXN202508040020',1,NULL,'POS Sale',NULL,'Cashier','2025-08-04 03:25:51','2025-08-04 03:25:51'),(148,'income',1,60.00,'2025-08-04 11:29:40','Sales Transaction','TXN202508040021',1,NULL,'POS Sale',NULL,'Cashier','2025-08-04 03:29:40','2025-08-04 03:29:40'),(149,'income',1,80.00,'2025-08-04 11:31:05','Sales Transaction','TXN202508040022',1,NULL,'POS Sale',NULL,'Cashier','2025-08-04 03:31:06','2025-08-04 03:31:06'),(150,'income',1,20.00,'2025-08-04 11:47:25','Sales Transaction','TXN202508040023',1,NULL,'POS Sale',NULL,'Cashier','2025-08-04 03:47:26','2025-08-04 03:47:26'),(151,'income',1,115.00,'2025-08-04 11:57:26','Sales Transaction','TXN202508040024',1,NULL,'POS Sale',NULL,'Cashier','2025-08-04 03:57:27','2025-08-04 03:57:27'),(152,'income',1,110.00,'2025-08-04 11:59:02','Sales Transaction','TXN202508040025',1,NULL,'POS Sale',NULL,'Cashier','2025-08-04 03:59:03','2025-08-04 03:59:03'),(153,'income',1,15.00,'2025-08-04 11:59:13','Sales Transaction','TXN202508040026',1,NULL,'POS Sale',NULL,'Cashier','2025-08-04 03:59:14','2025-08-04 03:59:14'),(154,'income',1,115.00,'2025-08-04 12:07:02','Sales Transaction','TXN202508040027',1,NULL,'POS Sale',NULL,'Cashier','2025-08-04 04:07:02','2025-08-04 04:07:02'),(155,'income',1,85.00,'2025-08-04 12:12:57','Sales Transaction','TXN202508040028',1,NULL,'POS Sale',NULL,'Cashier','2025-08-04 04:12:58','2025-08-04 04:12:58'),(156,'income',1,20.00,'2025-08-04 12:14:44','Sales Transaction','TXN202508040029',1,NULL,'POS Sale',NULL,'Cashier','2025-08-04 04:14:44','2025-08-04 04:14:44'),(157,'income',1,40.00,'2025-08-04 12:14:51','Sales Transaction','TXN202508040030',1,NULL,'POS Sale',NULL,'Cashier','2025-08-04 04:14:52','2025-08-04 04:14:52'),(158,'income',1,60.00,'2025-08-04 12:15:02','Sales Transaction','TXN202508040031',1,NULL,'POS Sale',NULL,'Cashier','2025-08-04 04:15:03','2025-08-04 04:15:03'),(159,'income',1,30.00,'2025-08-04 12:15:06','Sales Transaction','TXN202508040032',1,NULL,'POS Sale',NULL,'Cashier','2025-08-04 04:15:07','2025-08-04 04:15:07'),(160,'income',1,30.00,'2025-08-04 12:24:01','Sales Transaction','TXN202508040033',1,NULL,'POS Sale',NULL,'Cashier','2025-08-04 04:24:02','2025-08-04 04:24:02'),(161,'expense',1,110.00,'2025-08-04 00:00:00','VOID: Transaction voided','TXN202508040025',1,NULL,'Auto-created from sales return/void system',NULL,NULL,'2025-08-04 04:29:13','2025-08-04 04:29:13'),(162,'income',1,125.00,'2025-08-04 12:29:57','Sales Transaction','TXN202508040034',3,NULL,'POS Sale',NULL,'Cashier','2025-08-04 04:29:58','2025-08-04 04:29:58'),(163,'expense',1,110.00,'2025-08-04 00:00:00','VOID: Transaction voided','TXN202508040025',1,NULL,'Auto-created from sales return/void system',NULL,NULL,'2025-08-04 04:49:15','2025-08-04 04:49:15'),(164,'income',1,55.00,'2025-08-04 13:11:30','Sales Transaction','TXN202508040035',1,NULL,'POS Sale',NULL,'Cashier','2025-08-04 05:11:31','2025-08-04 05:11:31'),(165,'income',1,75.00,'2025-08-04 13:11:42','Sales Transaction','TXN202508040036',1,NULL,'POS Sale',NULL,'Cashier','2025-08-04 05:11:43','2025-08-04 05:11:43'),(166,'income',1,80.00,'2025-08-04 13:17:44','Sales Transaction','TXN202508040037',1,NULL,'POS Sale',NULL,'Cashier','2025-08-04 05:17:44','2025-08-04 05:17:44'),(167,'income',1,15.00,'2025-08-04 13:17:53','Sales Transaction','TXN202508040038',1,NULL,'POS Sale',NULL,'Cashier','2025-08-04 05:17:54','2025-08-04 05:17:54'),(168,'income',1,15.00,'2025-08-04 13:26:42','Sales Transaction','TXN202508040039',1,NULL,'POS Sale',NULL,'Cashier','2025-08-04 05:26:42','2025-08-04 05:26:42'),(169,'income',1,15.00,'2025-08-04 13:35:19','Sales Transaction','TXN202508040040',1,NULL,'POS Sale',NULL,'Cashier','2025-08-04 05:35:20','2025-08-04 05:35:20'),(170,'income',1,170.00,'2025-08-04 14:13:00','Sales Transaction','TXN202508040041',1,NULL,'POS Sale',NULL,'Cashier','2025-08-04 06:13:00','2025-08-04 06:13:00'),(171,'income',1,40.00,'2025-08-04 14:13:10','Sales Transaction','TXN202508040042',1,NULL,'POS Sale',NULL,'Cashier','2025-08-04 06:13:11','2025-08-04 06:13:11'),(172,'income',1,30.00,'2025-08-04 15:23:29','Sales Transaction','TXN202508040043',1,NULL,'POS Sale',NULL,'Cashier','2025-08-04 07:23:30','2025-08-04 07:23:30'),(173,'income',1,150.00,'2025-08-04 15:53:31','Sales Transaction','TXN202508040044',1,NULL,'POS Sale',NULL,'Cashier','2025-08-04 07:53:33','2025-08-04 07:53:33'),(174,'income',1,100.00,'2025-08-04 15:53:37','Sales Transaction','TXN202508040045',1,NULL,'POS Sale',NULL,'Cashier','2025-08-04 07:53:38','2025-08-04 07:53:38'),(175,'income',1,30.00,'2025-08-04 16:18:43','Sales Transaction','TXN202508040046',1,NULL,'POS Sale',NULL,'Cashier','2025-08-04 08:18:43','2025-08-04 08:18:43'),(176,'income',1,45.00,'2025-08-04 16:33:40','Sales Transaction','TXN202508040047',1,NULL,'POS Sale',NULL,'Cashier','2025-08-04 08:33:41','2025-08-04 08:33:41'),(177,'income',1,25.00,'2025-08-04 16:37:26','Sales Transaction','TXN202508040048',1,NULL,'POS Sale',NULL,'Cashier','2025-08-04 08:37:27','2025-08-04 08:37:27'),(178,'expense',15,160.00,'2025-08-04 17:19:17','Jake - Advances','EXP202508040002',1,NULL,'Auto-created from expense management system',NULL,NULL,'2025-08-04 09:19:29','2025-08-04 09:19:29'),(179,'income',1,30.00,'2025-08-04 17:19:39','Sales Transaction','TXN202508040049',1,NULL,'POS Sale',NULL,'Cashier','2025-08-04 09:19:40','2025-08-04 09:19:40'),(180,'income',1,30.00,'2025-08-04 17:32:10','Sales Transaction','TXN202508040050',1,NULL,'POS Sale',NULL,'Cashier','2025-08-04 09:32:11','2025-08-04 09:32:11'),(181,'income',1,235.00,'2025-08-04 17:41:31','Sales Transaction','TXN202508040051',1,NULL,'POS Sale',NULL,'Cashier','2025-08-04 09:41:32','2025-08-04 09:41:32'),(182,'income',1,55.00,'2025-08-04 17:45:25','Sales Transaction','TXN202508040052',1,NULL,'POS Sale',NULL,'Cashier','2025-08-04 09:45:26','2025-08-04 09:45:26'),(183,'income',1,75.00,'2025-08-04 18:25:52','Sales Transaction','TXN202508040053',1,NULL,'POS Sale',NULL,'Cashier','2025-08-04 10:25:54','2025-08-04 10:25:54'),(184,'income',1,100.00,'2025-08-04 18:33:11','Sales Transaction','TXN202508040054',1,NULL,'POS Sale',NULL,'Cashier','2025-08-04 10:33:11','2025-08-04 10:33:11'),(185,'income',1,60.00,'2025-08-04 18:37:09','Sales Transaction','TXN202508040055',1,NULL,'POS Sale',NULL,'Cashier','2025-08-04 10:37:10','2025-08-04 10:37:10'),(186,'income',1,75.00,'2025-08-04 18:39:22','Sales Transaction','TXN202508040056',1,NULL,'POS Sale',NULL,'Cashier','2025-08-04 10:39:23','2025-08-04 10:39:23'),(187,'income',1,60.00,'2025-08-04 18:44:01','Sales Transaction','TXN202508040057',1,NULL,'POS Sale',NULL,'Cashier','2025-08-04 10:44:02','2025-08-04 10:44:02'),(188,'income',1,24.75,'2025-08-04 18:44:39','Sales Transaction','TXN202508040058',1,NULL,'POS Sale',NULL,'Cashier','2025-08-04 10:44:39','2025-08-04 10:44:39'),(189,'income',1,30.00,'2025-08-04 18:47:15','Sales Transaction','TXN202508040059',1,NULL,'POS Sale',NULL,'Cashier','2025-08-04 10:47:15','2025-08-04 10:47:15'),(190,'income',1,260.00,'2025-08-04 18:50:37','Sales Transaction','OFF-1754304637002',1,NULL,'POS Sale',NULL,'Cashier','2025-08-04 10:50:37','2025-08-04 10:50:37'),(191,'income',1,15.00,'2025-08-04 18:52:52','Sales Transaction','OFF-1754304772551',1,NULL,'POS Sale',NULL,'Cashier','2025-08-04 10:52:53','2025-08-04 10:52:53'),(192,'income',1,120.00,'2025-08-04 18:53:42','Sales Transaction','OFF-1754304822878',1,NULL,'POS Sale',NULL,'Cashier','2025-08-04 10:53:43','2025-08-04 10:53:43'),(193,'income',1,25.00,'2025-08-04 18:53:48','Sales Transaction','OFF-1754304828672',1,NULL,'POS Sale',NULL,'Cashier','2025-08-04 10:53:49','2025-08-04 10:53:49'),(194,'income',1,195.00,'2025-08-04 19:14:07','Sales Transaction','TXN202508040065',1,NULL,'POS Sale',NULL,'Cashier','2025-08-04 11:14:08','2025-08-04 11:14:08'),(195,'income',1,20.00,'2025-08-04 19:14:55','Sales Transaction','TXN202508040066',1,NULL,'POS Sale',NULL,'Cashier','2025-08-04 11:14:55','2025-08-04 11:14:55'),(196,'income',1,50.00,'2025-08-04 19:17:12','Sales Transaction','TXN202508040067',1,NULL,'POS Sale',NULL,'Cashier','2025-08-04 11:17:12','2025-08-04 11:17:12'),(197,'expense',15,105.00,'2025-08-04 19:19:55','Jake - Advances','EXP202508040003',1,NULL,'Auto-created from expense management system',NULL,NULL,'2025-08-04 11:20:03','2025-08-04 11:20:03'),(198,'income',1,470.00,'2025-08-04 21:32:11','Sales Transaction','TXN202508040068',1,NULL,'POS Sale',NULL,'ManokTok','2025-08-04 13:32:12','2025-08-04 13:32:12'),(199,'expense',19,65.00,'2025-08-05 05:53:36','Bran - Allowance bf','EXP202508050001',1,NULL,'Auto-created from expense management system',NULL,NULL,'2025-08-04 21:54:18','2025-08-04 21:54:18'),(200,'expense',13,250.00,'2025-08-05 06:08:11','Rice - KG','EXP202508050002',1,NULL,'Auto-created from expense management system',NULL,NULL,'2025-08-04 22:08:18','2025-08-04 22:08:18'),(201,'expense',1,749.75,'2025-08-05 06:21:42','Adjustments',NULL,1,NULL,'',NULL,'ManokTok','2025-08-04 22:21:43','2025-08-04 22:21:43'),(202,'income',1,30.00,'2025-08-05 09:51:44','Sales Transaction','TXN202508050001',1,NULL,'POS Sale',NULL,'Cashier','2025-08-05 01:51:45','2025-08-05 01:51:45'),(203,'income',1,125.00,'2025-08-05 10:14:28','Sales Transaction','TXN202508050002',1,NULL,'POS Sale',NULL,'Cashier','2025-08-05 02:14:29','2025-08-05 02:14:29'),(204,'expense',13,132.00,'2025-08-05 10:14:34','Flour - KG','EXP202508050003',1,NULL,'Auto-created from expense management system',NULL,NULL,'2025-08-05 02:14:40','2025-08-05 02:14:40'),(205,'income',1,60.00,'2025-08-05 10:16:51','Sales Transaction','TXN202508050003',1,NULL,'POS Sale',NULL,'Cashier','2025-08-05 02:16:52','2025-08-05 02:16:52'),(206,'income',1,80.00,'2025-08-05 10:33:27','Sales Transaction','TXN202508050004',1,NULL,'POS Sale',NULL,'Cashier','2025-08-05 02:33:28','2025-08-05 02:33:28'),(207,'income',1,30.00,'2025-08-05 10:34:00','Sales Transaction','TXN202508050005',1,NULL,'POS Sale',NULL,'Cashier','2025-08-05 02:34:00','2025-08-05 02:34:00'),(208,'income',1,40.00,'2025-08-05 10:44:20','Sales Transaction','TXN202508050006',1,NULL,'POS Sale',NULL,'Cashier','2025-08-05 02:44:21','2025-08-05 02:44:21'),(209,'expense',1,20.00,'2025-08-05 10:50:23','Supplies - Packaging','EXP202508050004',1,NULL,'Auto-created from expense management system',NULL,NULL,'2025-08-05 02:50:41','2025-08-05 02:50:41'),(210,'expense',15,63.00,'2025-08-05 10:50:47','Jake - Advances','EXP202508050005',1,NULL,'Auto-created from expense management system',NULL,NULL,'2025-08-05 02:50:54','2025-08-05 02:50:54'),(211,'income',1,20.00,'2025-08-05 10:59:24','Sales Transaction','TXN202508050007',1,NULL,'POS Sale',NULL,'Cashier','2025-08-05 02:59:25','2025-08-05 02:59:25'),(212,'income',1,25.00,'2025-08-05 11:22:11','Sales Transaction','TXN202508050008',1,NULL,'POS Sale',NULL,'Cashier','2025-08-05 03:22:12','2025-08-05 03:22:12'),(213,'income',1,30.00,'2025-08-05 11:22:17','Sales Transaction','TXN202508050009',1,NULL,'POS Sale',NULL,'Cashier','2025-08-05 03:22:18','2025-08-05 03:22:18'),(214,'income',1,30.00,'2025-08-05 11:23:42','Sales Transaction','TXN202508050010',1,NULL,'POS Sale',NULL,'Cashier','2025-08-05 03:23:43','2025-08-05 03:23:43'),(215,'income',1,30.00,'2025-08-05 11:36:31','Sales Transaction','TXN202508050011',1,NULL,'POS Sale',NULL,'Cashier','2025-08-05 03:36:31','2025-08-05 03:36:31'),(216,'income',1,80.00,'2025-08-05 11:40:42','Sales Transaction','TXN202508050012',1,NULL,'POS Sale',NULL,'Cashier','2025-08-05 03:40:43','2025-08-05 03:40:43'),(217,'income',1,75.00,'2025-08-05 11:43:52','Sales Transaction','TXN202508050013',3,NULL,'POS Sale',NULL,'Cashier','2025-08-05 03:43:53','2025-08-05 03:43:53'),(218,'income',1,165.00,'2025-08-05 11:52:11','Sales Transaction','TXN202508050014',1,NULL,'POS Sale',NULL,'Cashier','2025-08-05 03:52:12','2025-08-05 03:52:12'),(219,'income',1,30.00,'2025-08-05 11:52:23','Sales Transaction','TXN202508050015',1,NULL,'POS Sale',NULL,'Cashier','2025-08-05 03:52:24','2025-08-05 03:52:24'),(220,'income',1,240.00,'2025-08-05 11:54:55','Sales Transaction','TXN202508050016',1,NULL,'POS Sale',NULL,'Cashier','2025-08-05 03:54:55','2025-08-05 03:54:55'),(221,'income',1,110.00,'2025-08-05 11:58:32','Sales Transaction','TXN202508050017',1,NULL,'POS Sale',NULL,'Cashier','2025-08-05 03:58:34','2025-08-05 03:58:34'),(222,'income',1,30.00,'2025-08-05 12:00:19','Sales Transaction','TXN202508050018',1,NULL,'POS Sale',NULL,'Cashier','2025-08-05 04:00:20','2025-08-05 04:00:20'),(223,'income',1,50.00,'2025-08-05 12:03:23','Sales Transaction','TXN202508050019',1,NULL,'POS Sale',NULL,'Cashier','2025-08-05 04:03:23','2025-08-05 04:03:23'),(224,'income',1,15.00,'2025-08-05 12:06:38','Sales Transaction','TXN202508050020',1,NULL,'POS Sale',NULL,'Cashier','2025-08-05 04:06:39','2025-08-05 04:06:39'),(225,'income',1,90.00,'2025-08-05 12:09:33','Sales Transaction','TXN202508050021',1,NULL,'POS Sale',NULL,'Cashier','2025-08-05 04:09:34','2025-08-05 04:09:34'),(226,'income',1,150.00,'2025-08-05 12:12:15','Sales Transaction','TXN202508050022',1,NULL,'POS Sale',NULL,'Cashier','2025-08-05 04:12:15','2025-08-05 04:12:15'),(227,'income',1,110.00,'2025-08-05 12:14:00','Sales Transaction','TXN202508050023',1,NULL,'POS Sale',NULL,'Cashier','2025-08-05 04:14:01','2025-08-05 04:14:01'),(228,'income',1,60.00,'2025-08-05 12:26:32','Sales Transaction','TXN202508050024',1,NULL,'POS Sale',NULL,'Cashier','2025-08-05 04:26:33','2025-08-05 04:26:33'),(229,'income',1,20.00,'2025-08-05 12:26:36','Sales Transaction','TXN202508050025',1,NULL,'POS Sale',NULL,'Cashier','2025-08-05 04:26:37','2025-08-05 04:26:37'),(230,'income',1,55.00,'2025-08-05 12:33:52','Sales Transaction','TXN202508050026',1,NULL,'POS Sale',NULL,'Cashier','2025-08-05 04:33:53','2025-08-05 04:33:53'),(231,'expense',15,63.00,'2025-08-05 12:34:09','Jake - Advances','EXP202508050006',1,NULL,'Auto-created from expense management system',NULL,NULL,'2025-08-05 04:34:15','2025-08-05 04:34:15'),(232,'expense',15,232.00,'2025-08-05 12:36:01','Ots - Advances','EXP202508050007',1,NULL,'Auto-created from expense management system',NULL,NULL,'2025-08-05 04:36:07','2025-08-05 04:36:07'),(233,'income',1,30.00,'2025-08-05 12:36:51','Sales Transaction','TXN202508050027',1,NULL,'POS Sale',NULL,'Cashier','2025-08-05 04:36:52','2025-08-05 04:36:52'),(234,'income',1,30.00,'2025-08-05 12:39:05','Sales Transaction','TXN202508050028',1,NULL,'POS Sale',NULL,'Cashier','2025-08-05 04:39:06','2025-08-05 04:39:06'),(235,'income',1,15.00,'2025-08-05 12:41:18','Sales Transaction','TXN202508050029',1,NULL,'POS Sale',NULL,'Cashier','2025-08-05 04:41:19','2025-08-05 04:41:19'),(236,'income',1,70.00,'2025-08-05 12:43:42','Sales Transaction','TXN202508050030',1,NULL,'POS Sale',NULL,'Cashier','2025-08-05 04:43:42','2025-08-05 04:43:42'),(237,'income',1,40.00,'2025-08-05 12:50:01','Sales Transaction','TXN202508050031',1,NULL,'POS Sale',NULL,'Cashier','2025-08-05 04:50:03','2025-08-05 04:50:03'),(238,'income',1,30.00,'2025-08-05 13:03:57','Sales Transaction','TXN202508050032',1,NULL,'POS Sale',NULL,'Cashier','2025-08-05 05:03:58','2025-08-05 05:03:58'),(239,'income',1,55.00,'2025-08-05 13:33:52','Sales Transaction','TXN202508050033',1,NULL,'POS Sale',NULL,'Cashier','2025-08-05 05:33:53','2025-08-05 05:33:53'),(240,'income',1,45.00,'2025-08-05 14:01:44','Sales Transaction','TXN202508050034',1,NULL,'POS Sale',NULL,'Cashier','2025-08-05 06:01:45','2025-08-05 06:01:45'),(241,'expense',6,70.00,'2025-08-05 14:03:02','Delivery - E-Bike','EXP202508050008',1,NULL,'Auto-created from expense management system',NULL,NULL,'2025-08-05 06:03:08','2025-08-05 06:03:08'),(242,'income',1,40.00,'2025-08-05 14:12:09','Sales Transaction','TXN202508050035',1,NULL,'POS Sale',NULL,'Cashier','2025-08-05 06:12:10','2025-08-05 06:12:10'),(243,'income',1,150.00,'2025-08-05 15:11:04','Sales Transaction','TXN202508050036',1,NULL,'POS Sale',NULL,'Cashier','2025-08-05 07:11:05','2025-08-05 07:11:05'),(244,'income',1,75.00,'2025-08-05 15:11:29','Sales Transaction','TXN202508050037',1,NULL,'POS Sale',NULL,'Cashier','2025-08-05 07:11:32','2025-08-05 07:11:32'),(245,'income',1,100.00,'2025-08-05 15:34:38','Sales Transaction','TXN202508050038',1,NULL,'POS Sale',NULL,'Cashier','2025-08-05 07:34:39','2025-08-05 07:34:39'),(246,'income',1,60.00,'2025-08-05 16:14:55','Sales Transaction','TXN202508050039',1,NULL,'POS Sale',NULL,'Cashier','2025-08-05 08:14:56','2025-08-05 08:14:56'),(247,'income',1,30.00,'2025-08-05 16:25:33','Sales Transaction','TXN202508050040',1,NULL,'POS Sale',NULL,'Cashier','2025-08-05 08:25:34','2025-08-05 08:25:34'),(248,'income',1,255.00,'2025-08-05 16:26:09','Sales Transaction','TXN202508050041',3,NULL,'POS Sale',NULL,'ManokTok','2025-08-05 08:26:09','2025-08-05 08:26:09'),(249,'income',1,30.00,'2025-08-05 16:41:42','Sales Transaction','TXN202508050042',1,NULL,'POS Sale',NULL,'Cashier','2025-08-05 08:41:43','2025-08-05 08:41:43'),(250,'income',1,20.00,'2025-08-05 16:41:48','Sales Transaction','TXN202508050043',1,NULL,'POS Sale',NULL,'Cashier','2025-08-05 08:41:49','2025-08-05 08:41:49'),(251,'expense',15,31.00,'2025-08-05 16:41:55','Jake - Advances','EXP202508050009',1,NULL,'Auto-created from expense management system',NULL,NULL,'2025-08-05 08:42:03','2025-08-05 08:42:03'),(252,'income',1,40.00,'2025-08-05 17:25:37','Sales Transaction','TXN202508050044',1,NULL,'POS Sale',NULL,'Cashier','2025-08-05 09:25:38','2025-08-05 09:25:38'),(253,'income',1,20.00,'2025-08-05 17:25:51','Sales Transaction','TXN202508050045',1,NULL,'POS Sale',NULL,'Cashier','2025-08-05 09:25:52','2025-08-05 09:25:52'),(254,'income',1,40.00,'2025-08-05 17:31:24','Sales Transaction','TXN202508050046',1,NULL,'POS Sale',NULL,'Cashier','2025-08-05 09:31:25','2025-08-05 09:31:25'),(255,'income',1,40.00,'2025-08-05 17:31:35','Sales Transaction','TXN202508050047',1,NULL,'POS Sale',NULL,'Cashier','2025-08-05 09:31:36','2025-08-05 09:31:36'),(256,'income',3,850.00,'2025-08-05 00:00:00','Credit Settlement - Bea Apostol',NULL,3,NULL,'Credit Payment',NULL,'kbecR5EMZmdJGKAuSW0HmtIpGvK2','2025-08-05 09:36:00','2025-08-05 09:36:00'),(257,'income',1,50.00,'2025-08-05 17:36:10','Sales Transaction','TXN202508050048',1,NULL,'POS Sale',NULL,'Cashier','2025-08-05 09:36:11','2025-08-05 09:36:11'),(258,'income',1,30.00,'2025-08-05 17:53:16','Sales Transaction','TXN202508050049',1,NULL,'POS Sale',NULL,'Cashier','2025-08-05 09:53:17','2025-08-05 09:53:17'),(259,'income',1,50.00,'2025-08-05 18:05:44','Sales Transaction','TXN202508050050',1,NULL,'POS Sale',NULL,'Cashier','2025-08-05 10:05:44','2025-08-05 10:05:44'),(260,'expense',15,20.00,'2025-08-05 18:05:57','Jake - Advances','EXP202508050010',1,NULL,'Auto-created from expense management system',NULL,NULL,'2025-08-05 10:06:03','2025-08-05 10:06:03'),(261,'income',1,160.00,'2025-08-05 18:13:18','Sales Transaction','TXN202508050051',1,NULL,'POS Sale',NULL,'Cashier','2025-08-05 10:13:19','2025-08-05 10:13:19'),(262,'income',1,30.00,'2025-08-05 18:26:48','Sales Transaction','TXN202508050052',1,NULL,'POS Sale',NULL,'Cashier','2025-08-05 10:26:49','2025-08-05 10:26:49'),(263,'income',1,15.00,'2025-08-05 18:30:12','Sales Transaction','TXN202508050053',1,NULL,'POS Sale',NULL,'Cashier','2025-08-05 10:30:13','2025-08-05 10:30:13'),(264,'income',1,100.00,'2025-08-05 18:30:19','Sales Transaction','TXN202508050054',1,NULL,'POS Sale',NULL,'Cashier','2025-08-05 10:30:20','2025-08-05 10:30:20'),(265,'income',1,180.00,'2025-08-05 18:44:14','Sales Transaction','TXN202508050055',1,NULL,'POS Sale',NULL,'Cashier','2025-08-05 10:44:15','2025-08-05 10:44:15'),(266,'income',1,45.00,'2025-08-05 18:48:25','Sales Transaction','TXN202508050056',1,NULL,'POS Sale',NULL,'Cashier','2025-08-05 10:48:26','2025-08-05 10:48:26'),(267,'income',1,30.00,'2025-08-05 18:48:33','Sales Transaction','TXN202508050057',1,NULL,'POS Sale',NULL,'Cashier','2025-08-05 10:48:34','2025-08-05 10:48:34'),(268,'income',1,90.00,'2025-08-05 18:50:05','Sales Transaction','TXN202508050058',1,NULL,'POS Sale',NULL,'Cashier','2025-08-05 10:50:06','2025-08-05 10:50:06'),(269,'income',1,30.00,'2025-08-05 19:34:53','Sales Transaction','TXN202508050059',1,NULL,'POS Sale',NULL,'Cashier','2025-08-05 11:34:54','2025-08-05 11:34:54'),(270,'income',1,100.00,'2025-08-05 20:00:33','Sales Transaction','TXN202508050060',1,NULL,'POS Sale',NULL,'Cashier','2025-08-05 12:00:34','2025-08-05 12:00:34'),(271,'expense',15,100.00,'2025-08-05 20:35:35','Jake - Advances','EXP202508050011',1,NULL,'Auto-created from expense management system',NULL,NULL,'2025-08-05 12:35:41','2025-08-05 12:35:41'),(272,'expense',19,70.00,'2025-08-06 06:15:43','Bran - Allowance bf','EXP202508060001',1,NULL,'Auto-created from expense management system',NULL,NULL,'2025-08-05 22:16:51','2025-08-05 22:16:51'),(273,'expense',19,180.00,'2025-08-06 08:51:11','Bran - Allowance','EXP202508060002',1,NULL,'Auto-created from expense management system',NULL,NULL,'2025-08-06 00:52:57','2025-08-06 00:52:57'),(274,'expense',18,200.00,'2025-08-06 09:10:12','Meals - House','EXP202508060003',1,NULL,'Auto-created from expense management system [VOIDED: ]',NULL,NULL,'2025-08-06 01:10:21','2025-08-06 03:10:28'),(275,'income',1,150.00,'2025-08-06 09:22:53','Sales Transaction','TXN202508060001',1,NULL,'POS Sale',NULL,'Cashier','2025-08-06 01:22:54','2025-08-06 01:22:54'),(276,'income',1,60.00,'2025-08-06 09:43:55','Sales Transaction','TXN202508060002',1,NULL,'POS Sale',NULL,'Cashier','2025-08-06 01:43:56','2025-08-06 01:43:56'),(277,'income',1,50.00,'2025-08-06 09:51:44','Sales Transaction','TXN202508060003',1,NULL,'POS Sale',NULL,'Cashier','2025-08-06 01:51:45','2025-08-06 01:51:45'),(278,'expense',13,132.00,'2025-08-06 09:59:28','Flour - KG','EXP202508060004',1,NULL,'Auto-created from expense management system',NULL,NULL,'2025-08-06 01:59:34','2025-08-06 01:59:34'),(279,'expense',1,20.00,'2025-08-06 09:59:40','Supplies - Packaging','EXP202508060005',1,NULL,'Auto-created from expense management system',NULL,NULL,'2025-08-06 01:59:45','2025-08-06 01:59:45'),(280,'income',1,130.00,'2025-08-06 10:16:11','Sales Transaction','TXN202508060004',1,NULL,'POS Sale',NULL,'Cashier','2025-08-06 02:16:11','2025-08-06 02:16:11'),(281,'income',1,120.00,'2025-08-06 10:27:56','Sales Transaction','TXN202508060005',1,NULL,'POS Sale',NULL,'Cashier','2025-08-06 02:27:57','2025-08-06 02:27:57'),(282,'income',1,60.00,'2025-08-06 10:29:02','Sales Transaction','TXN202508060006',1,NULL,'POS Sale',NULL,'Cashier','2025-08-06 02:29:02','2025-08-06 02:29:02'),(283,'expense',19,150.00,'2025-08-06 10:32:43','Water - Drinking','EXP202508060006',1,NULL,'Auto-created from expense management system',NULL,NULL,'2025-08-06 02:32:56','2025-08-06 02:32:56'),(284,'income',1,125.00,'2025-08-06 10:48:48','Sales Transaction','TXN202508060007',1,NULL,'POS Sale',NULL,'Cashier','2025-08-06 02:48:48','2025-08-06 02:48:48'),(285,'income',1,60.00,'2025-08-06 10:55:19','Sales Transaction','TXN202508060008',1,NULL,'POS Sale',NULL,'Cashier','2025-08-06 02:55:20','2025-08-06 02:55:20'),(286,'income',1,30.00,'2025-08-06 10:55:24','Sales Transaction','TXN202508060009',1,NULL,'POS Sale',NULL,'Cashier','2025-08-06 02:55:25','2025-08-06 02:55:25'),(287,'income',1,45.00,'2025-08-06 10:55:41','Sales Transaction','TXN202508060010',1,NULL,'POS Sale',NULL,'Cashier','2025-08-06 02:55:42','2025-08-06 02:55:42'),(288,'income',1,15.00,'2025-08-06 11:06:45','Sales Transaction','TXN202508060011',1,NULL,'POS Sale',NULL,'Cashier','2025-08-06 03:06:46','2025-08-06 03:06:46'),(289,'income',1,15.00,'2025-08-06 11:07:03','Sales Transaction','TXN202508060012',1,NULL,'POS Sale',NULL,'Cashier','2025-08-06 03:07:03','2025-08-06 03:07:03'),(290,'income',4,200.00,'2025-08-05 00:00:00','Expense Void Reversal: Meals - House','EXP202508060003-VOID',1,NULL,'Auto-created reversal for voided expense: ',NULL,NULL,'2025-08-06 03:10:28','2025-08-06 03:10:28'),(291,'expense',19,100.00,'2025-08-06 11:14:12','Fish & Veg - Cash','EXP202508060007',1,NULL,'Auto-created from expense management system',NULL,NULL,'2025-08-06 03:14:28','2025-08-06 03:14:28'),(292,'expense',18,100.00,'2025-08-06 11:14:56','Meals - House','EXP202508060008',1,NULL,'Auto-created from expense management system',NULL,NULL,'2025-08-06 03:15:03','2025-08-06 03:15:03'),(293,'expense',15,200.00,'2025-08-06 11:15:18','Jake - Advances','EXP202508060009',1,NULL,'Auto-created from expense management system',NULL,NULL,'2025-08-06 03:15:23','2025-08-06 03:15:23'),(294,'income',1,15.00,'2025-08-06 11:15:34','Sales Transaction','TXN202508060013',1,NULL,'POS Sale',NULL,'Cashier','2025-08-06 03:15:35','2025-08-06 03:15:35'),(295,'income',1,80.00,'2025-08-06 11:17:16','Sales Transaction','TXN202508060014',1,NULL,'POS Sale',NULL,'Cashier','2025-08-06 03:17:17','2025-08-06 03:17:17'),(296,'income',1,30.00,'2025-08-06 11:21:06','Sales Transaction','TXN202508060015',1,NULL,'POS Sale',NULL,'Cashier','2025-08-06 03:21:07','2025-08-06 03:21:07'),(297,'income',1,100.00,'2025-08-06 11:31:45','Sales Transaction','TXN202508060016',1,NULL,'POS Sale',NULL,'Cashier','2025-08-06 03:31:45','2025-08-06 03:31:45'),(298,'income',1,175.00,'2025-08-06 11:39:34','Sales Transaction','TXN202508060017',1,NULL,'POS Sale',NULL,'Cashier','2025-08-06 03:39:35','2025-08-06 03:39:35'),(299,'income',1,30.00,'2025-08-06 11:39:41','Sales Transaction','TXN202508060018',1,NULL,'POS Sale',NULL,'Cashier','2025-08-06 03:39:42','2025-08-06 03:39:42'),(300,'income',1,15.00,'2025-08-06 11:44:06','Sales Transaction','TXN202508060019',1,NULL,'POS Sale',NULL,'Cashier','2025-08-06 03:44:07','2025-08-06 03:44:07'),(301,'income',1,85.00,'2025-08-06 11:52:05','Sales Transaction','TXN202508060020',1,NULL,'POS Sale',NULL,'Cashier','2025-08-06 03:52:06','2025-08-06 03:52:06'),(302,'income',1,45.00,'2025-08-06 11:53:58','Sales Transaction','TXN202508060021',1,NULL,'POS Sale',NULL,'Cashier','2025-08-06 03:53:59','2025-08-06 03:53:59'),(303,'income',1,30.00,'2025-08-06 11:58:00','Sales Transaction','TXN202508060022',1,NULL,'POS Sale',NULL,'Cashier','2025-08-06 03:58:01','2025-08-06 03:58:01'),(304,'income',1,30.00,'2025-08-06 11:58:06','Sales Transaction','TXN202508060023',1,NULL,'POS Sale',NULL,'Cashier','2025-08-06 03:58:07','2025-08-06 03:58:07'),(305,'income',1,30.00,'2025-08-06 11:58:11','Sales Transaction','TXN202508060024',1,NULL,'POS Sale',NULL,'Cashier','2025-08-06 03:58:12','2025-08-06 03:58:12'),(306,'income',1,55.00,'2025-08-06 11:58:45','Sales Transaction','TXN202508060025',1,NULL,'POS Sale',NULL,'Cashier','2025-08-06 03:58:46','2025-08-06 03:58:46'),(307,'income',1,70.00,'2025-08-06 12:04:31','Sales Transaction','TXN202508060026',1,NULL,'POS Sale',NULL,'Cashier','2025-08-06 04:04:32','2025-08-06 04:04:32'),(308,'income',1,45.00,'2025-08-06 12:04:38','Sales Transaction','TXN202508060027',1,NULL,'POS Sale',NULL,'Cashier','2025-08-06 04:04:39','2025-08-06 04:04:39'),(309,'income',1,45.00,'2025-08-06 12:05:28','Sales Transaction','TXN202508060028',1,NULL,'POS Sale',NULL,'Cashier','2025-08-06 04:05:28','2025-08-06 04:05:28'),(310,'income',1,20.00,'2025-08-06 12:10:55','Sales Transaction','TXN202508060029',1,NULL,'POS Sale',NULL,'Cashier','2025-08-06 04:10:56','2025-08-06 04:10:56'),(311,'income',1,100.00,'2025-08-06 12:16:22','Sales Transaction','TXN202508060030',1,NULL,'POS Sale',NULL,'Cashier','2025-08-06 04:16:23','2025-08-06 04:16:23'),(312,'income',1,50.00,'2025-08-06 12:16:54','Sales Transaction','TXN202508060031',1,NULL,'POS Sale',NULL,'Cashier','2025-08-06 04:16:55','2025-08-06 04:16:55'),(313,'income',1,75.00,'2025-08-06 12:20:27','Sales Transaction','TXN202508060032',1,NULL,'POS Sale',NULL,'Cashier','2025-08-06 04:20:28','2025-08-06 04:20:28'),(314,'income',1,35.00,'2025-08-06 12:28:15','Sales Transaction','TXN202508060033',1,NULL,'POS Sale',NULL,'Cashier','2025-08-06 04:28:15','2025-08-06 04:28:15'),(315,'income',1,45.00,'2025-08-06 12:31:37','Sales Transaction','TXN202508060034',1,NULL,'POS Sale',NULL,'Cashier','2025-08-06 04:31:38','2025-08-06 04:31:38'),(316,'income',1,50.00,'2025-08-06 12:43:59','Sales Transaction','TXN202508060035',1,NULL,'POS Sale',NULL,'Cashier','2025-08-06 04:43:59','2025-08-06 04:43:59'),(317,'income',1,30.00,'2025-08-06 12:44:04','Sales Transaction','TXN202508060036',1,NULL,'POS Sale',NULL,'Cashier','2025-08-06 04:44:05','2025-08-06 04:44:05'),(318,'income',1,60.00,'2025-08-06 12:45:36','Sales Transaction','TXN202508060037',1,NULL,'POS Sale',NULL,'Cashier','2025-08-06 04:45:37','2025-08-06 04:45:37'),(319,'income',1,60.00,'2025-08-06 12:54:25','Sales Transaction','TXN202508060038',1,NULL,'POS Sale',NULL,'Cashier','2025-08-06 04:54:26','2025-08-06 04:54:26'),(320,'income',1,30.00,'2025-08-06 13:01:08','Sales Transaction','TXN202508060039',1,NULL,'POS Sale',NULL,'Cashier','2025-08-06 05:01:09','2025-08-06 05:01:09'),(321,'income',1,30.00,'2025-08-06 13:01:15','Sales Transaction','TXN202508060040',1,NULL,'POS Sale',NULL,'Cashier','2025-08-06 05:01:16','2025-08-06 05:01:16'),(322,'income',1,50.00,'2025-08-06 13:02:27','Sales Transaction','TXN202508060041',1,NULL,'POS Sale',NULL,'Cashier','2025-08-06 05:02:28','2025-08-06 05:02:28'),(323,'income',1,50.00,'2025-08-06 13:09:58','Sales Transaction','TXN202508060042',1,NULL,'POS Sale',NULL,'Cashier','2025-08-06 05:09:59','2025-08-06 05:09:59'),(324,'income',1,45.00,'2025-08-06 13:25:17','Sales Transaction','TXN202508060043',1,NULL,'POS Sale',NULL,'Cashier','2025-08-06 05:25:18','2025-08-06 05:25:18'),(325,'expense',6,30.00,'2025-08-06 13:44:13','Delivery - E-Bike','EXP202508060010',1,NULL,'Auto-created from expense management system',NULL,NULL,'2025-08-06 05:44:21','2025-08-06 05:44:21'),(326,'income',1,30.00,'2025-08-06 14:14:23','Sales Transaction','TXN202508060044',1,NULL,'POS Sale',NULL,'Cashier','2025-08-06 06:14:24','2025-08-06 06:14:24'),(327,'income',1,45.00,'2025-08-06 14:31:57','Sales Transaction','TXN202508060045',1,NULL,'POS Sale',NULL,'Cashier','2025-08-06 06:31:58','2025-08-06 06:31:58'),(328,'income',1,30.00,'2025-08-06 14:45:49','Sales Transaction','TXN202508060046',1,NULL,'POS Sale',NULL,'Cashier','2025-08-06 06:45:50','2025-08-06 06:45:50'),(329,'income',1,30.00,'2025-08-06 14:46:01','Sales Transaction','TXN202508060047',1,NULL,'POS Sale',NULL,'Cashier','2025-08-06 06:46:02','2025-08-06 06:46:02'),(330,'income',1,100.00,'2025-08-06 16:23:24','Sales Transaction','TXN202508060048',1,NULL,'POS Sale',NULL,'Cashier','2025-08-06 08:23:25','2025-08-06 08:23:25'),(331,'income',1,50.00,'2025-08-06 16:23:34','Sales Transaction','TXN202508060049',1,NULL,'POS Sale',NULL,'Cashier','2025-08-06 08:23:35','2025-08-06 08:23:35'),(332,'income',1,30.00,'2025-08-06 16:31:59','Sales Transaction','TXN202508060050',1,NULL,'POS Sale',NULL,'Cashier','2025-08-06 08:32:00','2025-08-06 08:32:00'),(333,'income',1,15.00,'2025-08-06 17:15:45','Sales Transaction','TXN202508060051',1,NULL,'POS Sale',NULL,'Cashier','2025-08-06 09:15:46','2025-08-06 09:15:46'),(334,'income',1,40.00,'2025-08-06 17:15:57','Sales Transaction','TXN202508060052',1,NULL,'POS Sale',NULL,'Cashier','2025-08-06 09:15:58','2025-08-06 09:15:58'),(335,'income',1,30.00,'2025-08-06 17:36:51','Sales Transaction','TXN202508060055',1,NULL,'POS Sale',NULL,'Cashier','2025-08-06 09:36:52','2025-08-06 09:36:52'),(336,'income',1,220.00,'2025-08-06 17:41:13','Sales Transaction','TXN202508060056',1,NULL,'POS Sale',NULL,'Cashier','2025-08-06 09:41:14','2025-08-06 09:41:14'),(337,'expense',19,70.00,'2025-08-06 20:05:04','Gasul - Transpo','EXP202508060011',1,NULL,'Auto-created from expense management system',NULL,NULL,'2025-08-06 12:12:46','2025-08-06 12:12:46'),(338,'expense',13,3150.00,'2025-08-06 20:06:36','Purchases - Poultry','EXP202508060012',1,NULL,'Auto-created from expense management system',NULL,NULL,'2025-08-06 12:12:47','2025-08-06 12:12:47'),(339,'income',1,1150.00,'2025-08-06 20:32:30','Transfer',NULL,3,NULL,'',NULL,'ManokTok','2025-08-06 12:32:31','2025-08-06 12:32:31'),(340,'expense',1,1150.00,'2025-08-06 20:32:47','Transfer',NULL,1,NULL,'',NULL,'ManokTok','2025-08-06 12:32:48','2025-08-06 12:32:48'),(341,'income',1,4.00,'2025-08-06 20:44:19','Adjust',NULL,3,NULL,'',NULL,'ManokTok','2025-08-06 12:44:20','2025-08-06 12:44:20'),(342,'expense',15,20.00,'2025-08-06 17:51:37','Jake - Advances','EXP202508060013',1,NULL,'Auto-created from expense management system',NULL,NULL,'2025-08-06 15:04:18','2025-08-06 15:04:18'),(343,'expense',13,250.00,'2025-08-07 06:50:36','Rice - KG','EXP202508070001',1,NULL,'Auto-created from expense management system',NULL,NULL,'2025-08-06 22:50:46','2025-08-06 22:50:46'),(344,'expense',19,180.00,'2025-08-07 07:15:42','Bran - Allowance','EXP202508070002',1,NULL,'Auto-created from expense management system',NULL,NULL,'2025-08-06 23:15:50','2025-08-06 23:15:50'),(345,'income',1,45.00,'2025-08-07 09:44:52','Sales Transaction','TXN202508070001',1,NULL,'POS Sale',NULL,'Cashier','2025-08-07 01:44:52','2025-08-07 01:44:52'),(346,'income',1,40.00,'2025-08-07 09:51:17','Sales Transaction','TXN202508070002',1,NULL,'POS Sale',NULL,'Cashier','2025-08-07 01:51:18','2025-08-07 01:51:18'),(347,'income',1,20.00,'2025-08-07 10:14:50','Sales Transaction','TXN202508070003',1,NULL,'POS Sale',NULL,'Cashier','2025-08-07 02:14:51','2025-08-07 02:14:51'),(348,'income',1,110.00,'2025-08-07 10:14:59','Sales Transaction','TXN202508070004',1,NULL,'POS Sale',NULL,'Cashier','2025-08-07 02:15:00','2025-08-07 02:15:00'),(349,'income',1,45.00,'2025-08-07 10:15:13','Sales Transaction','TXN202508070005',1,NULL,'POS Sale',NULL,'Cashier','2025-08-07 02:15:13','2025-08-07 02:15:13'),(350,'expense',1,30.00,'2025-08-07 10:21:06','Supplies - Packaging','EXP202508070003',1,NULL,'Auto-created from expense management system',NULL,NULL,'2025-08-07 02:21:23','2025-08-07 02:21:23'),(351,'income',1,20.00,'2025-08-07 10:26:12','Sales Transaction','TXN202508070006',1,NULL,'POS Sale',NULL,'Cashier','2025-08-07 02:26:13','2025-08-07 02:26:13'),(352,'income',1,50.00,'2025-08-07 10:33:37','Sales Transaction','TXN202508070007',1,NULL,'POS Sale',NULL,'Cashier','2025-08-07 02:33:38','2025-08-07 02:33:38'),(353,'income',1,60.00,'2025-08-07 10:34:24','Sales Transaction','TXN202508070008',1,NULL,'POS Sale',NULL,'Cashier','2025-08-07 02:34:25','2025-08-07 02:34:25'),(354,'income',1,70.00,'2025-08-07 10:34:58','Sales Transaction','TXN202508070009',1,NULL,'POS Sale',NULL,'Cashier','2025-08-07 02:34:59','2025-08-07 02:34:59'),(355,'income',1,60.00,'2025-08-07 10:53:26','Sales Transaction','TXN202508070010',1,NULL,'POS Sale',NULL,'Cashier','2025-08-07 02:53:27','2025-08-07 02:53:27'),(356,'income',1,40.00,'2025-08-07 11:00:27','Sales Transaction','TXN202508070011',1,NULL,'POS Sale',NULL,'Cashier','2025-08-07 03:00:28','2025-08-07 03:00:28'),(357,'income',1,30.00,'2025-08-07 11:02:17','Sales Transaction','TXN202508070012',1,NULL,'POS Sale',NULL,'Cashier','2025-08-07 03:02:18','2025-08-07 03:02:18'),(358,'income',1,15.00,'2025-08-07 11:02:43','Sales Transaction','TXN202508070013',1,NULL,'POS Sale',NULL,'Cashier','2025-08-07 03:02:45','2025-08-07 03:02:45'),(359,'income',1,110.00,'2025-08-07 11:04:13','Sales Transaction','TXN202508070014',1,NULL,'POS Sale',NULL,'Cashier','2025-08-07 03:04:14','2025-08-07 03:04:14'),(360,'income',1,30.00,'2025-08-07 11:05:44','Sales Transaction','TXN202508070015',1,NULL,'POS Sale',NULL,'Cashier','2025-08-07 03:05:44','2025-08-07 03:05:44'),(361,'income',1,30.00,'2025-08-07 11:06:42','Sales Transaction','TXN202508070016',1,NULL,'POS Sale',NULL,'Cashier','2025-08-07 03:06:43','2025-08-07 03:06:43'),(362,'income',1,40.00,'2025-08-07 11:08:16','Sales Transaction','TXN202508070017',1,NULL,'POS Sale',NULL,'Cashier','2025-08-07 03:08:16','2025-08-07 03:08:16'),(363,'income',1,45.00,'2025-08-07 11:19:23','Sales Transaction','TXN202508070018',1,NULL,'POS Sale',NULL,'Cashier','2025-08-07 03:19:24','2025-08-07 03:19:24'),(364,'income',1,15.00,'2025-08-07 11:19:36','Sales Transaction','TXN202508070019',1,NULL,'POS Sale',NULL,'Cashier','2025-08-07 03:19:36','2025-08-07 03:19:36'),(365,'income',1,30.00,'2025-08-07 11:19:40','Sales Transaction','TXN202508070020',1,NULL,'POS Sale',NULL,'Cashier','2025-08-07 03:19:41','2025-08-07 03:19:41'),(366,'income',1,105.00,'2025-08-07 11:32:05','Sales Transaction','TXN202508070021',1,NULL,'POS Sale',NULL,'Cashier','2025-08-07 03:32:06','2025-08-07 03:32:06'),(367,'income',1,60.00,'2025-08-07 11:35:21','Sales Transaction','TXN202508070022',1,NULL,'POS Sale',NULL,'Cashier','2025-08-07 03:35:21','2025-08-07 03:35:21'),(368,'income',1,105.00,'2025-08-07 11:35:30','Sales Transaction','TXN202508070023',1,NULL,'POS Sale',NULL,'Cashier','2025-08-07 03:35:31','2025-08-07 03:35:31'),(369,'income',1,45.00,'2025-08-07 11:39:43','Sales Transaction','TXN202508070024',1,NULL,'POS Sale',NULL,'Cashier','2025-08-07 03:39:44','2025-08-07 03:39:44'),(370,'income',1,40.00,'2025-08-07 11:44:18','Sales Transaction','TXN202508070025',1,NULL,'POS Sale',NULL,'Cashier','2025-08-07 03:44:19','2025-08-07 03:44:19'),(371,'income',1,60.00,'2025-08-07 11:47:41','Sales Transaction','TXN202508070026',1,NULL,'POS Sale',NULL,'Cashier','2025-08-07 03:47:42','2025-08-07 03:47:42'),(372,'income',1,20.00,'2025-08-07 11:51:04','Sales Transaction','TXN202508070027',1,NULL,'POS Sale',NULL,'Cashier','2025-08-07 03:51:05','2025-08-07 03:51:05'),(373,'income',1,90.00,'2025-08-07 11:56:26','Sales Transaction','TXN202508070028',1,NULL,'POS Sale',NULL,'Cashier','2025-08-07 03:56:27','2025-08-07 03:56:27'),(374,'income',1,20.00,'2025-08-07 11:58:05','Sales Transaction','TXN202508070029',1,NULL,'POS Sale',NULL,'Cashier','2025-08-07 03:58:06','2025-08-07 03:58:06'),(375,'income',1,60.00,'2025-08-07 11:59:06','Sales Transaction','TXN202508070030',1,NULL,'POS Sale',NULL,'Cashier','2025-08-07 03:59:07','2025-08-07 03:59:07'),(376,'income',1,80.00,'2025-08-07 12:07:32','Sales Transaction','TXN202508070031',1,NULL,'POS Sale',NULL,'Cashier','2025-08-07 04:07:33','2025-08-07 04:07:33'),(377,'income',1,55.00,'2025-08-07 12:09:50','Sales Transaction','TXN202508070032',1,NULL,'POS Sale',NULL,'Cashier','2025-08-07 04:09:51','2025-08-07 04:09:51'),(378,'income',1,55.00,'2025-08-07 12:12:40','Sales Transaction','TXN202508070033',1,NULL,'POS Sale',NULL,'Cashier','2025-08-07 04:12:41','2025-08-07 04:12:41'),(379,'income',1,30.00,'2025-08-07 12:33:35','Sales Transaction','TXN202508070034',1,NULL,'POS Sale',NULL,'Cashier','2025-08-07 04:33:36','2025-08-07 04:33:36'),(380,'income',1,30.00,'2025-08-07 12:33:43','Sales Transaction','TXN202508070035',1,NULL,'POS Sale',NULL,'Cashier','2025-08-07 04:33:43','2025-08-07 04:33:43'),(381,'income',1,45.00,'2025-08-07 12:35:33','Sales Transaction','TXN202508070036',1,NULL,'POS Sale',NULL,'Cashier','2025-08-07 04:35:34','2025-08-07 04:35:34'),(382,'income',1,30.00,'2025-08-07 12:36:52','Sales Transaction','TXN202508070037',1,NULL,'POS Sale',NULL,'Cashier','2025-08-07 04:36:53','2025-08-07 04:36:53'),(383,'income',1,30.00,'2025-08-07 12:57:24','Sales Transaction','TXN202508070038',1,NULL,'POS Sale',NULL,'Cashier','2025-08-07 04:57:25','2025-08-07 04:57:25'),(384,'income',1,20.00,'2025-08-07 13:00:14','Sales Transaction','TXN202508070039',1,NULL,'POS Sale',NULL,'Cashier','2025-08-07 05:00:15','2025-08-07 05:00:15'),(385,'income',1,30.00,'2025-08-07 13:00:20','Sales Transaction','TXN202508070040',1,NULL,'POS Sale',NULL,'Cashier','2025-08-07 05:00:21','2025-08-07 05:00:21'),(386,'income',1,45.00,'2025-08-07 13:02:44','Sales Transaction','TXN202508070041',1,NULL,'POS Sale',NULL,'Cashier','2025-08-07 05:02:45','2025-08-07 05:02:45'),(387,'income',1,90.00,'2025-08-07 13:13:26','Sales Transaction','TXN202508070042',1,NULL,'POS Sale',NULL,'Cashier','2025-08-07 05:13:27','2025-08-07 05:13:27'),(388,'income',1,60.00,'2025-08-07 13:13:34','Sales Transaction','TXN202508070043',1,NULL,'POS Sale',NULL,'Cashier','2025-08-07 05:13:35','2025-08-07 05:13:35'),(389,'expense',18,37.00,'2025-08-07 13:25:09','Meals - House','EXP202508070004',1,NULL,'Auto-created from expense management system',NULL,NULL,'2025-08-07 05:25:16','2025-08-07 05:25:16'),(390,'income',1,30.00,'2025-08-07 13:34:56','Sales Transaction','TXN202508070044',1,NULL,'POS Sale',NULL,'Cashier','2025-08-07 05:34:57','2025-08-07 05:34:57'),(391,'income',1,60.00,'2025-08-07 13:35:04','Sales Transaction','TXN202508070045',1,NULL,'POS Sale',NULL,'Cashier','2025-08-07 05:35:04','2025-08-07 05:35:04'),(392,'income',1,15.00,'2025-08-07 13:35:17','Sales Transaction','TXN202508070046',1,NULL,'POS Sale',NULL,'Cashier','2025-08-07 05:35:17','2025-08-07 05:35:17'),(393,'income',1,90.00,'2025-08-07 13:57:25','Sales Transaction','TXN202508070047',1,NULL,'POS Sale',NULL,'Cashier','2025-08-07 05:57:26','2025-08-07 05:57:26'),(394,'income',1,45.00,'2025-08-07 14:02:06','Sales Transaction','TXN202508070048',1,NULL,'POS Sale',NULL,'Cashier','2025-08-07 06:02:07','2025-08-07 06:02:07'),(395,'expense',6,70.00,'2025-08-07 14:14:24','Delivery - E-Bike','EXP202508070005',1,NULL,'Auto-created from expense management system',NULL,NULL,'2025-08-07 06:14:30','2025-08-07 06:14:30'),(396,'income',1,60.00,'2025-08-07 14:48:01','Sales Transaction','TXN202508070049',1,NULL,'POS Sale',NULL,'Cashier','2025-08-07 06:48:02','2025-08-07 06:48:02'),(397,'income',1,60.00,'2025-08-07 15:14:47','Sales Transaction','TXN202508070050',1,NULL,'POS Sale',NULL,'Cashier','2025-08-07 07:14:47','2025-08-07 07:14:47');

--
-- Table structure for table `MAN9234_cashier_counts`
--

CREATE TABLE `MAN9234_cashier_counts` (
  `count_id` bigint(20) NOT NULL AUTO_INCREMENT,
  `shift_id` bigint(20) NOT NULL,
  `count_type` enum('opening','closing','mid_shift') COLLATE utf8mb4_unicode_ci NOT NULL,
  `total_amount` decimal(10,2) NOT NULL,
  `counted_at` datetime NOT NULL,
  `created_at` timestamp NOT NULL DEFAULT CURRENT_TIMESTAMP,
  PRIMARY KEY (`count_id`),
  KEY `idx_shift_counts` (`shift_id`,`count_type`)
) ENGINE=InnoDB AUTO_INCREMENT=21 DEFAULT CHARSET=utf8mb4 COLLATE=utf8mb4_unicode_ci;

--
-- Dumping data for table `MAN9234_cashier_counts`
--

INSERT INTO `MAN9234_cashier_counts` VALUES (1,1,'opening',808.00,'2025-07-31 15:16:17','2025-07-31 22:16:17'),(2,1,'closing',4284.00,'2025-08-01 05:26:58','2025-08-01 12:26:58'),(3,2,'opening',100.00,'2025-08-01 07:09:25','2025-08-01 14:09:25'),(4,2,'closing',599.00,'2025-08-01 07:18:03','2025-08-01 14:18:03'),(5,3,'opening',1054.00,'2025-08-01 16:08:33','2025-08-01 23:08:33'),(6,4,'opening',1000.00,'2025-08-01 23:30:08','2025-08-02 06:30:08'),(7,3,'closing',2229.00,'2025-08-02 04:09:36','2025-08-02 11:09:36'),(8,4,'closing',1000.00,'2025-08-03 16:39:39','2025-08-03 23:39:39'),(9,5,'opening',0.01,'2025-08-03 16:51:01','2025-08-03 23:51:01'),(10,6,'opening',732.00,'2025-08-03 17:16:05','2025-08-04 00:16:05'),(11,6,'closing',4004.00,'2025-08-04 06:26:24','2025-08-04 13:26:24'),(12,7,'opening',1000.00,'2025-08-04 14:57:45','2025-08-04 21:57:45'),(13,5,'closing',1000.00,'2025-08-04 20:52:48','2025-08-05 03:52:48'),(14,8,'opening',0.01,'2025-08-04 21:35:51','2025-08-05 04:35:51'),(15,7,'closing',3796.00,'2025-08-05 05:39:00','2025-08-05 12:39:00'),(16,8,'closing',100.00,'2025-08-05 15:13:03','2025-08-05 22:13:03'),(17,9,'opening',872.00,'2025-08-05 15:16:22','2025-08-05 22:16:22'),(18,10,'opening',0.01,'2025-08-06 05:12:41','2025-08-06 12:12:41'),(19,9,'closing',4474.00,'2025-08-06 08:08:57','2025-08-06 15:08:57'),(20,11,'opening',1314.00,'2025-08-06 15:31:28','2025-08-06 22:31:28');

--
-- Table structure for table `MAN9234_cashier_denominations`
--

CREATE TABLE `MAN9234_cashier_denominations` (
  `denomination_id` bigint(20) NOT NULL AUTO_INCREMENT,
  `count_id` bigint(20) NOT NULL,
  `denomination_value` decimal(10,2) NOT NULL,
  `quantity` int(11) NOT NULL,
  `subtotal` decimal(10,2) NOT NULL,
  `created_at` timestamp NOT NULL DEFAULT CURRENT_TIMESTAMP,
  PRIMARY KEY (`denomination_id`),
  KEY `idx_count_denoms` (`count_id`)
) ENGINE=InnoDB AUTO_INCREMENT=87 DEFAULT CHARSET=utf8mb4 COLLATE=utf8mb4_unicode_ci;

--
-- Dumping data for table `MAN9234_cashier_denominations`
--

INSERT INTO `MAN9234_cashier_denominations` VALUES (1,1,1.00,3,3.00,'2025-07-31 22:16:17'),(2,1,5.00,15,75.00,'2025-07-31 22:16:17'),(3,1,10.00,13,130.00,'2025-07-31 22:16:17'),(4,1,50.00,4,200.00,'2025-07-31 22:16:17'),(5,1,100.00,4,400.00,'2025-07-31 22:16:17'),(6,2,1.00,4,4.00,'2025-08-01 12:26:58'),(7,2,5.00,2,10.00,'2025-08-01 12:26:58'),(8,2,10.00,2,20.00,'2025-08-01 12:26:58'),(9,2,50.00,3,150.00,'2025-08-01 12:26:58'),(10,2,100.00,1,100.00,'2025-08-01 12:26:58'),(11,2,500.00,2,1000.00,'2025-08-01 12:26:58'),(12,2,1000.00,3,3000.00,'2025-08-01 12:26:58'),(13,3,100.00,1,100.00,'2025-08-01 14:09:25'),(14,4,1.00,4,4.00,'2025-08-01 14:18:03'),(15,4,5.00,1,5.00,'2025-08-01 14:18:03'),(16,4,10.00,2,20.00,'2025-08-01 14:18:03'),(17,4,20.00,1,20.00,'2025-08-01 14:18:03'),(18,4,50.00,1,50.00,'2025-08-01 14:18:03'),(19,4,500.00,1,500.00,'2025-08-01 14:18:03'),(20,5,1.00,4,4.00,'2025-08-01 23:08:33'),(21,5,5.00,16,80.00,'2025-08-01 23:08:33'),(22,5,10.00,12,120.00,'2025-08-01 23:08:33'),(23,5,50.00,7,350.00,'2025-08-01 23:08:33'),(24,5,100.00,3,300.00,'2025-08-01 23:08:33'),(25,5,200.00,1,200.00,'2025-08-01 23:08:33'),(26,6,1000.00,1,1000.00,'2025-08-02 06:30:08'),(27,7,5.00,36,180.00,'2025-08-02 11:09:36'),(28,7,10.00,22,220.00,'2025-08-02 11:09:36'),(29,7,20.00,3,60.00,'2025-08-02 11:09:36'),(30,7,50.00,17,850.00,'2025-08-02 11:09:36'),(31,7,100.00,4,400.00,'2025-08-02 11:09:36'),(32,7,500.00,1,500.00,'2025-08-02 11:09:36'),(33,7,1.00,19,19.00,'2025-08-02 11:09:36'),(34,8,1000.00,1,1000.00,'2025-08-03 23:39:39'),(35,9,0.01,1,0.01,'2025-08-03 23:51:01'),(36,10,1.00,2,2.00,'2025-08-04 00:16:05'),(37,10,5.00,10,50.00,'2025-08-04 00:16:05'),(38,10,10.00,8,80.00,'2025-08-04 00:16:05'),(39,10,50.00,8,400.00,'2025-08-04 00:16:05'),(40,10,100.00,2,200.00,'2025-08-04 00:16:05'),(41,11,1.00,4,4.00,'2025-08-04 13:26:24'),(42,11,5.00,22,110.00,'2025-08-04 13:26:24'),(43,11,10.00,28,280.00,'2025-08-04 13:26:24'),(44,11,20.00,3,60.00,'2025-08-04 13:26:24'),(45,11,50.00,15,750.00,'2025-08-04 13:26:24'),(46,11,100.00,3,300.00,'2025-08-04 13:26:24'),(47,11,500.00,1,500.00,'2025-08-04 13:26:24'),(48,11,1000.00,2,2000.00,'2025-08-04 13:26:24'),(49,12,1.00,5,5.00,'2025-08-04 21:57:45'),(50,12,5.00,19,95.00,'2025-08-04 21:57:45'),(51,12,10.00,19,190.00,'2025-08-04 21:57:45'),(52,12,20.00,3,60.00,'2025-08-04 21:57:45'),(53,12,50.00,5,250.00,'2025-08-04 21:57:45'),(54,12,100.00,2,200.00,'2025-08-04 21:57:45'),(55,12,200.00,1,200.00,'2025-08-04 21:57:45'),(56,13,1000.00,1,1000.00,'2025-08-05 03:52:48'),(57,14,0.01,1,0.01,'2025-08-05 04:35:51'),(58,15,1.00,6,6.00,'2025-08-05 12:39:00'),(59,15,5.00,70,350.00,'2025-08-05 12:39:00'),(60,15,10.00,22,220.00,'2025-08-05 12:39:00'),(61,15,20.00,1,20.00,'2025-08-05 12:39:00'),(62,15,50.00,16,800.00,'2025-08-05 12:39:00'),(63,15,100.00,14,1400.00,'2025-08-05 12:39:00'),(64,15,1000.00,1,1000.00,'2025-08-05 12:39:00'),(65,16,100.00,1,100.00,'2025-08-05 22:13:03'),(66,17,1.00,7,7.00,'2025-08-05 22:16:22'),(67,17,5.00,11,55.00,'2025-08-05 22:16:22'),(68,17,10.00,10,100.00,'2025-08-05 22:16:22'),(69,17,20.00,3,60.00,'2025-08-05 22:16:22'),(70,17,50.00,5,250.00,'2025-08-05 22:16:22'),(71,17,100.00,4,400.00,'2025-08-05 22:16:22'),(72,18,0.01,1,0.01,'2025-08-06 12:12:41'),(73,19,1.00,4,4.00,'2025-08-06 15:08:57'),(74,19,5.00,56,280.00,'2025-08-06 15:08:57'),(75,19,10.00,47,470.00,'2025-08-06 15:08:57'),(76,19,20.00,1,20.00,'2025-08-06 15:08:57'),(77,19,50.00,10,500.00,'2025-08-06 15:08:57'),(78,19,100.00,12,1200.00,'2025-08-06 15:08:57'),(79,19,1000.00,2,2000.00,'2025-08-06 15:08:57'),(80,20,1.00,4,4.00,'2025-08-06 22:31:28'),(81,20,5.00,20,100.00,'2025-08-06 22:31:28'),(82,20,10.00,20,200.00,'2025-08-06 22:31:28'),(83,20,20.00,3,60.00,'2025-08-06 22:31:28'),(84,20,50.00,5,250.00,'2025-08-06 22:31:28'),(85,20,100.00,5,500.00,'2025-08-06 22:31:28'),(86,20,200.00,1,200.00,'2025-08-06 22:31:28');

--
-- Table structure for table `MAN9234_cashier_shifts`
--

CREATE TABLE `MAN9234_cashier_shifts` (
  `shift_id` bigint(20) NOT NULL AUTO_INCREMENT,
  `cashier_id` varchar(50) COLLATE utf8mb4_unicode_ci NOT NULL,
  `shift_start` datetime NOT NULL,
  `shift_end` datetime DEFAULT NULL,
  `opening_amount` decimal(10,2) NOT NULL,
  `closing_amount` decimal(10,2) DEFAULT NULL,
  `expected_amount` decimal(10,2) DEFAULT NULL,
  `difference_amount` decimal(10,2) DEFAULT NULL,
  `status` enum('open','closed') COLLATE utf8mb4_unicode_ci DEFAULT 'open',
  `notes` text COLLATE utf8mb4_unicode_ci,
  `created_at` timestamp NOT NULL DEFAULT CURRENT_TIMESTAMP,
  `updated_at` timestamp NOT NULL DEFAULT CURRENT_TIMESTAMP ON UPDATE CURRENT_TIMESTAMP,
  PRIMARY KEY (`shift_id`),
  KEY `idx_cashier_status` (`cashier_id`,`status`),
  KEY `idx_shift_dates` (`shift_start`,`shift_end`)
) ENGINE=InnoDB AUTO_INCREMENT=12 DEFAULT CHARSET=utf8mb4 COLLATE=utf8mb4_unicode_ci;

--
-- Dumping data for table `MAN9234_cashier_shifts`
--

INSERT INTO `MAN9234_cashier_shifts` VALUES (1,'u3ihEMm1nYccehFt7ibt1jBO2s82','2025-08-01 06:16:17','2025-08-01 05:26:58',808.00,4284.00,3559.00,725.00,'closed',NULL,'2025-07-31 22:16:17','2025-08-01 12:26:58'),(2,'kbecR5EMZmdJGKAuSW0HmtIpGvK2','2025-08-01 22:09:23','2025-08-01 22:18:03',100.00,599.00,599.00,0.00,'closed',NULL,'2025-08-01 14:09:25','2025-08-01 14:18:03'),(3,'u3ihEMm1nYccehFt7ibt1jBO2s82','2025-08-02 07:08:32','2025-08-02 19:09:35',1054.00,2219.00,1799.00,430.00,'closed',NULL,'2025-08-01 23:08:33','2025-08-02 23:09:43'),(4,'kbecR5EMZmdJGKAuSW0HmtIpGvK2','2025-08-02 14:29:26','2025-08-04 07:39:39',1000.00,1000.00,-2261.00,3261.00,'closed',NULL,'2025-08-02 06:30:08','2025-08-03 23:39:39'),(5,'kbecR5EMZmdJGKAuSW0HmtIpGvK2','2025-08-04 07:50:59','2025-08-05 11:52:47',0.01,1000.00,505.01,494.99,'closed',NULL,'2025-08-03 23:51:01','2025-08-05 03:52:48'),(6,'u3ihEMm1nYccehFt7ibt1jBO2s82','2025-08-04 08:15:32','2025-08-04 21:26:23',732.00,4004.00,3536.75,467.25,'closed',NULL,'2025-08-04 00:16:05','2025-08-04 13:26:24'),(7,'u3ihEMm1nYccehFt7ibt1jBO2s82','2025-08-05 05:57:44','2025-08-05 20:38:59',1000.00,3796.00,3691.00,105.00,'closed',NULL,'2025-08-04 21:57:45','2025-08-05 12:39:00'),(8,'kbecR5EMZmdJGKAuSW0HmtIpGvK2','2025-08-05 12:35:50','2025-08-06 06:13:02',0.01,100.00,618.01,-518.01,'closed',NULL,'2025-08-05 04:35:51','2025-08-05 22:13:03'),(9,'u3ihEMm1nYccehFt7ibt1jBO2s82','2025-08-06 06:14:09','2025-08-06 23:08:56',872.00,4474.00,3420.00,1054.00,'closed',NULL,'2025-08-05 22:16:22','2025-08-06 15:08:57'),(10,'kbecR5EMZmdJGKAuSW0HmtIpGvK2','2025-08-06 20:03:55',NULL,0.01,NULL,NULL,NULL,'open',NULL,'2025-08-06 12:12:41','2025-08-06 12:12:41'),(11,'u3ihEMm1nYccehFt7ibt1jBO2s82','2025-08-07 06:31:26',NULL,1314.00,NULL,NULL,NULL,'open',NULL,'2025-08-06 22:31:28','2025-08-06 22:31:28');

--
-- Table structure for table `MAN9234_cashier_transactions`
--

CREATE TABLE `MAN9234_cashier_transactions` (
  `transaction_id` bigint(20) NOT NULL AUTO_INCREMENT,
  `shift_id` bigint(20) NOT NULL,
  `transaction_type` enum('sale','refund','void','payout','cash_in','cash_out','expense') COLLATE utf8mb4_unicode_ci NOT NULL,
  `amount` decimal(10,2) NOT NULL,
  `reference_id` varchar(100) COLLATE utf8mb4_unicode_ci DEFAULT NULL,
  `notes` text COLLATE utf8mb4_unicode_ci,
  `payment_method` varchar(50) COLLATE utf8mb4_unicode_ci DEFAULT NULL,
  `created_at` timestamp NOT NULL DEFAULT CURRENT_TIMESTAMP,
  PRIMARY KEY (`transaction_id`),
  KEY `idx_shift_transactions` (`shift_id`,`transaction_type`),
  KEY `idx_reference` (`reference_id`)
) ENGINE=InnoDB AUTO_INCREMENT=407 DEFAULT CHARSET=utf8mb4 COLLATE=utf8mb4_unicode_ci;

--
-- Dumping data for table `MAN9234_cashier_transactions`
--

INSERT INTO `MAN9234_cashier_transactions` VALUES (1,1,'expense',210.00,'EXP202508010001','Expense: Allowance','cash','2025-08-01 13:49:32'),(2,1,'expense',180.00,'EXP202508010002','Expense: Allowance','cash','2025-08-01 13:50:39'),(3,1,'sale',265.00,'TXN202508010001','Sale: Walk-in Customer','cash','2025-08-01 17:11:26'),(4,1,'sale',115.00,'TXN202508010002','Sale: Walk-in Customer','cash','2025-08-01 17:28:52'),(5,1,'sale',30.00,'TXN202508010003','Sale: Walk-in Customer','cash','2025-08-01 17:29:09'),(6,1,'sale',20.00,'TXN202508010004','Sale: Walk-in Customer','cash','2025-08-01 17:29:25'),(7,1,'sale',15.00,'TXN202508010005','Sale: Walk-in Customer','cash','2025-08-01 17:30:29'),(8,1,'sale',65.00,'TXN202508010006','Sale: Walk-in Customer','cash','2025-08-01 17:35:21'),(9,1,'sale',50.00,'TXN202508010007','Sale: Walk-in Customer','cash','2025-08-01 17:53:16'),(10,1,'sale',60.00,'TXN202508010008','Credit Sale: Customer','credit','2025-08-01 17:54:05'),(11,1,'sale',40.00,'TXN202508010009','Sale: Walk-in Customer','cash','2025-08-01 17:55:37'),(12,1,'expense',132.00,'EXP202508010003','Expense: KG','cash','2025-08-01 17:57:06'),(13,1,'expense',30.00,'EXP202508010004','Expense: Packaging','cash','2025-08-01 17:57:29'),(14,1,'expense',50.00,'EXP202508010005','Expense: Advances','cash','2025-08-01 17:57:45'),(15,1,'sale',190.00,'TXN202508010010','Sale: Walk-in Customer','cash','2025-08-01 18:13:58'),(16,1,'sale',40.00,'TXN202508010011','Sale: Walk-in Customer','cash','2025-08-01 18:16:11'),(17,1,'sale',40.00,'TXN202508010012','Sale: Walk-in Customer','cash','2025-08-01 18:27:27'),(18,1,'sale',40.00,'TXN202508010013','Sale: Walk-in Customer','cash','2025-08-01 18:30:31'),(19,1,'sale',90.00,'TXN202508010014','Sale: Walk-in Customer','cash','2025-08-01 18:33:06'),(20,1,'sale',60.00,'TXN202508010015','Sale: Walk-in Customer','cash','2025-08-01 18:36:50'),(21,1,'sale',40.00,'TXN202508010016','Sale: Walk-in Customer','cash','2025-08-01 18:37:07'),(22,1,'sale',30.00,'TXN202508010017','Sale: Walk-in Customer','cash','2025-08-01 18:50:48'),(23,1,'sale',15.00,'TXN202508010018','Sale: Walk-in Customer','cash','2025-08-01 18:52:17'),(24,1,'sale',110.00,'TXN202508010019','Sale: Walk-in Customer','cash','2025-08-01 18:56:48'),(25,1,'sale',30.00,'TXN202508010020','Sale: Walk-in Customer','cash','2025-08-01 19:02:03'),(26,1,'sale',50.00,'TXN202508010021','Sale: Walk-in Customer','cash','2025-08-01 19:02:24'),(27,1,'sale',60.00,'TXN202508010022','Sale: Walk-in Customer','cash','2025-08-01 19:07:04'),(28,1,'sale',20.00,'TXN202508010023','Sale: Walk-in Customer','cash','2025-08-01 19:13:41'),(29,1,'sale',15.00,'TXN202508010024','Sale: Walk-in Customer','cash','2025-08-01 19:13:46'),(30,1,'sale',55.00,'TXN202508010025','Sale: Walk-in Customer','cash','2025-08-01 19:14:21'),(31,1,'sale',55.00,'TXN202508010026','Sale: Walk-in Customer','cash','2025-08-01 19:14:27'),(32,1,'sale',20.00,'TXN202508010027','Sale: Walk-in Customer','cash','2025-08-01 19:14:32'),(33,1,'sale',40.00,'TXN202508010028','Sale: Walk-in Customer','cash','2025-08-01 19:20:23'),(34,1,'sale',30.00,'TXN202508010029','Sale: Walk-in Customer','cash','2025-08-01 19:20:29'),(35,1,'sale',20.00,'TXN202508010030','Sale: Walk-in Customer','cash','2025-08-01 19:39:56'),(36,1,'sale',45.00,'TXN202508010031','Sale: Walk-in Customer','cash','2025-08-01 19:49:07'),(37,1,'expense',267.00,'EXP202508010006','Expense: Eggs','cash','2025-08-01 20:21:45'),(38,1,'sale',50.00,'TXN202508010032','Sale: Walk-in Customer','cash','2025-08-01 20:26:19'),(39,1,'sale',30.00,'TXN202508010033','Sale: Walk-in Customer','cash','2025-08-01 20:38:38'),(40,1,'sale',40.00,'TXN202508010034','Credit Sale: Customer','credit','2025-08-01 20:38:51'),(41,1,'sale',40.00,'TXN202508010035','Sale: Walk-in Customer','cash','2025-08-01 22:24:10'),(42,1,'sale',30.00,'TXN202508010036','Sale: Walk-in Customer','cash','2025-08-01 22:24:19'),(43,1,'sale',40.00,'TXN202508010037','Sale: Walk-in Customer','cash','2025-08-01 22:46:11'),(44,1,'sale',20.00,'TXN202508010038','Sale: Walk-in Customer','cash','2025-08-01 22:46:17'),(45,1,'expense',48.00,'EXP202508010007','Expense: Ingredients','cash','2025-08-01 23:13:03'),(46,1,'sale',120.00,'TXN202508010039','Sale: Walk-in Customer','cash','2025-08-01 23:24:52'),(47,1,'expense',30.00,'EXP202508010008','Expense: Advances','cash','2025-08-01 23:30:45'),(48,1,'sale',30.00,'TXN202508010040','Sale: Walk-in Customer','cash','2025-08-02 00:27:21'),(49,1,'sale',90.00,'TXN202508010041','Sale: Walk-in Customer','cash','2025-08-02 00:27:28'),(50,1,'sale',45.00,'TXN202508010042','Sale: Walk-in Customer','cash','2025-08-02 00:27:34'),(51,1,'sale',150.00,'TXN202508010043','Sale: Walk-in Customer','cash','2025-08-02 00:32:43'),(52,1,'sale',90.00,'TXN202508010044','Sale: Walk-in Customer','cash','2025-08-02 00:44:02'),(53,1,'sale',15.00,'TXN202508010045','Sale: Walk-in Customer','cash','2025-08-02 00:49:02'),(54,1,'sale',50.00,'TXN202508010046','Sale: Walk-in Customer','cash','2025-08-02 00:53:28'),(55,1,'sale',50.00,'TXN202508010047','Sale: Walk-in Customer','cash','2025-08-02 00:56:02'),(56,1,'expense',47.00,'EXP202508010009','Expense: Allowance','cash','2025-08-02 01:16:45'),(57,1,'sale',50.00,'TXN202508010048','Sale: Walk-in Customer','cash','2025-08-02 01:18:23'),(58,1,'sale',105.00,'TXN202508010049','Sale: Walk-in Customer','cash','2025-08-02 01:27:14'),(59,1,'sale',150.00,'TXN202508010050','Sale: Walk-in Customer','cash','2025-08-02 01:31:03'),(60,1,'sale',240.00,'TXN202508010051','Sale: Walk-in Customer','cash','2025-08-02 01:33:19'),(61,1,'sale',100.00,'TXN202508010052','Sale: Walk-in Customer','cash','2025-08-02 01:50:04'),(62,1,'sale',15.00,'TXN202508010053','Sale: Walk-in Customer','cash','2025-08-02 01:50:08'),(63,1,'sale',80.00,'TXN202508010054','Sale: Walk-in Customer','cash','2025-08-02 02:10:22'),(64,1,'sale',50.00,'TXN202508010055','Sale: Walk-in Customer','cash','2025-08-02 02:13:06'),(65,1,'sale',120.00,'TXN202508010056','Sale: Walk-in Customer','cash','2025-08-02 02:13:14'),(66,1,'sale',50.00,'TXN202508010057','Sale: Walk-in Customer','cash','2025-08-02 02:21:28'),(67,1,'sale',30.00,'TXN202508010058','Sale: Walk-in Customer','cash','2025-08-02 02:21:39'),(68,1,'sale',60.00,'TXN202508010059','Sale: Walk-in Customer','cash','2025-08-02 02:23:07'),(69,1,'sale',40.00,'TXN202508010060','Sale: Walk-in Customer','cash','2025-08-02 02:43:04'),(70,1,'sale',110.00,'TXN202508010061','Sale: Walk-in Customer','cash','2025-08-02 03:14:01'),(71,2,'expense',176.00,'EXP202508010010','Expense: Ots - Advances','cash','2025-08-02 05:09:58'),(72,2,'expense',50.00,'EXP202508010011','Expense: Jake - Advances','cash','2025-08-02 05:11:58'),(73,2,'sale',725.00,'TXN202508010062','Sale: Walk-in Customer','cash','2025-08-02 05:17:04'),(74,3,'expense',130.00,'EXP202508020001','Expense: Bran - Allowance','cash','2025-08-02 14:10:42'),(75,3,'sale',30.00,'TXN202508020001','Sale: Walk-in Customer','cash','2025-08-02 17:03:07'),(76,3,'sale',15.00,'TXN202508020002','Sale: Walk-in Customer','cash','2025-08-02 17:15:12'),(77,3,'sale',30.00,'TXN202508020003','Sale: Walk-in Customer','cash','2025-08-02 17:48:25'),(78,3,'sale',20.00,'TXN202508020004','Sale: Walk-in Customer','cash','2025-08-02 17:48:32'),(79,3,'sale',175.00,'TXN202508020005','Sale: Walk-in Customer','cash','2025-08-02 18:29:38'),(80,3,'sale',90.00,'TXN202508020006','Sale: Walk-in Customer','cash','2025-08-02 18:30:36'),(81,3,'sale',45.00,'TXN202508020007','Sale: Walk-in Customer','cash','2025-08-02 18:39:18'),(82,3,'sale',80.00,'TXN202508020008','Sale: Walk-in Customer','cash','2025-08-02 18:40:08'),(83,3,'sale',140.00,'TXN202508020009','Sale: Walk-in Customer','cash','2025-08-02 18:48:28'),(84,3,'sale',40.00,'TXN202508020010','Sale: Walk-in Customer','cash','2025-08-02 18:49:02'),(85,3,'sale',120.00,'TXN202508020011','Sale: Walk-in Customer','cash','2025-08-02 19:00:43'),(86,3,'sale',30.00,'TXN202508020012','Sale: Walk-in Customer','cash','2025-08-02 19:08:52'),(87,3,'sale',15.00,'TXN202508020013','Sale: Walk-in Customer','cash','2025-08-02 19:35:17'),(88,3,'sale',30.00,'TXN202508020014','Sale: Walk-in Customer','cash','2025-08-02 19:35:23'),(89,3,'expense',50.00,'EXP202508020002','Expense: Jake - Advances','cash','2025-08-02 19:35:35'),(90,3,'sale',20.00,'TXN202508020015','Sale: Walk-in Customer','cash','2025-08-02 19:48:14'),(91,3,'sale',30.00,'TXN202508020016','Sale: Walk-in Customer','cash','2025-08-02 19:48:21'),(92,3,'sale',30.00,'TXN202508020017','Sale: Walk-in Customer','cash','2025-08-02 19:51:01'),(93,3,'sale',20.00,'TXN202508020018','Sale: Walk-in Customer','cash','2025-08-02 19:59:46'),(94,3,'sale',45.00,'TXN202508020019','Sale: Walk-in Customer','cash','2025-08-02 20:20:18'),(95,3,'sale',30.00,'TXN202508020020','Sale: Walk-in Customer','cash','2025-08-02 20:55:15'),(96,3,'sale',30.00,'TXN202508020021','Sale: Walk-in Customer','cash','2025-08-02 20:55:26'),(97,3,'void',30.00,'RTN202508020001','VOID: TXN202508020021','cash','2025-08-02 20:55:44'),(98,3,'sale',150.00,'TXN202508020022','Sale: Walk-in Customer','cash','2025-08-02 21:08:11'),(99,3,'sale',60.00,'TXN202508020023','Sale: Walk-in Customer','cash','2025-08-02 21:27:39'),(100,3,'sale',20.00,'TXN202508020024','Sale: Walk-in Customer','cash','2025-08-02 21:27:44'),(101,3,'sale',40.00,'TXN202508020025','Sale: Walk-in Customer','cash','2025-08-02 21:27:49'),(102,4,'expense',2375.00,'EXP202508020003','Expense: Purchases - Poultry (skin)','cash','2025-08-02 21:30:59'),(103,3,'sale',30.00,'TXN202508020026','Sale: Walk-in Customer','cash','2025-08-02 21:32:08'),(104,3,'sale',200.00,'TXN202508020027','Sale: Walk-in Customer','cash','2025-08-02 23:15:22'),(105,3,'sale',45.00,'TXN202508020028','Sale: Walk-in Customer','cash','2025-08-02 23:15:27'),(106,3,'sale',30.00,'TXN202508020029','Sale: Walk-in Customer','cash','2025-08-02 23:15:32'),(107,3,'sale',30.00,'TXN202508020030','Sale: Walk-in Customer','cash','2025-08-02 23:37:32'),(108,3,'expense',10.00,'EXP202508020004','Expense: Jake - Advances','cash','2025-08-02 23:51:22'),(109,3,'sale',60.00,'TXN202508020031','Sale: Walk-in Customer','cash','2025-08-03 00:46:40'),(110,3,'sale',15.00,'TXN202508020032','Sale: Walk-in Customer','cash','2025-08-03 00:46:45'),(111,3,'sale',145.00,'TXN202508020033','Sale: Walk-in Customer','cash','2025-08-03 00:46:53'),(112,3,'sale',30.00,'TXN202508020034','Sale: Walk-in Customer','cash','2025-08-03 01:25:09'),(113,3,'sale',45.00,'TXN202508020035','Sale: Walk-in Customer','cash','2025-08-03 01:28:25'),(114,3,'expense',1000.00,'EXP202508020005','Expense: Jake - Advances','cash','2025-08-03 02:06:45'),(115,4,'expense',176.00,'EXP202508020006','Expense: Ots - Advances','cash','2025-08-03 02:50:46'),(116,4,'expense',700.00,'EXP202508030001','Expense: Jake - Advances','cash','2025-08-03 14:11:00'),(117,4,'sale',430.00,'TXN202508030001','Sale: Walk-in Customer','cash','2025-08-03 14:17:13'),(118,4,'sale',50.00,'TXN202508030002','Sale: Walk-in Customer','cash','2025-08-03 14:34:03'),(119,4,'expense',40.00,'EXP202508030002','Expense: GCash Fee','cash','2025-08-03 17:28:26'),(120,4,'expense',450.00,'EXP202508030003','Expense: Jake - Advances','cash','2025-08-03 19:36:37'),(121,4,'sale',50.00,'TXN202508040001','Sale: Walk-in Customer','credit','2025-08-04 14:39:25'),(122,5,'sale',100.00,'TXN202508040002','Sale: Walk-in Customer','cash','2025-08-04 14:51:22'),(123,6,'sale',15.00,'TXN202508040003','Sale: Walk-in Customer','cash','2025-08-04 16:33:25'),(124,6,'sale',15.00,'TXN202508040004','Sale: Walk-in Customer','cash','2025-08-04 17:12:37'),(125,6,'sale',90.00,'TXN202508040005','Sale: Walk-in Customer','cash','2025-08-04 17:16:51'),(126,6,'sale',100.00,'TXN202508040006','Sale: Walk-in Customer','cash','2025-08-04 17:16:56'),(127,6,'sale',60.00,'TXN202508040007','Sale: Walk-in Customer','cash','2025-08-04 17:30:08'),(128,6,'sale',55.00,'TXN202508040008','Sale: Walk-in Customer','cash','2025-08-04 17:31:25'),(129,6,'void',60.00,'RTN202508040001','VOID: TXN202508040007','cash','2025-08-04 17:31:49'),(130,6,'expense',350.00,'EXP202508040001','Expense: Jake - Advances','cash','2025-08-04 17:43:23'),(131,6,'sale',20.00,'TXN202508040009','Sale: Walk-in Customer','cash','2025-08-04 17:45:04'),(132,6,'sale',55.00,'TXN202508040010','Sale: Walk-in Customer','cash','2025-08-04 17:55:17'),(133,6,'sale',35.00,'TXN202508040011','Sale: Walk-in Customer','cash','2025-08-04 17:56:35'),(134,6,'sale',85.00,'TXN202508040012','Sale: Walk-in Customer','cash','2025-08-04 18:01:34'),(135,6,'sale',130.00,'TXN202508040013','Sale: Walk-in Customer','cash','2025-08-04 18:10:57'),(136,6,'sale',40.00,'TXN202508040014','Sale: Walk-in Customer','cash','2025-08-04 18:11:08'),(137,6,'sale',40.00,'TXN202508040015','Sale: Walk-in Customer','cash','2025-08-04 18:12:51'),(138,6,'sale',40.00,'TXN202508040016','Sale: Walk-in Customer','cash','2025-08-04 18:12:59'),(139,6,'sale',30.00,'TXN202508040017','Sale: Walk-in Customer','cash','2025-08-04 18:14:21'),(140,6,'sale',30.00,'TXN202508040018','Sale: Walk-in Customer','cash','2025-08-04 18:14:29'),(141,6,'sale',60.00,'TXN202508040019','Sale: Walk-in Customer','cash','2025-08-04 18:19:13'),(142,6,'sale',25.00,'TXN202508040020','Sale: Walk-in Customer','cash','2025-08-04 18:25:51'),(143,6,'sale',60.00,'TXN202508040021','Sale: Walk-in Customer','cash','2025-08-04 18:29:40'),(144,6,'sale',80.00,'TXN202508040022','Sale: Walk-in Customer','cash','2025-08-04 18:31:05'),(145,6,'sale',20.00,'TXN202508040023','Sale: Walk-in Customer','cash','2025-08-04 18:47:25'),(146,6,'sale',115.00,'TXN202508040024','Credit Sale: Customer','credit','2025-08-04 18:57:27'),(147,6,'sale',110.00,'TXN202508040025','Credit Sale: Customer','credit','2025-08-04 18:59:02'),(148,6,'sale',15.00,'TXN202508040026','Sale: Walk-in Customer','cash','2025-08-04 18:59:13'),(149,6,'sale',115.00,'TXN202508040027','Sale: Walk-in Customer','cash','2025-08-04 19:07:02'),(150,6,'sale',85.00,'TXN202508040028','Sale: Walk-in Customer','cash','2025-08-04 19:12:57'),(151,6,'sale',20.00,'TXN202508040029','Sale: Walk-in Customer','cash','2025-08-04 19:14:44'),(152,6,'sale',40.00,'TXN202508040030','Sale: Walk-in Customer','cash','2025-08-04 19:14:51'),(153,6,'sale',60.00,'TXN202508040031','Sale: Walk-in Customer','cash','2025-08-04 19:15:02'),(154,6,'sale',30.00,'TXN202508040032','Sale: Walk-in Customer','cash','2025-08-04 19:15:06'),(155,6,'sale',30.00,'TXN202508040033','Sale: Walk-in Customer','cash','2025-08-04 19:24:01'),(156,6,'void',110.00,'RTN202508040002','VOID: TXN202508040025','cash','2025-08-04 19:29:13'),(157,6,'sale',125.00,'TXN202508040034','Sale: Walk-in Customer','digital_wallet','2025-08-04 19:29:57'),(158,6,'void',110.00,'RTN202508040003','VOID: TXN202508040025','cash','2025-08-04 19:49:15'),(159,6,'sale',55.00,'TXN202508040035','Credit Sale: Customer','credit','2025-08-04 20:11:31'),(160,6,'sale',75.00,'TXN202508040036','Credit Sale: Customer','credit','2025-08-04 20:11:43'),(161,6,'sale',80.00,'TXN202508040037','Sale: Walk-in Customer','cash','2025-08-04 20:17:44'),(162,6,'sale',15.00,'TXN202508040038','Credit Sale: Customer','credit','2025-08-04 20:17:54'),(163,6,'sale',15.00,'TXN202508040039','Sale: Walk-in Customer','cash','2025-08-04 20:26:42'),(164,6,'sale',15.00,'TXN202508040040','Sale: Walk-in Customer','cash','2025-08-04 20:35:20'),(165,6,'sale',170.00,'TXN202508040041','Sale: Walk-in Customer','cash','2025-08-04 21:13:00'),(166,6,'sale',40.00,'TXN202508040042','Sale: Walk-in Customer','cash','2025-08-04 21:13:10'),(167,6,'sale',30.00,'TXN202508040043','Sale: Walk-in Customer','cash','2025-08-04 22:23:29'),(168,6,'sale',150.00,'TXN202508040044','Sale: Walk-in Customer','cash','2025-08-04 22:53:31'),(169,6,'sale',100.00,'TXN202508040045','Sale: Walk-in Customer','cash','2025-08-04 22:53:37'),(170,6,'sale',30.00,'TXN202508040046','Credit Sale: Customer','credit','2025-08-04 23:18:43'),(171,6,'sale',45.00,'TXN202508040047','Sale: Walk-in Customer','cash','2025-08-04 23:33:40'),(172,6,'sale',25.00,'TXN202508040048','Sale: Walk-in Customer','cash','2025-08-04 23:37:27'),(173,6,'expense',160.00,'EXP202508040002','Expense: Jake - Advances','cash','2025-08-05 00:19:29'),(174,6,'sale',30.00,'TXN202508040049','Sale: Walk-in Customer','cash','2025-08-05 00:19:39'),(175,6,'sale',30.00,'TXN202508040050','Sale: Walk-in Customer','cash','2025-08-05 00:32:11'),(176,6,'sale',235.00,'TXN202508040051','Sale: Walk-in Customer','cash','2025-08-05 00:41:31'),(177,6,'sale',55.00,'TXN202508040052','Sale: Walk-in Customer','cash','2025-08-05 00:45:26'),(178,6,'sale',75.00,'TXN202508040053','Sale: Walk-in Customer','cash','2025-08-05 01:25:52'),(179,6,'sale',100.00,'TXN202508040054','Sale: Walk-in Customer','cash','2025-08-05 01:33:11'),(180,6,'sale',60.00,'TXN202508040055','Sale: Walk-in Customer','cash','2025-08-05 01:37:09'),(181,6,'sale',75.00,'TXN202508040056','Sale: Walk-in Customer','cash','2025-08-05 01:39:22'),(182,6,'sale',60.00,'TXN202508040057','Sale: Walk-in Customer','cash','2025-08-05 01:44:02'),(183,6,'sale',24.75,'TXN202508040058','Sale: Walk-in Customer','cash','2025-08-05 01:44:39'),(184,6,'sale',30.00,'TXN202508040059','Sale: Walk-in Customer','cash','2025-08-05 01:47:15'),(185,6,'sale',260.00,'TXN202508040060','Sale: Walk-in Customer','cash','2025-08-05 02:08:40'),(186,6,'sale',15.00,'TXN202508040061','Sale: Walk-in Customer','cash','2025-08-05 02:08:40'),(187,6,'sale',120.00,'TXN202508040062','Sale: Walk-in Customer','cash','2025-08-05 02:08:41'),(188,6,'sale',25.00,'TXN202508040063','Sale: Walk-in Customer','cash','2025-08-05 02:08:41'),(189,6,'sale',90.00,'TXN202508040064','Sale: Walk-in Customer','cash','2025-08-05 02:08:41'),(190,6,'sale',195.00,'TXN202508040065','Sale: Walk-in Customer','cash','2025-08-05 02:14:07'),(191,6,'sale',20.00,'TXN202508040066','Sale: Walk-in Customer','cash','2025-08-05 02:14:55'),(192,6,'sale',50.00,'TXN202508040067','Sale: Walk-in Customer','cash','2025-08-05 02:17:12'),(193,6,'expense',105.00,'EXP202508040003','Expense: Jake - Advances','cash','2025-08-05 02:20:03'),(194,5,'sale',470.00,'TXN202508040068','Sale: Walk-in Customer','cash','2025-08-05 04:32:11'),(195,5,'expense',65.00,'EXP202508050001','Expense: Bran - Allowance bf','cash','2025-08-05 12:54:18'),(196,7,'expense',250.00,'EXP202508050002','Expense: Rice - KG','cash','2025-08-05 13:08:18'),(197,7,'sale',30.00,'TXN202508050001','Sale: Walk-in Customer','cash','2025-08-05 16:51:44'),(198,7,'sale',125.00,'TXN202508050002','Sale: Walk-in Customer','cash','2025-08-05 17:14:28'),(199,7,'expense',132.00,'EXP202508050003','Expense: Flour - KG','cash','2025-08-05 17:14:40'),(200,7,'sale',60.00,'TXN202508050003','Sale: Walk-in Customer','cash','2025-08-05 17:16:51'),(201,7,'sale',80.00,'TXN202508050004','Sale: Walk-in Customer','cash','2025-08-05 17:33:28'),(202,7,'sale',30.00,'TXN202508050005','Sale: Walk-in Customer','cash','2025-08-05 17:34:00'),(203,7,'sale',40.00,'TXN202508050006','Sale: Walk-in Customer','cash','2025-08-05 17:44:20'),(204,7,'expense',20.00,'EXP202508050004','Expense: Supplies - Packaging','cash','2025-08-05 17:50:41'),(205,7,'expense',63.00,'EXP202508050005','Expense: Jake - Advances','cash','2025-08-05 17:50:54'),(206,7,'sale',20.00,'TXN202508050007','Sale: Walk-in Customer','cash','2025-08-05 17:59:24'),(207,7,'sale',25.00,'TXN202508050008','Sale: Walk-in Customer','cash','2025-08-05 18:22:11'),(208,7,'sale',30.00,'TXN202508050009','Sale: Walk-in Customer','cash','2025-08-05 18:22:17'),(209,7,'sale',30.00,'TXN202508050010','Sale: Walk-in Customer','cash','2025-08-05 18:23:42'),(210,7,'sale',30.00,'TXN202508050011','Sale: Walk-in Customer','cash','2025-08-05 18:36:31'),(211,7,'sale',80.00,'TXN202508050012','Sale: Walk-in Customer','cash','2025-08-05 18:40:42'),(212,7,'sale',75.00,'TXN202508050013','Sale: Walk-in Customer','digital_wallet','2025-08-05 18:43:52'),(213,7,'sale',165.00,'TXN202508050014','Sale: Walk-in Customer','cash','2025-08-05 18:52:11'),(214,7,'sale',30.00,'TXN202508050015','Credit Sale: Customer','credit','2025-08-05 18:52:23'),(215,7,'sale',240.00,'TXN202508050016','Sale: Walk-in Customer','cash','2025-08-05 18:54:55'),(216,7,'sale',110.00,'TXN202508050017','Sale: Walk-in Customer','cash','2025-08-05 18:58:33'),(217,7,'sale',30.00,'TXN202508050018','Sale: Walk-in Customer','cash','2025-08-05 19:00:20'),(218,7,'sale',50.00,'TXN202508050019','Sale: Walk-in Customer','cash','2025-08-05 19:03:23'),(219,7,'sale',15.00,'TXN202508050020','Sale: Walk-in Customer','cash','2025-08-05 19:06:38'),(220,7,'sale',90.00,'TXN202508050021','Sale: Walk-in Customer','cash','2025-08-05 19:09:34'),(221,7,'sale',150.00,'TXN202508050022','Sale: Walk-in Customer','cash','2025-08-05 19:12:15'),(222,7,'sale',110.00,'TXN202508050023','Sale: Walk-in Customer','cash','2025-08-05 19:14:01'),(223,7,'sale',60.00,'TXN202508050024','Sale: Walk-in Customer','cash','2025-08-05 19:26:32'),(224,7,'sale',20.00,'TXN202508050025','Sale: Walk-in Customer','cash','2025-08-05 19:26:36'),(225,7,'sale',55.00,'TXN202508050026','Sale: Walk-in Customer','cash','2025-08-05 19:33:52'),(226,7,'expense',63.00,'EXP202508050006','Expense: Jake - Advances','cash','2025-08-05 19:34:15'),(227,8,'expense',232.00,'EXP202508050007','Expense: Ots - Advances','cash','2025-08-05 19:36:07'),(228,7,'sale',30.00,'TXN202508050027','Sale: Walk-in Customer','cash','2025-08-05 19:36:51'),(229,7,'sale',30.00,'TXN202508050028','Credit Sale: Customer','credit','2025-08-05 19:39:05'),(230,7,'sale',15.00,'TXN202508050029','Sale: Walk-in Customer','cash','2025-08-05 19:41:18'),(231,7,'sale',70.00,'TXN202508050030','Sale: Walk-in Customer','cash','2025-08-05 19:43:42'),(232,7,'sale',40.00,'TXN202508050031','Sale: Walk-in Customer','cash','2025-08-05 19:50:02'),(233,7,'sale',30.00,'TXN202508050032','Sale: Walk-in Customer','cash','2025-08-05 20:03:58'),(234,7,'sale',55.00,'TXN202508050033','Sale: Walk-in Customer','cash','2025-08-05 20:33:52'),(235,7,'sale',45.00,'TXN202508050034','Sale: Walk-in Customer','cash','2025-08-05 21:01:44'),(236,7,'expense',70.00,'EXP202508050008','Expense: Delivery - E-Bike','cash','2025-08-05 21:03:08'),(237,7,'sale',40.00,'TXN202508050035','Sale: Walk-in Customer','cash','2025-08-05 21:12:09'),(238,7,'sale',150.00,'TXN202508050036','Sale: Walk-in Customer','cash','2025-08-05 22:11:04'),(239,7,'sale',75.00,'TXN202508050037','Credit Sale: Customer','credit','2025-08-05 22:11:26'),(240,7,'sale',100.00,'TXN202508050038','Sale: Walk-in Customer','cash','2025-08-05 22:34:38'),(241,7,'sale',60.00,'TXN202508050039','Sale: Walk-in Customer','cash','2025-08-05 23:14:56'),(242,7,'sale',30.00,'TXN202508050040','Sale: Walk-in Customer','cash','2025-08-05 23:25:33'),(243,8,'sale',255.00,'TXN202508050041','Sale: Walk-in Customer','digital_wallet','2025-08-05 23:26:08'),(244,7,'sale',30.00,'TXN202508050042','Sale: Walk-in Customer','cash','2025-08-05 23:41:42'),(245,7,'sale',20.00,'TXN202508050043','Sale: Walk-in Customer','cash','2025-08-05 23:41:49'),(246,7,'expense',31.00,'EXP202508050009','Expense: Jake - Advances','cash','2025-08-05 23:42:03'),(247,7,'sale',40.00,'TXN202508050044','Sale: Walk-in Customer','cash','2025-08-06 00:25:37'),(248,7,'sale',20.00,'TXN202508050045','Sale: Walk-in Customer','cash','2025-08-06 00:25:51'),(249,7,'sale',40.00,'TXN202508050046','Sale: Walk-in Customer','cash','2025-08-06 00:31:24'),(250,7,'sale',40.00,'TXN202508050047','Sale: Walk-in Customer','cash','2025-08-06 00:31:35'),(251,8,'cash_in',850.00,'3','Credit Settlement: Bea Apostol','CASH','2025-08-06 00:36:00'),(252,7,'sale',50.00,'TXN202508050048','Sale: Walk-in Customer','cash','2025-08-06 00:36:10'),(253,7,'sale',30.00,'TXN202508050049','Sale: Walk-in Customer','cash','2025-08-06 00:53:17'),(254,7,'sale',50.00,'TXN202508050050','Sale: Walk-in Customer','cash','2025-08-06 01:05:44'),(255,7,'expense',20.00,'EXP202508050010','Expense: Jake - Advances','cash','2025-08-06 01:06:03'),(256,7,'sale',160.00,'TXN202508050051','Sale: Walk-in Customer','cash','2025-08-06 01:13:18'),(257,7,'sale',30.00,'TXN202508050052','Sale: Walk-in Customer','cash','2025-08-06 01:26:48'),(258,7,'sale',15.00,'TXN202508050053','Sale: Walk-in Customer','cash','2025-08-06 01:30:12'),(259,7,'sale',100.00,'TXN202508050054','Sale: Walk-in Customer','cash','2025-08-06 01:30:19'),(260,7,'sale',180.00,'TXN202508050055','Sale: Walk-in Customer','cash','2025-08-06 01:44:14'),(261,7,'sale',45.00,'TXN202508050056','Sale: Walk-in Customer','cash','2025-08-06 01:48:25'),(262,7,'sale',30.00,'TXN202508050057','Sale: Walk-in Customer','cash','2025-08-06 01:48:33'),(263,7,'sale',90.00,'TXN202508050058','Sale: Walk-in Customer','cash','2025-08-06 01:50:05'),(264,7,'sale',30.00,'TXN202508050059','Sale: Walk-in Customer','cash','2025-08-06 02:34:53'),(265,7,'sale',100.00,'TXN202508050060','Sale: Walk-in Customer','cash','2025-08-06 03:00:33'),(266,7,'expense',100.00,'EXP202508050011','Expense: Jake - Advances','cash','2025-08-06 03:35:41'),(267,9,'expense',70.00,'EXP202508060001','Expense: Bran - Allowance bf','cash','2025-08-06 13:16:51'),(268,9,'expense',180.00,'EXP202508060002','Expense: Bran - Allowance','cash','2025-08-06 15:52:57'),(269,9,'expense',200.00,'EXP202508060003','Expense: Meals - House','cash','2025-08-06 16:10:21'),(270,9,'sale',150.00,'TXN202508060001','Sale: Walk-in Customer','cash','2025-08-06 16:22:53'),(271,9,'sale',60.00,'TXN202508060002','Sale: Walk-in Customer','cash','2025-08-06 16:43:55'),(272,9,'sale',50.00,'TXN202508060003','Sale: Walk-in Customer','cash','2025-08-06 16:51:44'),(273,9,'expense',132.00,'EXP202508060004','Expense: Flour - KG','cash','2025-08-06 16:59:34'),(274,9,'expense',20.00,'EXP202508060005','Expense: Supplies - Packaging','cash','2025-08-06 16:59:45'),(275,9,'sale',130.00,'TXN202508060004','Sale: Walk-in Customer','cash','2025-08-06 17:16:11'),(276,9,'sale',120.00,'TXN202508060005','Sale: Walk-in Customer','cash','2025-08-06 17:27:56'),(277,9,'sale',60.00,'TXN202508060006','Sale: Walk-in Customer','cash','2025-08-06 17:29:02'),(278,9,'expense',150.00,'EXP202508060006','Expense: Water - Drinking','cash','2025-08-06 17:32:56'),(279,9,'sale',125.00,'TXN202508060007','Sale: Walk-in Customer','cash','2025-08-06 17:48:48'),(280,9,'sale',60.00,'TXN202508060008','Sale: Walk-in Customer','cash','2025-08-06 17:55:20'),(281,9,'sale',30.00,'TXN202508060009','Sale: Walk-in Customer','cash','2025-08-06 17:55:24'),(282,9,'sale',45.00,'TXN202508060010','Credit Sale: Customer','credit','2025-08-06 17:55:42'),(283,9,'sale',15.00,'TXN202508060011','Sale: Walk-in Customer','cash','2025-08-06 18:06:45'),(284,9,'sale',15.00,'TXN202508060012','Credit Sale: Customer','credit','2025-08-06 18:07:03'),(285,9,'void',200.00,'EXP202508060003','VOID: Meals - House - ','cash','2025-08-06 18:10:28'),(286,9,'expense',100.00,'EXP202508060007','Expense: Fish & Veg - Cash','cash','2025-08-06 18:14:28'),(287,9,'expense',100.00,'EXP202508060008','Expense: Meals - House','cash','2025-08-06 18:15:03'),(288,9,'expense',200.00,'EXP202508060009','Expense: Jake - Advances','cash','2025-08-06 18:15:23'),(289,9,'sale',15.00,'TXN202508060013','Sale: Walk-in Customer','cash','2025-08-06 18:15:34'),(290,9,'sale',80.00,'TXN202508060014','Sale: Walk-in Customer','cash','2025-08-06 18:17:16'),(291,9,'sale',30.00,'TXN202508060015','Sale: Walk-in Customer','cash','2025-08-06 18:21:07'),(292,9,'sale',100.00,'TXN202508060016','Sale: Walk-in Customer','cash','2025-08-06 18:31:45'),(293,9,'sale',175.00,'TXN202508060017','Sale: Walk-in Customer','cash','2025-08-06 18:39:35'),(294,9,'sale',30.00,'TXN202508060018','Sale: Walk-in Customer','cash','2025-08-06 18:39:41'),(295,9,'sale',15.00,'TXN202508060019','Sale: Walk-in Customer','cash','2025-08-06 18:44:07'),(296,9,'sale',85.00,'TXN202508060020','Sale: Walk-in Customer','cash','2025-08-06 18:52:06'),(297,9,'sale',45.00,'TXN202508060021','Sale: Walk-in Customer','cash','2025-08-06 18:53:58'),(298,9,'sale',30.00,'TXN202508060022','Sale: Walk-in Customer','cash','2025-08-06 18:58:01'),(299,9,'sale',30.00,'TXN202508060023','Sale: Walk-in Customer','cash','2025-08-06 18:58:06'),(300,9,'sale',30.00,'TXN202508060024','Sale: Walk-in Customer','cash','2025-08-06 18:58:11'),(301,9,'sale',55.00,'TXN202508060025','Sale: Walk-in Customer','cash','2025-08-06 18:58:46'),(302,9,'sale',70.00,'TXN202508060026','Sale: Walk-in Customer','cash','2025-08-06 19:04:32'),(303,9,'sale',45.00,'TXN202508060027','Sale: Walk-in Customer','cash','2025-08-06 19:04:38'),(304,9,'sale',45.00,'TXN202508060028','Sale: Walk-in Customer','cash','2025-08-06 19:05:28'),(305,9,'sale',20.00,'TXN202508060029','Sale: Walk-in Customer','cash','2025-08-06 19:10:55'),(306,9,'sale',100.00,'TXN202508060030','Sale: Walk-in Customer','cash','2025-08-06 19:16:22'),(307,9,'sale',50.00,'TXN202508060031','Sale: Walk-in Customer','cash','2025-08-06 19:16:54'),(308,9,'sale',75.00,'TXN202508060032','Sale: Walk-in Customer','cash','2025-08-06 19:20:28'),(309,9,'sale',35.00,'TXN202508060033','Sale: Walk-in Customer','cash','2025-08-06 19:28:15'),(310,9,'sale',45.00,'TXN202508060034','Sale: Walk-in Customer','cash','2025-08-06 19:31:37'),(311,9,'sale',50.00,'TXN202508060035','Sale: Walk-in Customer','cash','2025-08-06 19:43:59'),(312,9,'sale',30.00,'TXN202508060036','Sale: Walk-in Customer','cash','2025-08-06 19:44:05'),(313,9,'sale',60.00,'TXN202508060037','Sale: Walk-in Customer','cash','2025-08-06 19:45:37'),(314,9,'sale',60.00,'TXN202508060038','Sale: Walk-in Customer','cash','2025-08-06 19:54:25'),(315,9,'sale',30.00,'TXN202508060039','Sale: Walk-in Customer','cash','2025-08-06 20:01:09'),(316,9,'sale',30.00,'TXN202508060040','Sale: Walk-in Customer','cash','2025-08-06 20:01:15'),(317,9,'sale',50.00,'TXN202508060041','Sale: Walk-in Customer','cash','2025-08-06 20:02:27'),(318,9,'sale',50.00,'TXN202508060042','Sale: Walk-in Customer','cash','2025-08-06 20:09:58'),(319,9,'sale',45.00,'TXN202508060043','Sale: Walk-in Customer','cash','2025-08-06 20:25:18'),(320,9,'expense',30.00,'EXP202508060010','Expense: Delivery - E-Bike','cash','2025-08-06 20:44:21'),(321,9,'sale',30.00,'TXN202508060044','Sale: Walk-in Customer','cash','2025-08-06 21:14:23'),(322,9,'sale',45.00,'TXN202508060045','Sale: Walk-in Customer','cash','2025-08-06 21:31:57'),(323,9,'sale',30.00,'TXN202508060046','Credit Sale: Customer','credit','2025-08-06 21:45:49'),(324,9,'sale',30.00,'TXN202508060047','Credit Sale: Customer','credit','2025-08-06 21:46:01'),(325,9,'sale',100.00,'TXN202508060048','Sale: Walk-in Customer','cash','2025-08-06 23:23:25'),(326,9,'sale',50.00,'TXN202508060049','Sale: Walk-in Customer','cash','2025-08-06 23:23:34'),(327,9,'sale',30.00,'TXN202508060050','Sale: Walk-in Customer','cash','2025-08-06 23:31:59'),(328,9,'sale',15.00,'TXN202508060051','Sale: Walk-in Customer','cash','2025-08-07 00:15:46'),(329,9,'sale',40.00,'TXN202508060052','Sale: Walk-in Customer','cash','2025-08-07 00:15:57'),(330,9,'sale',75.00,'TXN202508060053','Sale: Walk-in Customer','cash','2025-08-07 00:34:18'),(331,9,'sale',30.00,'TXN202508060054','Sale: Walk-in Customer','cash','2025-08-07 00:34:19'),(332,9,'sale',30.00,'TXN202508060055','Sale: Walk-in Customer','cash','2025-08-07 00:36:52'),(333,9,'sale',220.00,'TXN202508060056','Sale: Walk-in Customer','cash','2025-08-07 00:41:14'),(334,10,'expense',70.00,'EXP202508060011','Expense: Gasul - Transpo','cash','2025-08-07 03:12:46'),(335,10,'expense',3150.00,'EXP202508060012','Expense: Purchases - Poultry','cash','2025-08-07 03:12:47'),(336,9,'expense',20.00,'EXP202508060013','Expense: Jake - Advances','cash','2025-08-07 06:04:18'),(337,9,'sale',20.00,'TXN202508060057','Sale: Walk-in Customer','cash','2025-08-07 06:04:18'),(338,9,'sale',60.00,'TXN202508060058','Sale: Walk-in Customer','cash','2025-08-07 06:04:19'),(339,9,'sale',20.00,'TXN202508060059','Sale: Walk-in Customer','credit','2025-08-07 06:04:20'),(340,9,'sale',100.00,'TXN202508060060','Sale: Walk-in Customer','cash','2025-08-07 06:04:20'),(341,9,'sale',150.00,'TXN202508060061','Sale: Walk-in Customer','cash','2025-08-07 06:04:20'),(342,9,'sale',50.00,'TXN202508060062','Sale: Walk-in Customer','cash','2025-08-07 06:04:21'),(343,9,'sale',105.00,'TXN202508060063','Sale: Walk-in Customer','cash','2025-08-07 06:04:21'),(344,9,'sale',45.00,'TXN202508060064','Sale: Walk-in Customer','cash','2025-08-07 06:04:21'),(345,9,'sale',40.00,'TXN202508060065','Sale: Walk-in Customer','cash','2025-08-07 06:04:21'),(346,9,'sale',65.00,'TXN202508060066','Sale: Walk-in Customer','cash','2025-08-07 06:04:22'),(347,9,'sale',60.00,'TXN202508060067','Sale: Walk-in Customer','cash','2025-08-07 06:04:22'),(348,9,'sale',60.00,'TXN202508060068','Sale: Walk-in Customer','cash','2025-08-07 06:04:22'),(349,9,'sale',30.00,'TXN202508060069','Sale: Walk-in Customer','cash','2025-08-07 06:04:23'),(350,9,'sale',50.00,'TXN202508060070','Sale: Walk-in Customer','cash','2025-08-07 06:04:23'),(351,9,'sale',40.00,'TXN202508060071','Sale: Walk-in Customer','cash','2025-08-07 06:04:23'),(352,11,'expense',250.00,'EXP202508070001','Expense: Rice - KG','cash','2025-08-07 13:50:46'),(353,11,'expense',180.00,'EXP202508070002','Expense: Bran - Allowance','cash','2025-08-07 14:15:50'),(354,11,'sale',45.00,'TXN202508070001','Sale: Walk-in Customer','cash','2025-08-07 16:44:52'),(355,11,'sale',40.00,'TXN202508070002','Sale: Walk-in Customer','cash','2025-08-07 16:51:18'),(356,11,'sale',20.00,'TXN202508070003','Sale: Walk-in Customer','cash','2025-08-07 17:14:50'),(357,11,'sale',110.00,'TXN202508070004','Sale: Walk-in Customer','cash','2025-08-07 17:14:59'),(358,11,'sale',45.00,'TXN202508070005','Sale: Walk-in Customer','cash','2025-08-07 17:15:13'),(359,11,'expense',30.00,'EXP202508070003','Expense: Supplies - Packaging','cash','2025-08-07 17:21:23'),(360,11,'sale',20.00,'TXN202508070006','Sale: Walk-in Customer','cash','2025-08-07 17:26:13'),(361,11,'sale',50.00,'TXN202508070007','Sale: Walk-in Customer','cash','2025-08-07 17:33:37'),(362,11,'sale',60.00,'TXN202508070008','Sale: Walk-in Customer','cash','2025-08-07 17:34:25'),(363,11,'sale',70.00,'TXN202508070009','Sale: Walk-in Customer','cash','2025-08-07 17:34:59'),(364,11,'sale',60.00,'TXN202508070010','Sale: Walk-in Customer','cash','2025-08-07 17:53:26'),(365,11,'sale',40.00,'TXN202508070011','Sale: Walk-in Customer','cash','2025-08-07 18:00:27'),(366,11,'sale',30.00,'TXN202508070012','Sale: Walk-in Customer','cash','2025-08-07 18:02:17'),(367,11,'sale',15.00,'TXN202508070013','Sale: Walk-in Customer','cash','2025-08-07 18:02:44'),(368,11,'sale',110.00,'TXN202508070014','Sale: Walk-in Customer','cash','2025-08-07 18:04:13'),(369,11,'sale',30.00,'TXN202508070015','Sale: Walk-in Customer','cash','2025-08-07 18:05:44'),(370,11,'sale',30.00,'TXN202508070016','Sale: Walk-in Customer','cash','2025-08-07 18:06:42'),(371,11,'sale',40.00,'TXN202508070017','Sale: Walk-in Customer','cash','2025-08-07 18:08:16'),(372,11,'sale',45.00,'TXN202508070018','Sale: Walk-in Customer','cash','2025-08-07 18:19:24'),(373,11,'sale',15.00,'TXN202508070019','Credit Sale: Customer','credit','2025-08-07 18:19:36'),(374,11,'sale',30.00,'TXN202508070020','Sale: Walk-in Customer','cash','2025-08-07 18:19:41'),(375,11,'sale',105.00,'TXN202508070021','Sale: Walk-in Customer','cash','2025-08-07 18:32:06'),(376,11,'sale',60.00,'TXN202508070022','Sale: Walk-in Customer','cash','2025-08-07 18:35:21'),(377,11,'sale',105.00,'TXN202508070023','Sale: Walk-in Customer','cash','2025-08-07 18:35:31'),(378,11,'sale',45.00,'TXN202508070024','Sale: Walk-in Customer','cash','2025-08-07 18:39:43'),(379,11,'sale',40.00,'TXN202508070025','Sale: Walk-in Customer','cash','2025-08-07 18:44:18'),(380,11,'sale',60.00,'TXN202508070026','Sale: Walk-in Customer','cash','2025-08-07 18:47:42'),(381,11,'sale',20.00,'TXN202508070027','Sale: Walk-in Customer','cash','2025-08-07 18:51:05'),(382,11,'sale',90.00,'TXN202508070028','Sale: Walk-in Customer','cash','2025-08-07 18:56:26'),(383,11,'sale',20.00,'TXN202508070029','Sale: Walk-in Customer','cash','2025-08-07 18:58:05'),(384,11,'sale',60.00,'TXN202508070030','Sale: Walk-in Customer','cash','2025-08-07 18:59:06'),(385,11,'sale',80.00,'TXN202508070031','Sale: Walk-in Customer','cash','2025-08-07 19:07:33'),(386,11,'sale',55.00,'TXN202508070032','Sale: Walk-in Customer','cash','2025-08-07 19:09:51'),(387,11,'sale',55.00,'TXN202508070033','Sale: Walk-in Customer','cash','2025-08-07 19:12:40'),(388,11,'sale',30.00,'TXN202508070034','Sale: Walk-in Customer','cash','2025-08-07 19:33:36'),(389,11,'sale',30.00,'TXN202508070035','Sale: Walk-in Customer','cash','2025-08-07 19:33:43'),(390,11,'sale',45.00,'TXN202508070036','Sale: Walk-in Customer','cash','2025-08-07 19:35:33'),(391,11,'sale',30.00,'TXN202508070037','Sale: Walk-in Customer','cash','2025-08-07 19:36:52'),(392,11,'sale',30.00,'TXN202508070038','Credit Sale: Customer','credit','2025-08-07 19:57:24'),(393,11,'sale',20.00,'TXN202508070039','Sale: Walk-in Customer','cash','2025-08-07 20:00:14'),(394,11,'sale',30.00,'TXN202508070040','Sale: Walk-in Customer','cash','2025-08-07 20:00:21'),(395,11,'sale',45.00,'TXN202508070041','Sale: Walk-in Customer','cash','2025-08-07 20:02:44'),(396,11,'sale',90.00,'TXN202508070042','Sale: Walk-in Customer','cash','2025-08-07 20:13:26'),(397,11,'sale',60.00,'TXN202508070043','Sale: Walk-in Customer','cash','2025-08-07 20:13:34'),(398,11,'expense',37.00,'EXP202508070004','Expense: Meals - House','cash','2025-08-07 20:25:16'),(399,11,'sale',30.00,'TXN202508070044','Sale: Walk-in Customer','cash','2025-08-07 20:34:56'),(400,11,'sale',60.00,'TXN202508070045','Sale: Walk-in Customer','cash','2025-08-07 20:35:04'),(401,11,'sale',15.00,'TXN202508070046','Credit Sale: Customer','credit','2025-08-07 20:35:17'),(402,11,'sale',90.00,'TXN202508070047','Sale: Walk-in Customer','cash','2025-08-07 20:57:25'),(403,11,'sale',45.00,'TXN202508070048','Sale: Walk-in Customer','cash','2025-08-07 21:02:06'),(404,11,'expense',70.00,'EXP202508070005','Expense: Delivery - E-Bike','cash','2025-08-07 21:14:30'),(405,11,'sale',60.00,'TXN202508070049','Sale: Walk-in Customer','cash','2025-08-07 21:48:01'),(406,11,'sale',60.00,'TXN202508070050','Sale: Walk-in Customer','cash','2025-08-07 22:14:47');

--
-- Table structure for table `MAN9234_customer_accounts`
--

CREATE TABLE `MAN9234_customer_accounts` (
  `customer_id` int(11) NOT NULL AUTO_INCREMENT,
  `customer_code` varchar(20) COLLATE utf8mb4_unicode_ci NOT NULL COMMENT 'Unique customer identifier within business',
  `customer_name` varchar(100) COLLATE utf8mb4_unicode_ci NOT NULL,
  `customer_phone` varchar(20) COLLATE utf8mb4_unicode_ci DEFAULT NULL,
  `customer_email` varchar(100) COLLATE utf8mb4_unicode_ci DEFAULT NULL,
  `customer_address` text COLLATE utf8mb4_unicode_ci,
  `customer_type` enum('individual','business') COLLATE utf8mb4_unicode_ci DEFAULT 'individual',
  `tax_id` varchar(50) COLLATE utf8mb4_unicode_ci DEFAULT NULL COMMENT 'TIN or business registration number',
  `credit_enabled` tinyint(1) DEFAULT '0' COMMENT 'Whether customer can purchase on credit',
  `customer_status` enum('active','inactive','suspended') COLLATE utf8mb4_unicode_ci DEFAULT 'active',
  `date_of_birth` date DEFAULT NULL,
  `notes` text COLLATE utf8mb4_unicode_ci,
  `created_at` timestamp NOT NULL DEFAULT CURRENT_TIMESTAMP,
  `updated_at` timestamp NOT NULL DEFAULT CURRENT_TIMESTAMP ON UPDATE CURRENT_TIMESTAMP,
  `password_hash` varchar(255) COLLATE utf8mb4_unicode_ci DEFAULT NULL COMMENT 'Hashed password for email login',
  `google_id` varchar(255) COLLATE utf8mb4_unicode_ci DEFAULT NULL COMMENT 'Google OAuth ID',
  `facebook_id` varchar(255) COLLATE utf8mb4_unicode_ci DEFAULT NULL COMMENT 'Facebook OAuth ID',
  `oauth_provider` enum('google','facebook','email') COLLATE utf8mb4_unicode_ci DEFAULT 'email' COMMENT 'Authentication provider',
  `email_verified` tinyint(1) DEFAULT '0' COMMENT 'Email verification status',
  `verification_token` varchar(255) COLLATE utf8mb4_unicode_ci DEFAULT NULL COMMENT 'Email verification token',
  `reset_token` varchar(255) COLLATE utf8mb4_unicode_ci DEFAULT NULL COMMENT 'Password reset token',
  `reset_token_expires` datetime DEFAULT NULL COMMENT 'Password reset token expiry',
  `last_login` timestamp NULL DEFAULT NULL COMMENT 'Last login timestamp',
  `login_count` int(11) DEFAULT '0' COMMENT 'Number of successful logins',
  `login_method` enum('password','passwordless') COLLATE utf8mb4_unicode_ci DEFAULT 'password' COMMENT 'Login method preference',
  `login_token` varchar(255) COLLATE utf8mb4_unicode_ci DEFAULT NULL COMMENT 'Passwordless login token',
  `login_token_expires` datetime DEFAULT NULL COMMENT 'Passwordless login token expiry',
  PRIMARY KEY (`customer_id`),
  UNIQUE KEY `uk_customer_code` (`customer_code`),
  UNIQUE KEY `uk_customer_phone` (`customer_phone`),
  KEY `idx_customer_name` (`customer_name`),
  KEY `idx_customer_status` (`customer_status`),
  KEY `idx_credit_enabled` (`credit_enabled`),
  KEY `idx_google_id` (`google_id`),
  KEY `idx_facebook_id` (`facebook_id`),
  KEY `idx_verification_token` (`verification_token`),
  KEY `idx_reset_token` (`reset_token`),
  KEY `idx_oauth_provider` (`oauth_provider`),
  KEY `idx_login_token` (`login_token`),
  KEY `idx_login_method` (`login_method`)
) ENGINE=InnoDB AUTO_INCREMENT=6 DEFAULT CHARSET=utf8mb4 COLLATE=utf8mb4_unicode_ci;

--
-- Dumping data for table `MAN9234_customer_accounts`
--

INSERT INTO `MAN9234_customer_accounts` VALUES (1,'CUST-MAN9234-0001','Ching Lacson','09176475738',NULL,NULL,'individual',NULL,1,'active',NULL,NULL,'2025-07-31 21:24:36','2025-07-31 21:24:36',NULL,NULL,NULL,'email',0,NULL,NULL,NULL,NULL,0,'password',NULL,NULL),(2,'CUST-MAN9234-0002','Edgar Suerte','09390000000',NULL,NULL,'individual',NULL,1,'active',NULL,NULL,'2025-07-31 21:27:30','2025-07-31 21:27:30',NULL,NULL,NULL,'email',0,NULL,NULL,NULL,NULL,0,'password',NULL,NULL),(3,'CUST-MAN9234-0003','Bea Apostol','09764696669',NULL,NULL,'individual',NULL,1,'active',NULL,NULL,'2025-07-31 21:30:44','2025-07-31 21:30:44',NULL,NULL,NULL,'email',0,NULL,NULL,NULL,NULL,0,'password',NULL,NULL),(4,'CUST-MAN9234-0004','Ots Lacson','09393896326',NULL,NULL,'individual',NULL,1,'active',NULL,NULL,'2025-08-01 02:12:11','2025-08-01 02:12:11',NULL,NULL,NULL,'email',0,NULL,NULL,NULL,NULL,0,'password',NULL,NULL),(5,'CUST-MAN9234-0005','Angela De Asis','09273572311',NULL,NULL,'individual',NULL,0,'active',NULL,NULL,'2025-08-05 08:25:30','2025-08-05 08:25:30',NULL,NULL,NULL,'email',0,NULL,NULL,NULL,NULL,0,'password',NULL,NULL);

--
-- Table structure for table `MAN9234_customer_credit_accounts`
--

CREATE TABLE `MAN9234_customer_credit_accounts` (
  `credit_account_id` int(11) NOT NULL AUTO_INCREMENT,
  `customer_id` int(11) NOT NULL,
  `credit_limit` decimal(15,2) DEFAULT '0.00' COMMENT 'Maximum credit limit',
  `current_balance` decimal(15,2) DEFAULT '0.00' COMMENT 'Current outstanding balance',
  `available_credit` decimal(15,2) DEFAULT '0.00' COMMENT 'Available credit (limit - balance)',
  `payment_terms` enum('cash','net_7','net_15','net_30','net_45','net_60') COLLATE utf8mb4_unicode_ci DEFAULT 'net_30',
  `interest_rate` decimal(5,2) DEFAULT '0.00' COMMENT 'Monthly interest rate percentage',
  `last_payment_date` date DEFAULT NULL,
  `last_purchase_date` date DEFAULT NULL,
  `overdue_amount` decimal(15,2) DEFAULT '0.00',
  `days_overdue` int(11) DEFAULT '0',
  `credit_status` enum('good','warning','overdue','suspended') COLLATE utf8mb4_unicode_ci DEFAULT 'good',
  `created_at` timestamp NOT NULL DEFAULT CURRENT_TIMESTAMP,
  `updated_at` timestamp NOT NULL DEFAULT CURRENT_TIMESTAMP ON UPDATE CURRENT_TIMESTAMP,
  PRIMARY KEY (`credit_account_id`),
  UNIQUE KEY `uk_customer_credit` (`customer_id`),
  CONSTRAINT `MAN9234_customer_credit_accounts_ibfk_1` FOREIGN KEY (`customer_id`) REFERENCES `MAN9234_customer_accounts` (`customer_id`) ON DELETE CASCADE
) ENGINE=InnoDB AUTO_INCREMENT=5 DEFAULT CHARSET=utf8mb4 COLLATE=utf8mb4_unicode_ci;

--
-- Dumping data for table `MAN9234_customer_credit_accounts`
--

INSERT INTO `MAN9234_customer_credit_accounts` VALUES (1,1,5000.00,0.00,5000.00,'net_30',0.00,NULL,NULL,0.00,0,'good','2025-07-31 21:24:36','2025-07-31 21:24:36'),(2,2,500.00,95.00,405.00,'net_7',0.00,NULL,NULL,0.00,0,'good','2025-07-31 21:27:30','2025-07-31 22:07:59'),(3,3,1000.00,0.00,1000.00,'net_30',0.00,'2025-08-05',NULL,0.00,0,'good','2025-07-31 21:30:44','2025-08-05 09:36:00'),(4,4,5000.00,815.00,4185.00,'net_30',0.00,NULL,'2025-08-06',0.00,0,'good','2025-08-01 02:12:11','2025-08-07 05:35:17');

--
-- Temporary table structure for view `MAN9234_customer_outstanding_view`
--

/*!50001 DROP VIEW IF EXISTS `MAN9234_customer_outstanding_view`*/;
/*!50001 CREATE VIEW `MAN9234_customer_outstanding_view` AS SELECT 
 1 AS `customer_id`,
 1 AS `customer_code`,
 1 AS `customer_name`,
 1 AS `customer_phone`,
 1 AS `current_balance`,
 1 AS `overdue_amount`,
 1 AS `days_overdue`,
 1 AS `credit_status`,
 1 AS `last_payment_date`,
 1 AS `next_due_date`*/;

--
-- Table structure for table `MAN9234_customer_payment_history`
--

CREATE TABLE `MAN9234_customer_payment_history` (
  `payment_id` int(11) NOT NULL AUTO_INCREMENT,
  `customer_id` int(11) NOT NULL,
  `customer_transaction_id` int(11) NOT NULL,
  `payment_amount` decimal(15,2) NOT NULL,
  `payment_method_id` int(11) NOT NULL,
  `reference_number` varchar(50) COLLATE utf8mb4_unicode_ci DEFAULT NULL,
  `payment_date` timestamp NOT NULL DEFAULT CURRENT_TIMESTAMP,
  `processed_by` varchar(50) COLLATE utf8mb4_unicode_ci DEFAULT NULL,
  `bank_name` varchar(100) COLLATE utf8mb4_unicode_ci DEFAULT NULL,
  `check_date` date DEFAULT NULL,
  `notes` text COLLATE utf8mb4_unicode_ci,
  `created_at` timestamp NOT NULL DEFAULT CURRENT_TIMESTAMP,
  PRIMARY KEY (`payment_id`),
  KEY `idx_customer_id` (`customer_id`),
  KEY `idx_payment_date` (`payment_date`),
  KEY `idx_payment_method_id` (`payment_method_id`)
) ENGINE=InnoDB AUTO_INCREMENT=2 DEFAULT CHARSET=utf8mb4 COLLATE=utf8mb4_unicode_ci;

--
-- Dumping data for table `MAN9234_customer_payment_history`
--

INSERT INTO `MAN9234_customer_payment_history` VALUES (1,3,12,850.00,3,NULL,'2025-08-05 09:36:00','kbecR5EMZmdJGKAuSW0HmtIpGvK2',NULL,NULL,NULL,'2025-08-05 09:36:00');

--
-- Table structure for table `MAN9234_customer_sequences`
--

CREATE TABLE `MAN9234_customer_sequences` (
  `sequence_name` varchar(50) COLLATE utf8mb4_unicode_ci NOT NULL,
  `current_value` int(11) NOT NULL DEFAULT '0',
  `updated_at` timestamp NOT NULL DEFAULT CURRENT_TIMESTAMP ON UPDATE CURRENT_TIMESTAMP,
  PRIMARY KEY (`sequence_name`)
) ENGINE=InnoDB DEFAULT CHARSET=utf8mb4 COLLATE=utf8mb4_unicode_ci;

--
-- Dumping data for table `MAN9234_customer_sequences`
--

INSERT INTO `MAN9234_customer_sequences` VALUES ('customer_code',5,'2025-08-05 08:25:30');

--
-- Table structure for table `MAN9234_customer_sessions`
--

CREATE TABLE `MAN9234_customer_sessions` (
  `id` int(11) NOT NULL AUTO_INCREMENT,
  `customer_id` int(11) NOT NULL,
  `session_token` varchar(255) COLLATE utf8mb4_unicode_ci NOT NULL,
  `ip_address` varchar(45) COLLATE utf8mb4_unicode_ci DEFAULT NULL,
  `user_agent` text COLLATE utf8mb4_unicode_ci,
  `expires_at` timestamp NOT NULL DEFAULT CURRENT_TIMESTAMP ON UPDATE CURRENT_TIMESTAMP,
  `created_at` timestamp NOT NULL DEFAULT CURRENT_TIMESTAMP,
  PRIMARY KEY (`id`),
  UNIQUE KEY `session_token` (`session_token`),
  KEY `idx_session_token` (`session_token`),
  KEY `idx_customer_id` (`customer_id`),
  KEY `idx_expires_at` (`expires_at`)
) ENGINE=InnoDB DEFAULT CHARSET=utf8mb4 COLLATE=utf8mb4_unicode_ci;

--
-- Dumping data for table `MAN9234_customer_sessions`
--


--
-- Temporary table structure for view `MAN9234_customer_summary_view`
--

/*!50001 DROP VIEW IF EXISTS `MAN9234_customer_summary_view`*/;
/*!50001 CREATE VIEW `MAN9234_customer_summary_view` AS SELECT 
 1 AS `customer_id`,
 1 AS `customer_code`,
 1 AS `customer_name`,
 1 AS `customer_phone`,
 1 AS `customer_email`,
 1 AS `customer_status`,
 1 AS `credit_enabled`,
 1 AS `credit_limit`,
 1 AS `current_balance`,
 1 AS `available_credit`,
 1 AS `overdue_amount`,
 1 AS `days_overdue`,
 1 AS `credit_status`,
 1 AS `last_purchase_date`,
 1 AS `last_payment_date`,
 1 AS `total_purchases`,
 1 AS `total_purchase_amount`,
 1 AS `customer_since`*/;

--
-- Table structure for table `MAN9234_customer_transactions`
--

CREATE TABLE `MAN9234_customer_transactions` (
  `customer_transaction_id` int(11) NOT NULL AUTO_INCREMENT,
  `customer_id` int(11) NOT NULL,
  `sales_transaction_id` int(11) DEFAULT NULL COMMENT 'Link to sales transaction if applicable',
  `transaction_type` enum('sale','payment','credit_adjustment','interest_charge','fee') COLLATE utf8mb4_unicode_ci NOT NULL,
  `amount` decimal(15,2) NOT NULL COMMENT 'Transaction amount (positive for charges, negative for payments)',
  `balance_before` decimal(15,2) NOT NULL COMMENT 'Balance before this transaction',
  `balance_after` decimal(15,2) NOT NULL COMMENT 'Balance after this transaction',
  `payment_method_id` int(11) DEFAULT NULL,
  `reference_number` varchar(50) COLLATE utf8mb4_unicode_ci DEFAULT NULL COMMENT 'Check number, transfer reference, etc.',
  `transaction_date` timestamp NOT NULL DEFAULT CURRENT_TIMESTAMP,
  `due_date` date DEFAULT NULL COMMENT 'Due date for credit sales',
  `notes` text COLLATE utf8mb4_unicode_ci,
  `processed_by` varchar(50) COLLATE utf8mb4_unicode_ci DEFAULT NULL COMMENT 'Staff member who processed',
  `created_at` timestamp NOT NULL DEFAULT CURRENT_TIMESTAMP,
  PRIMARY KEY (`customer_transaction_id`),
  KEY `idx_customer_id` (`customer_id`),
  KEY `idx_transaction_type` (`transaction_type`),
  KEY `idx_transaction_date` (`transaction_date`),
  KEY `idx_sales_transaction` (`sales_transaction_id`),
  KEY `idx_payment_method_id` (`payment_method_id`)
) ENGINE=InnoDB AUTO_INCREMENT=20 DEFAULT CHARSET=utf8mb4 COLLATE=utf8mb4_unicode_ci;

--
-- Dumping data for table `MAN9234_customer_transactions`
--

INSERT INTO `MAN9234_customer_transactions` VALUES (1,4,8,'sale',60.00,0.00,60.00,NULL,NULL,'2025-08-01 02:54:05','2025-08-31','Credit sale transaction','Cashier','2025-08-01 02:54:05'),(2,4,34,'sale',40.00,60.00,100.00,NULL,NULL,'2025-08-01 05:38:51','2025-08-31','Credit sale transaction','Cashier','2025-08-01 05:38:51'),(3,4,123,'sale',115.00,100.00,215.00,NULL,NULL,'2025-08-04 03:57:27','2025-09-03','Credit sale transaction','Cashier','2025-08-04 03:57:27'),(4,4,124,'sale',110.00,215.00,325.00,NULL,NULL,'2025-08-04 03:59:02','2025-09-03','Credit sale transaction','Cashier','2025-08-04 03:59:02'),(5,4,134,'sale',55.00,325.00,380.00,NULL,NULL,'2025-08-04 05:11:31','2025-09-03','Credit sale transaction','Cashier','2025-08-04 05:11:31'),(6,4,135,'sale',75.00,380.00,455.00,NULL,NULL,'2025-08-04 05:11:43','2025-09-03','Credit sale transaction','Cashier','2025-08-04 05:11:43'),(7,4,137,'sale',15.00,455.00,470.00,NULL,NULL,'2025-08-04 05:17:54','2025-09-03','Credit sale transaction','Cashier','2025-08-04 05:17:54'),(8,4,145,'sale',30.00,470.00,500.00,NULL,NULL,'2025-08-04 08:18:43','2025-09-03','Credit sale transaction','Cashier','2025-08-04 08:18:43'),(9,4,277,'sale',30.00,500.00,530.00,NULL,NULL,'2025-08-05 03:52:23','2025-09-04','Credit sale transaction','Cashier','2025-08-05 03:52:23'),(10,4,290,'sale',30.00,530.00,560.00,NULL,NULL,'2025-08-05 04:39:05','2025-09-04','Credit sale transaction','Cashier','2025-08-05 04:39:05'),(11,4,299,'sale',75.00,560.00,635.00,NULL,NULL,'2025-08-05 07:11:26','2025-09-04','Credit sale transaction','Cashier','2025-08-05 07:11:26'),(12,3,NULL,'payment',-850.00,850.00,0.00,3,NULL,'2025-08-05 09:36:00',NULL,NULL,'kbecR5EMZmdJGKAuSW0HmtIpGvK2','2025-08-05 09:36:00'),(13,4,332,'sale',45.00,635.00,680.00,NULL,NULL,'2025-08-06 02:55:42','2025-09-05','Credit sale transaction','Cashier','2025-08-06 02:55:42'),(14,4,334,'sale',15.00,680.00,695.00,NULL,NULL,'2025-08-06 03:07:03','2025-09-05','Credit sale transaction','Cashier','2025-08-06 03:07:03'),(15,4,368,'sale',30.00,695.00,725.00,NULL,NULL,'2025-08-06 06:45:49','2025-09-05','Credit sale transaction','Cashier','2025-08-06 06:45:49'),(16,4,369,'sale',30.00,725.00,755.00,NULL,NULL,'2025-08-06 06:46:01','2025-09-05','Credit sale transaction','Cashier','2025-08-06 06:46:01'),(17,4,412,'sale',15.00,755.00,770.00,NULL,NULL,'2025-08-07 03:19:36','2025-09-06','Credit sale transaction','Cashier','2025-08-07 03:19:36'),(18,4,431,'sale',30.00,770.00,800.00,NULL,NULL,'2025-08-07 04:57:24','2025-09-06','Credit sale transaction','Cashier','2025-08-07 04:57:24'),(19,4,439,'sale',15.00,800.00,815.00,NULL,NULL,'2025-08-07 05:35:17','2025-09-06','Credit sale transaction','Cashier','2025-08-07 05:35:17');

--
-- Table structure for table `MAN9234_denominations_config`
--

CREATE TABLE `MAN9234_denominations_config` (
  `config_id` int(11) NOT NULL AUTO_INCREMENT,
  `denomination_value` decimal(10,2) NOT NULL,
  `currency_code` varchar(3) COLLATE utf8mb4_unicode_ci NOT NULL DEFAULT 'PHP',
  `currency_symbol` varchar(5) COLLATE utf8mb4_unicode_ci NOT NULL DEFAULT '₱',
  `is_coin` tinyint(1) NOT NULL DEFAULT '0',
  `is_active` tinyint(1) NOT NULL DEFAULT '1',
  `display_order` int(11) NOT NULL DEFAULT '0',
  `created_at` timestamp NOT NULL DEFAULT CURRENT_TIMESTAMP,
  `updated_at` timestamp NOT NULL DEFAULT CURRENT_TIMESTAMP ON UPDATE CURRENT_TIMESTAMP,
  PRIMARY KEY (`config_id`),
  UNIQUE KEY `idx_denom_value` (`denomination_value`),
  KEY `idx_active_order` (`is_active`,`display_order`),
  KEY `idx_coin_active` (`is_coin`,`is_active`)
) ENGINE=InnoDB AUTO_INCREMENT=16 DEFAULT CHARSET=utf8mb4 COLLATE=utf8mb4_unicode_ci;

--
-- Dumping data for table `MAN9234_denominations_config`
--

INSERT INTO `MAN9234_denominations_config` VALUES (1,0.01,'PHP','₱',1,1,1,'2025-07-31 18:58:24','2025-07-31 18:58:24'),(2,0.05,'PHP','₱',1,1,2,'2025-07-31 18:58:24','2025-07-31 18:58:24'),(3,0.10,'PHP','₱',1,1,3,'2025-07-31 18:58:24','2025-07-31 18:58:24'),(4,0.25,'PHP','₱',1,1,4,'2025-07-31 18:58:24','2025-07-31 18:58:24'),(5,1.00,'PHP','₱',1,1,5,'2025-07-31 18:58:24','2025-07-31 18:58:24'),(6,5.00,'PHP','₱',1,1,6,'2025-07-31 18:58:24','2025-07-31 18:58:24'),(7,10.00,'PHP','₱',1,1,7,'2025-07-31 18:58:24','2025-07-31 18:58:24'),(8,20.00,'PHP','₱',0,1,8,'2025-07-31 18:58:24','2025-07-31 18:58:24'),(9,50.00,'PHP','₱',0,1,9,'2025-07-31 18:58:24','2025-07-31 18:58:24'),(10,100.00,'PHP','₱',0,1,10,'2025-07-31 18:58:24','2025-07-31 18:58:24'),(11,200.00,'PHP','₱',0,1,11,'2025-07-31 18:58:24','2025-07-31 18:58:24'),(12,500.00,'PHP','₱',0,1,12,'2025-07-31 18:58:24','2025-07-31 18:58:24'),(13,1000.00,'PHP','₱',0,1,13,'2025-07-31 18:58:24','2025-07-31 18:58:24');

--
-- Table structure for table `MAN9234_expenses_approvals`
--

CREATE TABLE `MAN9234_expenses_approvals` (
  `id` int(11) NOT NULL AUTO_INCREMENT,
  `expense_id` int(11) NOT NULL,
  `approver_name` varchar(100) COLLATE utf8mb4_unicode_ci NOT NULL,
  `approval_level` int(11) DEFAULT '1',
  `status` enum('PENDING','APPROVED','REJECTED') COLLATE utf8mb4_unicode_ci DEFAULT 'PENDING',
  `comments` text COLLATE utf8mb4_unicode_ci,
  `approved_at` timestamp NULL DEFAULT NULL,
  `created_at` timestamp NOT NULL DEFAULT CURRENT_TIMESTAMP,
  PRIMARY KEY (`id`),
  KEY `expense_id` (`expense_id`),
  CONSTRAINT `MAN9234_expenses_approvals_ibfk_1` FOREIGN KEY (`expense_id`) REFERENCES `MAN9234_expenses_transactions` (`id`) ON DELETE CASCADE
) ENGINE=InnoDB DEFAULT CHARSET=utf8mb4 COLLATE=utf8mb4_unicode_ci;

--
-- Dumping data for table `MAN9234_expenses_approvals`
--


--
-- Table structure for table `MAN9234_expenses_categories`
--

CREATE TABLE `MAN9234_expenses_categories` (
  `id` int(11) NOT NULL AUTO_INCREMENT,
  `category_name` varchar(100) COLLATE utf8mb4_unicode_ci NOT NULL,
  `category_code` varchar(50) COLLATE utf8mb4_unicode_ci DEFAULT NULL,
  `description` text COLLATE utf8mb4_unicode_ci,
  `parent_category_id` int(11) DEFAULT NULL,
  `is_system_category` tinyint(1) DEFAULT '0',
  `requires_approval` tinyint(1) DEFAULT '0',
  `approval_limit` decimal(15,2) DEFAULT NULL,
  `is_active` tinyint(1) DEFAULT '1',
  `created_at` timestamp NOT NULL DEFAULT CURRENT_TIMESTAMP,
  `updated_at` timestamp NOT NULL DEFAULT CURRENT_TIMESTAMP ON UPDATE CURRENT_TIMESTAMP,
  PRIMARY KEY (`id`),
  UNIQUE KEY `category_code` (`category_code`)
) ENGINE=InnoDB AUTO_INCREMENT=20 DEFAULT CHARSET=utf8mb4 COLLATE=utf8mb4_unicode_ci;

--
-- Dumping data for table `MAN9234_expenses_categories`
--

INSERT INTO `MAN9234_expenses_categories` VALUES (1,'Supplies and Office Materials','SUPPLIES','Stationery, cleaning supplies, packaging materials, and minor operational items.',NULL,1,0,0.00,1,'2025-07-31 18:58:21','2025-07-31 18:58:21'),(2,'Rent and Lease','RENT','Expenses for renting or leasing storefronts, offices, or storage spaces.',NULL,1,0,0.00,1,'2025-07-31 18:58:21','2025-07-31 18:58:21'),(3,'Marketing and Advertising','MARKETING','Promotional activities, social media marketing, printing, and signage.',NULL,1,0,0.00,1,'2025-07-31 18:58:21','2025-07-31 18:58:21'),(4,'Professional Services','PROFESSIONAL','Fees for legal, accounting, consulting, or other professional services.',NULL,1,0,0.00,1,'2025-07-31 18:58:21','2025-07-31 18:58:21'),(5,'Technology and Software','TECHNOLOGY','Expenses for POS software, business management tools, and IT support.',NULL,1,0,0.00,1,'2025-07-31 18:58:21','2025-07-31 18:58:21'),(6,'Transportation and Delivery','TRANSPORTATION','Costs for vehicle expenses, fuel, courier, or delivery services.',NULL,1,0,0.00,1,'2025-07-31 18:58:21','2025-07-31 18:58:21'),(7,'Insurance','INSURANCE','Business, property, liability, and worker\'s compensation insurance premiums.',NULL,1,0,0.00,1,'2025-07-31 18:58:21','2025-07-31 18:58:21'),(8,'Training and Development','TRAINING','Employee training programs, workshops, and skill development.',NULL,1,0,0.00,1,'2025-07-31 18:58:21','2025-07-31 18:58:21'),(9,'Equipment and Maintenance','MAINTENANCE','Purchase or repair of equipment, machinery, kitchen appliances, or POS hardware.',NULL,1,0,0.00,1,'2025-07-31 18:58:21','2025-07-31 18:58:21'),(10,'Banking and Financial Charges','BANK_FEES','Bank fees, interest on loans, credit card processing fees.',NULL,1,0,0.00,1,'2025-07-31 18:58:21','2025-07-31 18:58:21'),(11,'Licenses and Permits','PERMITS','Fees paid to government authorities for operational licenses and permits.',NULL,1,0,0.00,1,'2025-07-31 18:58:21','2025-07-31 18:58:21'),(12,'Payroll Taxes and Benefits','BENEFITS','Employer contributions to social security, health insurance, retirement plans, and other benefits.',NULL,1,0,0.00,1,'2025-07-31 18:58:21','2025-07-31 18:58:21'),(13,'Inventory Purchases','INVENTORY','Cost of goods bought for resale or use in operations, including wholesale stock.',NULL,1,0,0.00,1,'2025-07-31 18:58:21','2025-07-31 18:58:21'),(14,'Utilities','UTILITIES','Costs for electricity, water, gas, internet, and phone services.',NULL,1,0,0.00,1,'2025-07-31 18:58:21','2025-07-31 18:58:21'),(15,'Salaries and Wages','SALARIES','Payments to employees, including wages, salaries, and overtime.',NULL,1,0,0.00,1,'2025-07-31 18:58:21','2025-07-31 18:58:21'),(16,'Food and Beverage Costs','FB_COST','Expenses for purchasing ingredients, beverages, and related consumables.',NULL,1,0,0.00,1,'2025-07-31 18:58:21','2025-07-31 18:58:21'),(17,'Depreciation and Amortization','DEPRECIATION','Gradual expense recognition for tangible and intangible assets.',NULL,1,0,0.00,1,'2025-07-31 18:58:21','2025-07-31 18:58:21'),(18,'Miscellaneous','MISCELLANEOUS','Unclassified or irregular expenses that don\'t fit into other categories.',NULL,1,0,0.00,1,'2025-07-31 18:58:21','2025-07-31 18:58:21'),(19,'Charges','CHARGES','EML',NULL,0,0,NULL,1,'2025-07-31 22:04:22','2025-07-31 22:04:22');

--
-- Table structure for table `MAN9234_expenses_line_items`
--

CREATE TABLE `MAN9234_expenses_line_items` (
  `id` int(11) NOT NULL AUTO_INCREMENT,
  `expense_id` int(11) NOT NULL,
  `item_description` varchar(255) COLLATE utf8mb4_unicode_ci NOT NULL,
  `quantity` decimal(10,3) DEFAULT '1.000',
  `unit_price` decimal(15,2) NOT NULL,
  `line_total` decimal(15,2) NOT NULL,
  `tax_rate` decimal(5,2) DEFAULT '0.00',
  `tax_amount` decimal(15,2) DEFAULT '0.00',
  `notes` text COLLATE utf8mb4_unicode_ci,
  `created_at` timestamp NOT NULL DEFAULT CURRENT_TIMESTAMP,
  PRIMARY KEY (`id`),
  KEY `idx_expenses_line_items_expense` (`expense_id`),
  CONSTRAINT `MAN9234_expenses_line_items_ibfk_1` FOREIGN KEY (`expense_id`) REFERENCES `MAN9234_expenses_transactions` (`id`) ON DELETE CASCADE
) ENGINE=InnoDB DEFAULT CHARSET=utf8mb4 COLLATE=utf8mb4_unicode_ci;

--
-- Dumping data for table `MAN9234_expenses_line_items`
--


--
-- Table structure for table `MAN9234_expenses_payments`
--

CREATE TABLE `MAN9234_expenses_payments` (
  `id` int(11) NOT NULL AUTO_INCREMENT,
  `expense_id` int(11) NOT NULL,
  `payment_amount` decimal(15,2) NOT NULL,
  `payment_date` date NOT NULL,
  `payment_method_id` int(11) NOT NULL,
  `reference_number` varchar(100) COLLATE utf8mb4_unicode_ci DEFAULT NULL,
  `notes` text COLLATE utf8mb4_unicode_ci,
  `created_by` varchar(100) COLLATE utf8mb4_unicode_ci DEFAULT NULL,
  `created_at` timestamp NOT NULL DEFAULT CURRENT_TIMESTAMP,
  PRIMARY KEY (`id`),
  KEY `idx_payment_method_id` (`payment_method_id`),
  KEY `idx_expenses_payments_expense` (`expense_id`),
  CONSTRAINT `MAN9234_expenses_payments_ibfk_1` FOREIGN KEY (`expense_id`) REFERENCES `MAN9234_expenses_transactions` (`id`) ON DELETE CASCADE,
  CONSTRAINT `MAN9234_expenses_payments_ibfk_2` FOREIGN KEY (`payment_method_id`) REFERENCES `MAN9234_payment_method` (`id`)
) ENGINE=InnoDB DEFAULT CHARSET=utf8mb4 COLLATE=utf8mb4_unicode_ci;

--
-- Dumping data for table `MAN9234_expenses_payments`
--


--
-- Table structure for table `MAN9234_expenses_recurring`
--

CREATE TABLE `MAN9234_expenses_recurring` (
  `id` int(11) NOT NULL AUTO_INCREMENT,
  `template_expense_id` int(11) NOT NULL,
  `next_due_date` date NOT NULL,
  `is_active` tinyint(1) DEFAULT '1',
  `last_generated_date` date DEFAULT NULL,
  `created_at` timestamp NOT NULL DEFAULT CURRENT_TIMESTAMP,
  `updated_at` timestamp NOT NULL DEFAULT CURRENT_TIMESTAMP ON UPDATE CURRENT_TIMESTAMP,
  PRIMARY KEY (`id`),
  KEY `template_expense_id` (`template_expense_id`),
  CONSTRAINT `MAN9234_expenses_recurring_ibfk_1` FOREIGN KEY (`template_expense_id`) REFERENCES `MAN9234_expenses_transactions` (`id`)
) ENGINE=InnoDB DEFAULT CHARSET=utf8mb4 COLLATE=utf8mb4_unicode_ci;

--
-- Dumping data for table `MAN9234_expenses_recurring`
--


--
-- Table structure for table `MAN9234_expenses_transactions`
--

CREATE TABLE `MAN9234_expenses_transactions` (
  `id` int(11) NOT NULL AUTO_INCREMENT,
  `expense_number` varchar(100) COLLATE utf8mb4_unicode_ci NOT NULL,
  `category_id` int(11) NOT NULL,
  `vendor_id` int(11) DEFAULT NULL,
  `shift_id` int(11) DEFAULT NULL,
  `expense_date` datetime NOT NULL,
  `amount` decimal(15,2) NOT NULL,
  `tax_amount` decimal(15,2) DEFAULT '0.00',
  `total_amount` decimal(15,2) NOT NULL,
  `currency_code` varchar(3) COLLATE utf8mb4_unicode_ci DEFAULT 'PHP',
  `exchange_rate` decimal(10,4) DEFAULT '1.0000',
  `description` text COLLATE utf8mb4_unicode_ci NOT NULL,
  `reference_number` varchar(100) COLLATE utf8mb4_unicode_ci DEFAULT NULL,
  `payment_method_id` int(11) NOT NULL,
  `payment_status` enum('PENDING','PAID','PARTIALLY_PAID','OVERDUE','CANCELLED') COLLATE utf8mb4_unicode_ci DEFAULT 'PENDING',
  `approval_status` enum('DRAFT','PENDING_APPROVAL','APPROVED','REJECTED') COLLATE utf8mb4_unicode_ci DEFAULT 'DRAFT',
  `recurring_type` enum('NONE','DAILY','WEEKLY','MONTHLY','QUARTERLY','YEARLY') COLLATE utf8mb4_unicode_ci DEFAULT 'NONE',
  `recurring_interval` int(11) DEFAULT '1',
  `recurring_until` date DEFAULT NULL,
  `parent_expense_id` int(11) DEFAULT NULL,
  `receipt_attachment` varchar(255) COLLATE utf8mb4_unicode_ci DEFAULT NULL,
  `notes` text COLLATE utf8mb4_unicode_ci,
  `created_by` varchar(100) COLLATE utf8mb4_unicode_ci DEFAULT NULL,
  `approved_by` varchar(100) COLLATE utf8mb4_unicode_ci DEFAULT NULL,
  `approved_at` timestamp NULL DEFAULT NULL,
  `created_at` timestamp NOT NULL DEFAULT CURRENT_TIMESTAMP,
  `updated_at` timestamp NOT NULL DEFAULT CURRENT_TIMESTAMP ON UPDATE CURRENT_TIMESTAMP,
  PRIMARY KEY (`id`),
  UNIQUE KEY `expense_number` (`expense_number`),
  KEY `idx_shift_id` (`shift_id`),
  KEY `idx_payment_method_id` (`payment_method_id`),
  KEY `idx_expenses_transactions_date` (`expense_date`),
  KEY `idx_expenses_transactions_status` (`payment_status`,`approval_status`),
  KEY `idx_expenses_transactions_vendor` (`vendor_id`),
  KEY `idx_expenses_transactions_category` (`category_id`)
) ENGINE=InnoDB AUTO_INCREMENT=53 DEFAULT CHARSET=utf8mb4 COLLATE=utf8mb4_unicode_ci;

--
-- Dumping data for table `MAN9234_expenses_transactions`
--

INSERT INTO `MAN9234_expenses_transactions` VALUES (1,'EXP202508010001',19,NULL,1,'2025-08-01 06:49:20',210.00,0.00,210.00,'PHP',1.0000,'Allowance','',1,'PAID','APPROVED','NONE',1,NULL,NULL,'','','u3ihEMm1nYccehFt7ibt1jBO2s82',NULL,NULL,'2025-07-31 22:49:32','2025-07-31 22:49:32'),(2,'EXP202508010002',19,NULL,1,'2025-08-01 06:50:29',180.00,0.00,180.00,'PHP',1.0000,'Allowance','',1,'PAID','APPROVED','NONE',1,NULL,NULL,'','','u3ihEMm1nYccehFt7ibt1jBO2s82',NULL,NULL,'2025-07-31 22:50:39','2025-07-31 22:50:39'),(3,'EXP202508010003',13,NULL,1,'2025-08-01 10:56:58',132.00,0.00,132.00,'PHP',1.0000,'KG','',1,'PAID','APPROVED','NONE',1,NULL,NULL,'','','u3ihEMm1nYccehFt7ibt1jBO2s82',NULL,NULL,'2025-08-01 02:57:06','2025-08-01 02:57:06'),(4,'EXP202508010004',1,NULL,1,'2025-08-01 10:57:21',30.00,0.00,30.00,'PHP',1.0000,'Packaging','',1,'PAID','APPROVED','NONE',1,NULL,NULL,'','','u3ihEMm1nYccehFt7ibt1jBO2s82',NULL,NULL,'2025-08-01 02:57:29','2025-08-01 02:57:29'),(5,'EXP202508010005',15,NULL,1,'2025-08-01 10:57:35',50.00,0.00,50.00,'PHP',1.0000,'Advances','',1,'PAID','APPROVED','NONE',1,NULL,NULL,'','','u3ihEMm1nYccehFt7ibt1jBO2s82',NULL,NULL,'2025-08-01 02:57:45','2025-08-01 02:57:45'),(6,'EXP202508010006',19,NULL,1,'2025-08-01 13:21:09',267.00,0.00,267.00,'PHP',1.0000,'Eggs','',1,'PAID','APPROVED','NONE',1,NULL,NULL,'','','u3ihEMm1nYccehFt7ibt1jBO2s82',NULL,NULL,'2025-08-01 05:21:45','2025-08-04 22:30:17'),(7,'EXP202508010007',13,NULL,1,'2025-08-01 16:12:54',48.00,0.00,48.00,'PHP',1.0000,'Ingredients','',1,'PAID','APPROVED','NONE',1,NULL,NULL,'','','u3ihEMm1nYccehFt7ibt1jBO2s82',NULL,NULL,'2025-08-01 08:13:03','2025-08-01 08:13:03'),(8,'EXP202508010008',15,NULL,1,'2025-08-01 16:30:38',30.00,0.00,30.00,'PHP',1.0000,'Advances','',1,'PAID','APPROVED','NONE',1,NULL,NULL,'','','u3ihEMm1nYccehFt7ibt1jBO2s82',NULL,NULL,'2025-08-01 08:30:45','2025-08-01 08:30:45'),(9,'EXP202508010009',19,NULL,1,'2025-08-01 18:16:33',47.00,0.00,47.00,'PHP',1.0000,'Allowance','',1,'PAID','APPROVED','NONE',1,NULL,NULL,'','','u3ihEMm1nYccehFt7ibt1jBO2s82',NULL,NULL,'2025-08-01 10:16:45','2025-08-01 10:16:45'),(10,'EXP202508010010',15,NULL,2,'2025-08-01 22:09:42',176.00,0.00,176.00,'PHP',1.0000,'Ots - Advances','',1,'PAID','APPROVED','NONE',1,NULL,NULL,'','','kbecR5EMZmdJGKAuSW0HmtIpGvK2',NULL,NULL,'2025-08-01 14:09:58','2025-08-01 14:09:58'),(11,'EXP202508010011',15,NULL,2,'2025-08-01 22:11:47',50.00,0.00,50.00,'PHP',1.0000,'Jake - Advances','',1,'PAID','APPROVED','NONE',1,NULL,NULL,'','','kbecR5EMZmdJGKAuSW0HmtIpGvK2',NULL,NULL,'2025-08-01 14:11:58','2025-08-01 14:11:58'),(12,'EXP202508020001',19,NULL,3,'2025-08-02 07:10:32',130.00,0.00,130.00,'PHP',1.0000,'Bran - Allowance','',1,'PAID','APPROVED','NONE',1,NULL,NULL,'','','u3ihEMm1nYccehFt7ibt1jBO2s82',NULL,NULL,'2025-08-01 23:10:42','2025-08-01 23:10:42'),(13,'EXP202508020002',15,NULL,3,'2025-08-02 12:35:28',50.00,0.00,50.00,'PHP',1.0000,'Jake - Advances','',1,'PAID','APPROVED','NONE',1,NULL,NULL,'','','u3ihEMm1nYccehFt7ibt1jBO2s82',NULL,NULL,'2025-08-02 04:35:35','2025-08-02 04:35:35'),(14,'EXP202508020003',13,NULL,4,'2025-08-02 14:30:13',2375.00,0.00,2375.00,'PHP',1.0000,'Purchases - Poultry (skin)','',1,'PAID','APPROVED','NONE',1,NULL,NULL,'','','kbecR5EMZmdJGKAuSW0HmtIpGvK2',NULL,NULL,'2025-08-02 06:30:59','2025-08-02 06:30:59'),(15,'EXP202508020004',15,NULL,3,'2025-08-02 16:51:17',10.00,0.00,10.00,'PHP',1.0000,'Jake - Advances','',1,'PAID','APPROVED','NONE',1,NULL,NULL,'','','u3ihEMm1nYccehFt7ibt1jBO2s82',NULL,NULL,'2025-08-02 08:51:22','2025-08-02 08:51:22'),(16,'EXP202508020005',15,NULL,3,'2025-08-02 19:06:35',1000.00,0.00,1000.00,'PHP',1.0000,'Jake - Advances','',1,'PAID','APPROVED','NONE',1,NULL,NULL,'','','u3ihEMm1nYccehFt7ibt1jBO2s82',NULL,NULL,'2025-08-02 11:06:45','2025-08-02 11:06:45'),(17,'EXP202508020006',15,NULL,4,'2025-08-02 19:50:35',176.00,0.00,176.00,'PHP',1.0000,'Ots - Advances','',1,'PAID','APPROVED','NONE',1,NULL,NULL,'','','kbecR5EMZmdJGKAuSW0HmtIpGvK2',NULL,NULL,'2025-08-02 11:50:46','2025-08-02 11:50:46'),(18,'EXP202508030001',15,NULL,4,'2025-08-03 07:10:52',700.00,0.00,700.00,'PHP',1.0000,'Jake - Advances','',1,'PAID','APPROVED','NONE',1,NULL,NULL,'','','kbecR5EMZmdJGKAuSW0HmtIpGvK2',NULL,NULL,'2025-08-02 23:11:00','2025-08-02 23:11:00'),(19,'EXP202508030002',10,NULL,4,'2025-08-03 10:28:02',40.00,0.00,40.00,'PHP',1.0000,'GCash Fee','',1,'PAID','DRAFT','NONE',1,NULL,NULL,'','','kbecR5EMZmdJGKAuSW0HmtIpGvK2',NULL,NULL,'2025-08-03 02:28:26','2025-08-03 02:28:26'),(20,'EXP202508030003',15,NULL,4,'2025-08-03 12:36:30',450.00,0.00,450.00,'PHP',1.0000,'Jake - Advances','',1,'PAID','APPROVED','NONE',1,NULL,NULL,'','','kbecR5EMZmdJGKAuSW0HmtIpGvK2',NULL,NULL,'2025-08-03 04:36:37','2025-08-03 04:36:37'),(21,'EXP202508040001',15,NULL,6,'2025-08-04 10:43:15',350.00,0.00,350.00,'PHP',1.0000,'Jake - Advances','',1,'PAID','APPROVED','NONE',1,NULL,NULL,'','','u3ihEMm1nYccehFt7ibt1jBO2s82',NULL,NULL,'2025-08-04 02:43:23','2025-08-04 02:43:23'),(22,'EXP202508040002',15,NULL,6,'2025-08-04 17:19:17',160.00,0.00,160.00,'PHP',1.0000,'Jake - Advances','',1,'PAID','APPROVED','NONE',1,NULL,NULL,'','','u3ihEMm1nYccehFt7ibt1jBO2s82',NULL,NULL,'2025-08-04 09:19:29','2025-08-04 09:19:29'),(23,'EXP202508040003',15,NULL,6,'2025-08-04 19:19:55',105.00,0.00,105.00,'PHP',1.0000,'Jake - Advances','',1,'PAID','APPROVED','NONE',1,NULL,NULL,'','','u3ihEMm1nYccehFt7ibt1jBO2s82',NULL,NULL,'2025-08-04 11:20:03','2025-08-04 11:20:03'),(24,'EXP202508050001',19,NULL,5,'2025-08-05 05:53:36',65.00,0.00,65.00,'PHP',1.0000,'Bran - Allowance bf','',1,'PAID','APPROVED','NONE',1,NULL,NULL,'','','kbecR5EMZmdJGKAuSW0HmtIpGvK2',NULL,NULL,'2025-08-04 21:54:18','2025-08-04 21:54:18'),(25,'EXP202508050002',13,NULL,7,'2025-08-05 06:08:11',250.00,0.00,250.00,'PHP',1.0000,'Rice - KG','',1,'PAID','APPROVED','NONE',1,NULL,NULL,'','','u3ihEMm1nYccehFt7ibt1jBO2s82',NULL,NULL,'2025-08-04 22:08:18','2025-08-04 22:08:18'),(26,'EXP202508050003',13,NULL,7,'2025-08-05 10:14:34',132.00,0.00,132.00,'PHP',1.0000,'Flour - KG','',1,'PAID','APPROVED','NONE',1,NULL,NULL,'','','u3ihEMm1nYccehFt7ibt1jBO2s82',NULL,NULL,'2025-08-05 02:14:40','2025-08-05 02:14:40'),(27,'EXP202508050004',1,NULL,7,'2025-08-05 10:50:23',20.00,0.00,20.00,'PHP',1.0000,'Supplies - Packaging','',1,'PAID','APPROVED','NONE',1,NULL,NULL,'','','u3ihEMm1nYccehFt7ibt1jBO2s82',NULL,NULL,'2025-08-05 02:50:41','2025-08-05 02:50:41'),(28,'EXP202508050005',15,NULL,7,'2025-08-05 10:50:47',63.00,0.00,63.00,'PHP',1.0000,'Jake - Advances','',1,'PAID','APPROVED','NONE',1,NULL,NULL,'','','u3ihEMm1nYccehFt7ibt1jBO2s82',NULL,NULL,'2025-08-05 02:50:54','2025-08-05 02:50:54'),(29,'EXP202508050006',15,NULL,7,'2025-08-05 12:34:09',63.00,0.00,63.00,'PHP',1.0000,'Jake - Advances','',1,'PAID','APPROVED','NONE',1,NULL,NULL,'','','u3ihEMm1nYccehFt7ibt1jBO2s82',NULL,NULL,'2025-08-05 04:34:15','2025-08-05 04:34:15'),(30,'EXP202508050007',15,NULL,8,'2025-08-05 12:36:01',232.00,0.00,232.00,'PHP',1.0000,'Ots - Advances','',1,'PAID','APPROVED','NONE',1,NULL,NULL,'','','kbecR5EMZmdJGKAuSW0HmtIpGvK2',NULL,NULL,'2025-08-05 04:36:07','2025-08-05 04:36:07'),(31,'EXP202508050008',6,NULL,7,'2025-08-05 14:03:02',70.00,0.00,70.00,'PHP',1.0000,'Delivery - E-Bike','',1,'PAID','APPROVED','NONE',1,NULL,NULL,'','','u3ihEMm1nYccehFt7ibt1jBO2s82',NULL,NULL,'2025-08-05 06:03:08','2025-08-05 06:03:08'),(32,'EXP202508050009',15,NULL,7,'2025-08-05 16:41:55',31.00,0.00,31.00,'PHP',1.0000,'Jake - Advances','',1,'PAID','APPROVED','NONE',1,NULL,NULL,'','','u3ihEMm1nYccehFt7ibt1jBO2s82',NULL,NULL,'2025-08-05 08:42:03','2025-08-05 08:42:03'),(33,'EXP202508050010',15,NULL,7,'2025-08-05 18:05:57',20.00,0.00,20.00,'PHP',1.0000,'Jake - Advances','',1,'PAID','APPROVED','NONE',1,NULL,NULL,'','','u3ihEMm1nYccehFt7ibt1jBO2s82',NULL,NULL,'2025-08-05 10:06:03','2025-08-05 10:06:03'),(34,'EXP202508050011',15,NULL,7,'2025-08-05 20:35:35',100.00,0.00,100.00,'PHP',1.0000,'Jake - Advances','',1,'PAID','APPROVED','NONE',1,NULL,NULL,'','','u3ihEMm1nYccehFt7ibt1jBO2s82',NULL,NULL,'2025-08-05 12:35:41','2025-08-05 12:35:41'),(35,'EXP202508060001',19,NULL,9,'2025-08-06 06:15:43',70.00,0.00,70.00,'PHP',1.0000,'Bran - Allowance bf','',1,'PAID','APPROVED','NONE',1,NULL,NULL,'','','u3ihEMm1nYccehFt7ibt1jBO2s82',NULL,NULL,'2025-08-05 22:16:51','2025-08-05 22:16:51'),(36,'EXP202508060002',19,NULL,9,'2025-08-06 08:51:11',180.00,0.00,180.00,'PHP',1.0000,'Bran - Allowance','',1,'PAID','APPROVED','NONE',1,NULL,NULL,'','','u3ihEMm1nYccehFt7ibt1jBO2s82',NULL,NULL,'2025-08-06 00:52:57','2025-08-06 00:52:57'),(37,'EXP202508060003',18,NULL,9,'2025-08-06 09:10:12',200.00,0.00,200.00,'PHP',1.0000,'Meals - House','',1,'CANCELLED','REJECTED','NONE',1,NULL,NULL,'',' [VOIDED]','u3ihEMm1nYccehFt7ibt1jBO2s82',NULL,NULL,'2025-08-06 01:10:21','2025-08-06 03:10:28'),(38,'EXP202508060004',13,NULL,9,'2025-08-06 09:59:28',132.00,0.00,132.00,'PHP',1.0000,'Flour - KG','',1,'PAID','APPROVED','NONE',1,NULL,NULL,'','','u3ihEMm1nYccehFt7ibt1jBO2s82',NULL,NULL,'2025-08-06 01:59:34','2025-08-06 01:59:34'),(39,'EXP202508060005',1,NULL,9,'2025-08-06 09:59:40',20.00,0.00,20.00,'PHP',1.0000,'Supplies - Packaging','',1,'PAID','APPROVED','NONE',1,NULL,NULL,'','','u3ihEMm1nYccehFt7ibt1jBO2s82',NULL,NULL,'2025-08-06 01:59:45','2025-08-06 01:59:45'),(40,'EXP202508060006',19,NULL,9,'2025-08-06 10:32:43',150.00,0.00,150.00,'PHP',1.0000,'Water - Drinking','',1,'PAID','APPROVED','NONE',1,NULL,NULL,'','','u3ihEMm1nYccehFt7ibt1jBO2s82',NULL,NULL,'2025-08-06 02:32:56','2025-08-06 02:32:56'),(41,'EXP202508060007',19,NULL,9,'2025-08-06 11:14:12',100.00,0.00,100.00,'PHP',1.0000,'Fish & Veg - Cash','',1,'PAID','APPROVED','NONE',1,NULL,NULL,'','','u3ihEMm1nYccehFt7ibt1jBO2s82',NULL,NULL,'2025-08-06 03:14:28','2025-08-06 03:14:28'),(42,'EXP202508060008',18,NULL,9,'2025-08-06 11:14:56',100.00,0.00,100.00,'PHP',1.0000,'Meals - House','',1,'PAID','APPROVED','NONE',1,NULL,NULL,'','','u3ihEMm1nYccehFt7ibt1jBO2s82',NULL,NULL,'2025-08-06 03:15:03','2025-08-06 03:15:03'),(43,'EXP202508060009',15,NULL,9,'2025-08-06 11:15:18',200.00,0.00,200.00,'PHP',1.0000,'Jake - Advances','',1,'PAID','APPROVED','NONE',1,NULL,NULL,'','','u3ihEMm1nYccehFt7ibt1jBO2s82',NULL,NULL,'2025-08-06 03:15:23','2025-08-06 03:15:23'),(44,'EXP202508060010',6,NULL,9,'2025-08-06 13:44:13',30.00,0.00,30.00,'PHP',1.0000,'Delivery - E-Bike','',1,'PAID','APPROVED','NONE',1,NULL,NULL,'','','u3ihEMm1nYccehFt7ibt1jBO2s82',NULL,NULL,'2025-08-06 05:44:21','2025-08-06 05:44:21'),(45,'EXP202508060011',19,NULL,10,'2025-08-06 20:05:04',70.00,0.00,70.00,'PHP',1.0000,'Gasul - Transpo','',1,'PAID','DRAFT','NONE',1,NULL,NULL,'','','kbecR5EMZmdJGKAuSW0HmtIpGvK2',NULL,NULL,'2025-08-06 12:12:46','2025-08-06 12:12:46'),(46,'EXP202508060012',13,NULL,10,'2025-08-06 20:06:36',3150.00,0.00,3150.00,'PHP',1.0000,'Purchases - Poultry','',1,'PAID','APPROVED','NONE',1,NULL,NULL,'','','kbecR5EMZmdJGKAuSW0HmtIpGvK2',NULL,NULL,'2025-08-06 12:12:47','2025-08-06 12:12:47'),(47,'EXP202508060013',15,NULL,9,'2025-08-06 17:51:37',20.00,0.00,20.00,'PHP',1.0000,'Jake - Advances','',1,'PAID','APPROVED','NONE',1,NULL,NULL,'','','u3ihEMm1nYccehFt7ibt1jBO2s82',NULL,NULL,'2025-08-06 15:04:18','2025-08-06 15:04:18'),(48,'EXP202508070001',13,NULL,11,'2025-08-07 06:50:36',250.00,0.00,250.00,'PHP',1.0000,'Rice - KG','',1,'PAID','APPROVED','NONE',1,NULL,NULL,'','','u3ihEMm1nYccehFt7ibt1jBO2s82',NULL,NULL,'2025-08-06 22:50:46','2025-08-06 22:50:46'),(49,'EXP202508070002',19,NULL,11,'2025-08-07 07:15:42',180.00,0.00,180.00,'PHP',1.0000,'Bran - Allowance','',1,'PAID','APPROVED','NONE',1,NULL,NULL,'','','u3ihEMm1nYccehFt7ibt1jBO2s82',NULL,NULL,'2025-08-06 23:15:50','2025-08-06 23:15:50'),(50,'EXP202508070003',1,NULL,11,'2025-08-07 10:21:06',30.00,0.00,30.00,'PHP',1.0000,'Supplies - Packaging','',1,'PAID','APPROVED','NONE',1,NULL,NULL,'','','u3ihEMm1nYccehFt7ibt1jBO2s82',NULL,NULL,'2025-08-07 02:21:23','2025-08-07 02:21:23'),(51,'EXP202508070004',18,NULL,11,'2025-08-07 13:25:09',37.00,0.00,37.00,'PHP',1.0000,'Meals - House','',1,'PAID','APPROVED','NONE',1,NULL,NULL,'','','u3ihEMm1nYccehFt7ibt1jBO2s82',NULL,NULL,'2025-08-07 05:25:16','2025-08-07 05:25:16'),(52,'EXP202508070005',6,NULL,11,'2025-08-07 14:14:24',70.00,0.00,70.00,'PHP',1.0000,'Delivery - E-Bike','',1,'PAID','APPROVED','NONE',1,NULL,NULL,'','','u3ihEMm1nYccehFt7ibt1jBO2s82',NULL,NULL,'2025-08-07 06:14:30','2025-08-07 06:14:30');

--
-- Table structure for table `MAN9234_expenses_vendors`
--

CREATE TABLE `MAN9234_expenses_vendors` (
  `id` int(11) NOT NULL AUTO_INCREMENT,
  `vendor_code` varchar(50) COLLATE utf8mb4_unicode_ci NOT NULL,
  `vendor_name` varchar(200) COLLATE utf8mb4_unicode_ci NOT NULL,
  `contact_person` varchar(100) COLLATE utf8mb4_unicode_ci DEFAULT NULL,
  `email` varchar(100) COLLATE utf8mb4_unicode_ci DEFAULT NULL,
  `phone` varchar(20) COLLATE utf8mb4_unicode_ci DEFAULT NULL,
  `address` text COLLATE utf8mb4_unicode_ci,
  `tax_id` varchar(50) COLLATE utf8mb4_unicode_ci DEFAULT NULL,
  `payment_terms` varchar(100) COLLATE utf8mb4_unicode_ci DEFAULT NULL,
  `currency_code` varchar(3) COLLATE utf8mb4_unicode_ci DEFAULT 'PHP',
  `is_active` tinyint(1) DEFAULT '1',
  `notes` text COLLATE utf8mb4_unicode_ci,
  `created_at` timestamp NOT NULL DEFAULT CURRENT_TIMESTAMP,
  `updated_at` timestamp NOT NULL DEFAULT CURRENT_TIMESTAMP ON UPDATE CURRENT_TIMESTAMP,
  PRIMARY KEY (`id`),
  UNIQUE KEY `vendor_code` (`vendor_code`)
) ENGINE=InnoDB AUTO_INCREMENT=6 DEFAULT CHARSET=utf8mb4 COLLATE=utf8mb4_unicode_ci;

--
-- Dumping data for table `MAN9234_expenses_vendors`
--

INSERT INTO `MAN9234_expenses_vendors` VALUES (1,'VENDOR001','General Supplier','Contact Person','contact@supplier.com','+1234567890','123 Supplier St, City','TAX123456','Net 30','PHP',1,NULL,'2025-07-31 18:58:21','2025-07-31 18:58:21'),(2,'VENDOR002','Office Supplies Co.','Office Manager','office@supplies.com','+1234567891','456 Office Ave, City','TAX123457','Net 15','PHP',1,NULL,'2025-07-31 18:58:21','2025-07-31 18:58:21'),(3,'VENDOR003','Utility Company','Billing Dept','billing@utility.com','+1234567892','789 Utility Blvd, City','TAX123458','Due on receipt','PHP',1,NULL,'2025-07-31 18:58:21','2025-07-31 18:58:21'),(4,'VENDOR004','Marketing Agency','Account Manager','accounts@marketing.com','+1234567893','321 Marketing Rd, City','TAX123459','Net 30','PHP',1,NULL,'2025-07-31 18:58:21','2025-07-31 18:58:21'),(5,'VENDOR005','Maintenance Services','Service Manager','service@maintenance.com','+1234567894','654 Service Ln, City','TAX123460','Net 15','PHP',1,NULL,'2025-07-31 18:58:21','2025-07-31 18:58:21');

--
-- Table structure for table `MAN9234_payment_method`
--

CREATE TABLE `MAN9234_payment_method` (
  `id` int(11) NOT NULL AUTO_INCREMENT,
  `method_code` varchar(50) NOT NULL,
  `method_name` varchar(100) NOT NULL,
  `account_number` varchar(100) DEFAULT NULL COMMENT 'Account number, card number, or other identifier',
  `description` text,
  `is_system` tinyint(1) NOT NULL DEFAULT '0' COMMENT '1 for system methods (CASH, CREDIT), 0 for user methods',
  `is_active` tinyint(1) NOT NULL DEFAULT '1',
  `display_order` int(11) DEFAULT '0',
  `requires_reference` tinyint(1) DEFAULT '0',
  `created_at` timestamp NOT NULL DEFAULT CURRENT_TIMESTAMP,
  `updated_at` timestamp NOT NULL DEFAULT CURRENT_TIMESTAMP ON UPDATE CURRENT_TIMESTAMP,
  PRIMARY KEY (`id`),
  UNIQUE KEY `uniq_method_code_account` (`method_code`,`account_number`),
  KEY `idx_method_code` (`method_code`),
  KEY `idx_is_system` (`is_system`),
  KEY `idx_is_active` (`is_active`),
  KEY `idx_display_order` (`display_order`)
) ENGINE=InnoDB AUTO_INCREMENT=4 DEFAULT CHARSET=utf8mb4;

--
-- Dumping data for table `MAN9234_payment_method`
--

INSERT INTO `MAN9234_payment_method` VALUES (1,'CASH','Cash',NULL,NULL,1,1,1,0,'2025-07-31 18:58:21','2025-07-31 18:58:21'),(2,'CREDIT','Credit',NULL,NULL,1,1,2,0,'2025-07-31 18:58:21','2025-07-31 18:58:21'),(3,'DIGITAL_WALLET','GCash','9776506236',NULL,0,1,0,0,'2025-07-31 21:06:39','2025-07-31 21:06:39');

--
-- Table structure for table `MAN9234_product_barcodes`
--

CREATE TABLE `MAN9234_product_barcodes` (
  `barcode_id` int(11) NOT NULL AUTO_INCREMENT,
  `product_id` int(11) NOT NULL,
  `variant_id` int(11) DEFAULT NULL,
  `barcode` varchar(255) NOT NULL,
  `barcode_type` enum('UPC','EAN8','EAN13','CODE128','CODE39','QR','CUSTOM') NOT NULL DEFAULT 'EAN13',
  `is_primary` tinyint(1) DEFAULT '0',
  `is_active` tinyint(1) DEFAULT '1',
  `created_at` timestamp NOT NULL DEFAULT CURRENT_TIMESTAMP,
  `created_by` varchar(128) DEFAULT NULL,
  PRIMARY KEY (`barcode_id`),
  UNIQUE KEY `unique_barcode` (`barcode`),
  KEY `idx_product_barcode` (`product_id`)
) ENGINE=InnoDB DEFAULT CHARSET=utf8mb4;

--
-- Dumping data for table `MAN9234_product_barcodes`
--


--
-- Table structure for table `MAN9234_product_brands`
--

CREATE TABLE `MAN9234_product_brands` (
  `brand_id` int(11) NOT NULL AUTO_INCREMENT,
  `brand_name` varchar(100) NOT NULL,
  `brand_description` text,
  `brand_logo` varchar(255) DEFAULT NULL,
  `is_active` tinyint(1) DEFAULT '1',
  `created_at` timestamp NOT NULL DEFAULT CURRENT_TIMESTAMP,
  `updated_at` timestamp NOT NULL DEFAULT CURRENT_TIMESTAMP ON UPDATE CURRENT_TIMESTAMP,
  PRIMARY KEY (`brand_id`),
  UNIQUE KEY `unique_brand_name` (`brand_name`)
) ENGINE=InnoDB AUTO_INCREMENT=2 DEFAULT CHARSET=utf8mb4;

--
-- Dumping data for table `MAN9234_product_brands`
--

INSERT INTO `MAN9234_product_brands` VALUES (1,'No Brand','Default brand for products without specific brand',NULL,1,'2025-07-31 18:58:22','2025-07-31 18:58:22');

--
-- Table structure for table `MAN9234_product_categories`
--

CREATE TABLE `MAN9234_product_categories` (
  `category_id` int(11) NOT NULL AUTO_INCREMENT,
  `category_name` varchar(100) NOT NULL,
  `category_description` text,
  `parent_category_id` int(11) DEFAULT NULL,
  `category_color` varchar(7) DEFAULT '#2196F3',
  `category_icon` varchar(50) DEFAULT 'category',
  `sort_order` int(11) DEFAULT '0',
  `is_active` tinyint(1) DEFAULT '1',
  `created_at` timestamp NOT NULL DEFAULT CURRENT_TIMESTAMP,
  `updated_at` timestamp NOT NULL DEFAULT CURRENT_TIMESTAMP ON UPDATE CURRENT_TIMESTAMP,
  PRIMARY KEY (`category_id`),
  KEY `idx_parent_category` (`parent_category_id`),
  KEY `idx_active_sort` (`is_active`,`sort_order`)
) ENGINE=InnoDB AUTO_INCREMENT=5 DEFAULT CHARSET=utf8mb4;

--
-- Dumping data for table `MAN9234_product_categories`
--

INSERT INTO `MAN9234_product_categories` VALUES (1,'General','Default category for products',NULL,'#2196F3','category',0,1,'2025-07-31 18:58:22','2025-07-31 18:58:22'),(2,'Ready-To-Eat','',NULL,'#2196F3','category',0,1,'2025-07-31 18:59:14','2025-07-31 18:59:14'),(3,'Cut-ups','',NULL,'#2196F3','category',0,1,'2025-07-31 19:06:47','2025-07-31 19:06:47'),(4,'Whole','',NULL,'#2196F3','category',0,1,'2025-07-31 19:09:37','2025-07-31 19:09:37');

--
-- Table structure for table `MAN9234_product_combos`
--

CREATE TABLE `MAN9234_product_combos` (
  `combo_id` int(11) NOT NULL AUTO_INCREMENT,
  `parent_product_id` int(11) NOT NULL,
  `component_product_id` int(11) NOT NULL,
  `component_variant_id` int(11) DEFAULT NULL,
  `quantity_required` decimal(10,3) NOT NULL,
  `is_optional` tinyint(1) DEFAULT '0',
  `option_group` varchar(50) DEFAULT NULL,
  `max_selections` int(11) DEFAULT '1',
  `sort_order` int(11) DEFAULT '0',
  `created_at` timestamp NOT NULL DEFAULT CURRENT_TIMESTAMP,
  PRIMARY KEY (`combo_id`),
  KEY `idx_parent_product` (`parent_product_id`),
  KEY `idx_component_product` (`component_product_id`)
) ENGINE=InnoDB DEFAULT CHARSET=utf8mb4;

--
-- Dumping data for table `MAN9234_product_combos`
--


--
-- Table structure for table `MAN9234_product_extras`
--

CREATE TABLE `MAN9234_product_extras` (
  `extra_id` int(11) NOT NULL AUTO_INCREMENT,
  `extra_name` varchar(255) NOT NULL,
  `extra_description` text,
  `extra_type` enum('addon','service','charge','discount') NOT NULL DEFAULT 'addon',
  `extra_price` decimal(10,2) NOT NULL DEFAULT '0.00',
  `is_percentage` tinyint(1) DEFAULT '0',
  `applicable_categories` json DEFAULT NULL,
  `applicable_products` json DEFAULT NULL,
  `min_quantity` decimal(10,3) DEFAULT '1.000',
  `max_quantity` decimal(10,3) DEFAULT NULL,
  `is_required` tinyint(1) DEFAULT '0',
  `requires_input` tinyint(1) DEFAULT '0',
  `is_active` tinyint(1) DEFAULT '1',
  `sort_order` int(11) DEFAULT '0',
  `created_at` timestamp NOT NULL DEFAULT CURRENT_TIMESTAMP,
  PRIMARY KEY (`extra_id`),
  KEY `idx_extra_type` (`extra_type`),
  KEY `idx_active_sort` (`is_active`,`sort_order`)
) ENGINE=InnoDB DEFAULT CHARSET=utf8mb4;

--
-- Dumping data for table `MAN9234_product_extras`
--


--
-- Table structure for table `MAN9234_product_serial_numbers`
--

CREATE TABLE `MAN9234_product_serial_numbers` (
  `serial_id` int(11) NOT NULL AUTO_INCREMENT,
  `product_id` int(11) NOT NULL,
  `variant_id` int(11) DEFAULT NULL,
  `serial_number` varchar(100) NOT NULL,
  `batch_lot_number` varchar(50) DEFAULT NULL,
  `manufacturing_date` date DEFAULT NULL,
  `expiry_date` date DEFAULT NULL,
  `purchase_date` date DEFAULT NULL,
  `supplier_id` int(11) DEFAULT NULL,
  `cost_price` decimal(10,2) DEFAULT NULL,
  `status` enum('available','sold','reserved','damaged','returned','transferred') DEFAULT 'available',
  `location_id` int(11) DEFAULT NULL,
  `notes` text,
  `sold_date` datetime DEFAULT NULL,
  `sold_to_customer` varchar(255) DEFAULT NULL,
  `warranty_expires` date DEFAULT NULL,
  `created_at` timestamp NOT NULL DEFAULT CURRENT_TIMESTAMP,
  `updated_at` timestamp NOT NULL DEFAULT CURRENT_TIMESTAMP ON UPDATE CURRENT_TIMESTAMP,
  `created_by` varchar(100) DEFAULT NULL,
  PRIMARY KEY (`serial_id`),
  UNIQUE KEY `idx_product_serial_unique` (`product_id`,`serial_number`),
  KEY `idx_product_serial` (`product_id`),
  KEY `idx_status` (`status`),
  KEY `idx_expiry_date` (`expiry_date`)
) ENGINE=InnoDB DEFAULT CHARSET=utf8mb4;

--
-- Dumping data for table `MAN9234_product_serial_numbers`
--


--
-- Table structure for table `MAN9234_product_units`
--

CREATE TABLE `MAN9234_product_units` (
  `unit_id` int(11) NOT NULL AUTO_INCREMENT,
  `unit_name` varchar(50) NOT NULL,
  `unit_symbol` varchar(10) NOT NULL,
  `unit_type` enum('weight','volume','length','quantity','time','area') NOT NULL,
  `base_unit_conversion` decimal(15,6) DEFAULT '1.000000',
  `is_decimal_allowed` tinyint(1) DEFAULT '1',
  `is_active` tinyint(1) DEFAULT '1',
  `created_at` timestamp NOT NULL DEFAULT CURRENT_TIMESTAMP,
  PRIMARY KEY (`unit_id`),
  UNIQUE KEY `unique_unit_symbol` (`unit_symbol`)
) ENGINE=InnoDB AUTO_INCREMENT=11 DEFAULT CHARSET=utf8mb4;

--
-- Dumping data for table `MAN9234_product_units`
--

INSERT INTO `MAN9234_product_units` VALUES (1,'Piece','pcs','quantity',1.000000,1,1,'2025-07-31 18:58:22'),(2,'Kilogram','kg','weight',1.000000,1,1,'2025-07-31 18:58:22'),(3,'Gram','g','weight',1.000000,1,1,'2025-07-31 18:58:22'),(4,'Liter','L','volume',1.000000,1,1,'2025-07-31 18:58:22'),(5,'Milliliter','mL','volume',1.000000,1,1,'2025-07-31 18:58:22'),(6,'Meter','m','length',1.000000,1,1,'2025-07-31 18:58:22'),(7,'Centimeter','cm','length',1.000000,1,1,'2025-07-31 18:58:22'),(8,'Box','box','quantity',1.000000,1,1,'2025-07-31 18:58:22'),(9,'Pack','pack','quantity',1.000000,1,1,'2025-07-31 18:58:22'),(10,'Bottle','bottle','quantity',1.000000,1,1,'2025-07-31 18:58:22');

--
-- Table structure for table `MAN9234_product_variants`
--

CREATE TABLE `MAN9234_product_variants` (
  `variant_id` int(11) NOT NULL AUTO_INCREMENT,
  `product_id` int(11) NOT NULL,
  `variant_name` varchar(100) NOT NULL,
  `variant_type` varchar(50) NOT NULL,
  `variant_code` varchar(50) DEFAULT NULL,
  `variant_description` text,
  `price_adjustment` decimal(10,2) DEFAULT '0.00',
  `cost_adjustment` decimal(10,2) DEFAULT '0.00',
  `stock_quantity` decimal(15,3) DEFAULT '0.000',
  `variant_image` varchar(500) DEFAULT NULL,
  `sort_order` int(11) DEFAULT '0',
  `is_active` tinyint(1) DEFAULT '1',
  `created_at` timestamp NOT NULL DEFAULT CURRENT_TIMESTAMP,
  `updated_at` timestamp NOT NULL DEFAULT CURRENT_TIMESTAMP ON UPDATE CURRENT_TIMESTAMP,
  PRIMARY KEY (`variant_id`),
  KEY `idx_product_variant` (`product_id`,`variant_type`),
  KEY `idx_variant_code` (`variant_code`)
) ENGINE=InnoDB AUTO_INCREMENT=11 DEFAULT CHARSET=utf8mb4;

--
-- Dumping data for table `MAN9234_product_variants`
--

INSERT INTO `MAN9234_product_variants` VALUES (9,3,'Regular','Flavor',NULL,NULL,0.00,0.00,4.000,NULL,0,1,'2025-08-04 00:04:48','2025-08-07 06:48:01'),(10,3,'Spicy','Flavor',NULL,NULL,0.00,0.00,0.000,NULL,0,1,'2025-08-04 00:04:48','2025-08-06 09:15:57');

--
-- Table structure for table `MAN9234_products`
--

CREATE TABLE `MAN9234_products` (
  `product_id` int(11) NOT NULL AUTO_INCREMENT,
  `product_code` varchar(50) DEFAULT NULL,
  `product_name` varchar(255) NOT NULL,
  `product_description` text,
  `short_description` varchar(500) DEFAULT NULL,
  `category_id` int(11) NOT NULL,
  `brand_id` int(11) DEFAULT NULL,
  `unit_id` int(11) NOT NULL,
  `sell_type` enum('unit','weight','combo','service') NOT NULL DEFAULT 'unit',
  `sell_price` decimal(12,2) NOT NULL DEFAULT '0.00',
  `cost_price` decimal(12,2) DEFAULT '0.00',
  `wholesale_price` decimal(12,2) DEFAULT '0.00',
  `tax_rate` decimal(5,2) DEFAULT '0.00',
  `discount_percentage` decimal(5,2) DEFAULT '0.00',
  `track_inventory` tinyint(1) DEFAULT '1',
  `current_stock` decimal(15,3) DEFAULT '0.000',
  `reserved_stock` decimal(15,3) DEFAULT '0.000',
  `reorder_level` decimal(15,3) DEFAULT '0.000',
  `reorder_quantity` decimal(15,3) DEFAULT '0.000',
  `max_stock_level` decimal(15,3) DEFAULT NULL,
  `image_path` varchar(500) DEFAULT NULL,
  `additional_images` json DEFAULT NULL,
  `product_specifications` json DEFAULT NULL,
  `is_favorite` tinyint(1) DEFAULT '0',
  `is_featured` tinyint(1) DEFAULT '0',
  `is_active` tinyint(1) DEFAULT '1',
  `allow_decimal_quantity` tinyint(1) DEFAULT '0',
  `has_variants` tinyint(1) DEFAULT '0',
  `has_combo` tinyint(1) DEFAULT '0',
  `has_serial_numbers` tinyint(1) DEFAULT '0',
  `has_expiry_date` tinyint(1) DEFAULT '0',
  `view_count` int(11) DEFAULT '0',
  `sale_count` int(11) DEFAULT '0',
  `rating_average` decimal(3,2) DEFAULT '0.00',
  `rating_count` int(11) DEFAULT '0',
  `created_at` timestamp NOT NULL DEFAULT CURRENT_TIMESTAMP,
  `updated_at` timestamp NOT NULL DEFAULT CURRENT_TIMESTAMP ON UPDATE CURRENT_TIMESTAMP,
  `created_by` varchar(128) DEFAULT NULL,
  PRIMARY KEY (`product_id`),
  UNIQUE KEY `unique_product_code` (`product_code`),
  KEY `idx_category` (`category_id`),
  KEY `idx_brand` (`brand_id`),
  KEY `idx_unit` (`unit_id`),
  KEY `idx_sell_type` (`sell_type`),
  KEY `idx_active_featured` (`is_active`,`is_featured`),
  KEY `idx_stock_alert` (`track_inventory`,`current_stock`,`reorder_level`)
) ENGINE=InnoDB AUTO_INCREMENT=12 DEFAULT CHARSET=utf8mb4;

--
-- Dumping data for table `MAN9234_products`
--

INSERT INTO `MAN9234_products` VALUES (1,NULL,'Budget Fried Chicken',NULL,NULL,2,NULL,1,'unit',20.00,0.00,0.00,0.00,0.00,1,56.000,0.000,0.000,0.000,NULL,'17539886269c47c5eef6e9.png',NULL,NULL,1,0,1,1,0,0,0,0,0,70,0.00,0,'2025-07-31 18:59:23','2025-08-07 06:48:01',NULL),(2,NULL,'Value Fried Chicken',NULL,NULL,2,NULL,1,'unit',30.00,0.00,0.00,0.00,0.00,1,25.000,0.000,0.000,0.000,NULL,'175398877990fa09fedc84.png',NULL,NULL,1,0,1,1,0,0,0,0,0,112,0.00,0,'2025-07-31 19:00:04','2025-08-07 07:14:47',NULL),(3,NULL,'Premium Fried Chicken',NULL,NULL,2,NULL,1,'unit',40.00,0.00,0.00,0.00,0.00,1,24.000,0.000,0.000,0.000,NULL,'17539887120112b671d751.png',NULL,NULL,1,0,1,1,1,0,0,0,0,2,0.00,0,'2025-07-31 19:01:09','2025-08-04 11:08:41',NULL),(4,NULL,'Crispy Neck',NULL,NULL,2,NULL,1,'unit',15.00,0.00,0.00,0.00,0.00,1,86.000,0.000,0.000,0.000,NULL,'17539886603d53af2b301b.png',NULL,NULL,1,0,1,1,0,0,0,0,0,61,0.00,0,'2025-07-31 19:01:29','2025-08-07 06:02:06',NULL),(5,NULL,'Crispy Skin',NULL,NULL,2,NULL,1,'unit',25.00,0.00,0.00,0.00,0.00,1,1.000,0.000,0.000,0.000,NULL,'1753988686275f610ba600.png',NULL,NULL,1,0,1,1,0,0,0,0,0,43,0.00,0,'2025-07-31 19:02:07','2025-08-07 04:12:40',NULL),(6,NULL,'Rice',NULL,NULL,2,NULL,1,'unit',15.00,0.00,0.00,0.00,0.00,1,10.000,0.000,0.000,0.000,NULL,'175398873794e1bde23384.png',NULL,NULL,1,0,1,1,0,0,0,0,0,48,0.00,0,'2025-07-31 19:02:43','2025-08-07 05:57:25',NULL),(7,NULL,'Adobo Cut',NULL,NULL,3,NULL,1,'unit',100.00,0.00,0.00,0.00,0.00,1,8.000,0.000,0.000,0.000,NULL,'175398882325c8e8b291e4.png',NULL,NULL,0,0,1,1,0,0,0,0,0,0,0.00,0,'2025-07-31 19:07:08','2025-08-07 02:34:11',NULL),(8,NULL,'Neck',NULL,NULL,3,NULL,1,'unit',50.00,0.00,0.00,0.00,0.00,1,26.000,0.000,0.000,0.000,NULL,'1753988859e2dc3093175c.png',NULL,NULL,0,0,1,1,0,0,0,0,0,10,0.00,0,'2025-07-31 19:07:43','2025-08-06 15:04:20',NULL),(9,NULL,'Liver',NULL,NULL,3,NULL,1,'unit',50.00,0.00,0.00,0.00,0.00,1,0.000,0.000,0.000,0.000,NULL,'17539889169838a3d70e25.png',NULL,NULL,0,0,1,1,0,0,0,0,0,7,0.00,0,'2025-07-31 19:08:42','2025-08-07 02:33:56',NULL),(10,NULL,'Gizzard',NULL,NULL,3,NULL,1,'unit',50.00,0.00,0.00,0.00,0.00,1,11.000,0.000,0.000,0.000,NULL,'1753988950d02b0f3ea44f.png',NULL,NULL,0,0,1,1,0,0,0,0,0,0,0.00,0,'2025-07-31 19:09:18','2025-08-04 00:25:27',NULL),(11,NULL,'Whole',NULL,NULL,4,NULL,2,'weight',200.00,0.00,0.00,0.00,0.00,1,0.000,0.000,0.000,0.000,NULL,'17539889961444f8e5bac6.png',NULL,NULL,0,0,1,1,0,0,0,0,0,1,0.00,0,'2025-07-31 19:10:08','2025-08-07 01:44:00',NULL);

--
-- Table structure for table `MAN9234_quick_expense_types`
--

CREATE TABLE `MAN9234_quick_expense_types` (
  `id` int(11) NOT NULL AUTO_INCREMENT,
  `name` varchar(100) COLLATE utf8mb4_unicode_ci NOT NULL,
  `description` text COLLATE utf8mb4_unicode_ci,
  `icon` varchar(10) COLLATE utf8mb4_unicode_ci DEFAULT 'lightbulb',
  `category_id` int(11) NOT NULL,
  `vendor_id` int(11) DEFAULT NULL,
  `payment_method_id` int(11) NOT NULL,
  `payment_status` enum('PENDING','PAID','PARTIALLY_PAID','OVERDUE') COLLATE utf8mb4_unicode_ci DEFAULT 'PAID',
  `approval_status` enum('DRAFT','PENDING_APPROVAL','APPROVED','REJECTED') COLLATE utf8mb4_unicode_ci DEFAULT 'APPROVED',
  `common_amounts` json DEFAULT NULL,
  `usage_count` int(11) DEFAULT '0',
  `last_used_at` timestamp NULL DEFAULT NULL,
  `display_order` int(11) DEFAULT '0',
  `is_default` tinyint(1) DEFAULT '0',
  `is_active` tinyint(1) DEFAULT '1',
  `created_by` varchar(100) COLLATE utf8mb4_unicode_ci DEFAULT NULL,
  `created_at` timestamp NOT NULL DEFAULT CURRENT_TIMESTAMP,
  `updated_at` timestamp NOT NULL DEFAULT CURRENT_TIMESTAMP ON UPDATE CURRENT_TIMESTAMP,
  PRIMARY KEY (`id`),
  KEY `idx_category` (`category_id`),
  KEY `idx_vendor` (`vendor_id`),
  KEY `idx_display_order` (`display_order`),
  KEY `idx_active` (`is_active`),
  KEY `idx_usage` (`usage_count`,`last_used_at`)
) ENGINE=InnoDB AUTO_INCREMENT=20 DEFAULT CHARSET=utf8mb4 COLLATE=utf8mb4_unicode_ci;

--
-- Dumping data for table `MAN9234_quick_expense_types`
--

INSERT INTO `MAN9234_quick_expense_types` VALUES (1,'Purchases','Poultry','?',13,NULL,1,'PAID','APPROVED','[]',0,NULL,1,1,1,NULL,'2025-07-31 18:58:22','2025-07-31 21:33:23'),(7,'Flour','KG','?',13,NULL,1,'PAID','APPROVED','[44, 88, 132, 176, 220]',0,NULL,2,0,1,'u3ihEMm1nYccehFt7ibt1jBO2s82','2025-07-31 19:33:03','2025-07-31 19:33:03'),(8,'Jake','Advances','?',15,NULL,1,'PAID','APPROVED','[]',0,NULL,3,0,1,'u3ihEMm1nYccehFt7ibt1jBO2s82','2025-07-31 20:56:46','2025-07-31 21:32:03'),(9,'Delivery','E-Bike','?',6,NULL,1,'PAID','APPROVED','[10, 15, 20, 30, 40, 50, 60, 70]',0,NULL,4,0,1,'u3ihEMm1nYccehFt7ibt1jBO2s82','2025-07-31 20:58:42','2025-07-31 20:58:42'),(10,'Supplies','Packaging','?',1,NULL,1,'PAID','APPROVED','[20, 30, 40, 50]',0,NULL,5,0,1,'u3ihEMm1nYccehFt7ibt1jBO2s82','2025-07-31 21:01:32','2025-07-31 21:01:32'),(11,'Rice','KG','?',13,NULL,1,'PAID','APPROVED','[250]',0,NULL,6,0,1,'u3ihEMm1nYccehFt7ibt1jBO2s82','2025-07-31 21:10:53','2025-07-31 21:10:53'),(12,'Meals','House','?',18,NULL,1,'PAID','APPROVED','[]',0,NULL,7,0,1,'u3ihEMm1nYccehFt7ibt1jBO2s82','2025-07-31 21:15:37','2025-07-31 21:15:37'),(13,'Garbage','Fee','?',14,NULL,1,'PAID','APPROVED','[50]',0,NULL,8,0,1,'u3ihEMm1nYccehFt7ibt1jBO2s82','2025-07-31 21:17:42','2025-07-31 21:17:42'),(14,'Ots','Advances','?',15,NULL,1,'PAID','APPROVED','[]',0,NULL,9,0,1,'u3ihEMm1nYccehFt7ibt1jBO2s82','2025-07-31 21:19:42','2025-07-31 21:32:27'),(15,'Bran','Allowance','?',19,NULL,1,'PAID','APPROVED','[]',0,NULL,10,0,1,'u3ihEMm1nYccehFt7ibt1jBO2s82','2025-07-31 22:04:59','2025-07-31 22:04:59'),(16,'Brice','Allowance','?',19,NULL,1,'PAID','APPROVED','[]',0,NULL,11,0,1,'u3ihEMm1nYccehFt7ibt1jBO2s82','2025-07-31 22:05:26','2025-07-31 22:05:26'),(17,'Gravy','Ingredients','?',13,NULL,1,'PAID','APPROVED','[]',0,NULL,12,0,1,'kbecR5EMZmdJGKAuSW0HmtIpGvK2','2025-08-01 08:06:53','2025-08-01 08:06:53'),(18,'Water','Drinking','?',19,NULL,1,'PAID','APPROVED','[]',0,NULL,13,0,1,'kbecR5EMZmdJGKAuSW0HmtIpGvK2','2025-08-06 02:27:32','2025-08-06 02:27:32'),(19,'Fish & Veg','Cash','?',19,NULL,1,'PAID','APPROVED','[]',0,NULL,14,0,1,'u3ihEMm1nYccehFt7ibt1jBO2s82','2025-08-06 03:14:07','2025-08-06 03:14:07');

--
-- Table structure for table `MAN9234_sales_cash_sessions`
--

CREATE TABLE `MAN9234_sales_cash_sessions` (
  `session_id` int(11) NOT NULL AUTO_INCREMENT,
  `cashier_id` varchar(50) COLLATE utf8mb4_unicode_ci NOT NULL,
  `cashier_name` varchar(100) COLLATE utf8mb4_unicode_ci NOT NULL,
  `opening_cash` decimal(15,2) NOT NULL DEFAULT '0.00',
  `closing_cash` decimal(15,2) DEFAULT NULL,
  `expected_cash` decimal(15,2) DEFAULT NULL,
  `cash_difference` decimal(15,2) DEFAULT NULL,
  `session_start` datetime NOT NULL,
  `session_end` datetime DEFAULT NULL,
  `session_status` enum('open','closed') COLLATE utf8mb4_unicode_ci DEFAULT 'open',
  `notes` text COLLATE utf8mb4_unicode_ci,
  `created_at` timestamp NOT NULL DEFAULT CURRENT_TIMESTAMP,
  PRIMARY KEY (`session_id`),
  KEY `idx_cashier_id` (`cashier_id`),
  KEY `idx_session_start` (`session_start`),
  KEY `idx_session_status` (`session_status`)
) ENGINE=InnoDB DEFAULT CHARSET=utf8mb4 COLLATE=utf8mb4_unicode_ci;

--
-- Dumping data for table `MAN9234_sales_cash_sessions`
--


--
-- Table structure for table `MAN9234_sales_daily_summary`
--

CREATE TABLE `MAN9234_sales_daily_summary` (
  `summary_id` int(11) NOT NULL AUTO_INCREMENT,
  `summary_date` date NOT NULL,
  `total_transactions` int(11) DEFAULT '0',
  `voided_transactions` int(11) DEFAULT '0',
  `returned_transactions` int(11) DEFAULT '0',
  `gross_sales` decimal(15,2) DEFAULT '0.00',
  `total_discounts` decimal(15,2) DEFAULT '0.00',
  `total_tax` decimal(15,2) DEFAULT '0.00',
  `net_sales` decimal(15,2) DEFAULT '0.00',
  `total_returns` decimal(15,2) DEFAULT '0.00',
  `total_voids` decimal(15,2) DEFAULT '0.00',
  `cash_sales` decimal(15,2) DEFAULT '0.00',
  `card_sales` decimal(15,2) DEFAULT '0.00',
  `digital_wallet_sales` decimal(15,2) DEFAULT '0.00',
  `credit_sales` decimal(15,2) DEFAULT '0.00',
  `other_payments` decimal(15,2) DEFAULT '0.00',
  `total_items_sold` int(11) DEFAULT '0',
  `total_weight_sold` decimal(10,3) DEFAULT '0.000',
  `hourly_sales` json DEFAULT NULL,
  `created_at` timestamp NOT NULL DEFAULT CURRENT_TIMESTAMP,
  `updated_at` timestamp NOT NULL DEFAULT CURRENT_TIMESTAMP ON UPDATE CURRENT_TIMESTAMP,
  PRIMARY KEY (`summary_id`),
  UNIQUE KEY `summary_date` (`summary_date`),
  KEY `idx_summary_date` (`summary_date`)
) ENGINE=InnoDB AUTO_INCREMENT=8 DEFAULT CHARSET=utf8mb4 COLLATE=utf8mb4_unicode_ci;

--
-- Dumping data for table `MAN9234_sales_daily_summary`
--

INSERT INTO `MAN9234_sales_daily_summary` VALUES (1,'2025-08-01',62,0,0,4570.00,0.00,0.00,4570.00,0.00,0.00,4470.00,0.00,0.00,100.00,0.00,139,3.625,NULL,'2025-08-01 02:11:26','2025-08-01 14:17:04'),(2,'2025-08-02',35,1,0,1965.00,0.00,0.00,1935.00,0.00,30.00,1965.00,0.00,0.00,0.00,0.00,82,0.000,NULL,'2025-08-02 02:03:07','2025-08-02 10:28:25'),(3,'2025-08-03',2,0,0,480.00,0.00,0.00,480.00,0.00,0.00,480.00,0.00,0.00,0.00,0.00,21,0.000,NULL,'2025-08-02 23:17:13','2025-08-02 23:34:03'),(4,'2025-08-04',68,3,0,4870.00,25.25,0.00,4564.75,0.00,280.00,4295.00,0.00,125.00,450.00,0.00,188,0.000,NULL,'2025-08-03 23:39:25','2025-08-04 13:32:11'),(5,'2025-08-05',60,0,0,3935.00,30.00,0.00,3905.00,0.00,0.00,3470.00,0.00,330.00,135.00,0.00,156,0.000,NULL,'2025-08-05 01:51:44','2025-08-05 12:00:33'),(6,'2025-08-06',71,0,0,4110.00,20.00,0.00,4090.00,0.00,0.00,3970.00,0.00,0.00,140.00,0.00,156,1.100,NULL,'2025-08-06 01:22:53','2025-08-06 15:04:23'),(7,'2025-08-07',50,0,0,2490.00,20.00,0.00,2470.00,0.00,0.00,2430.00,0.00,0.00,60.00,0.00,106,0.000,NULL,'2025-08-07 01:44:52','2025-08-07 07:14:47');

--
-- Table structure for table `MAN9234_sales_items`
--

CREATE TABLE `MAN9234_sales_items` (
  `item_id` int(11) NOT NULL AUTO_INCREMENT,
  `transaction_id` int(11) NOT NULL,
  `product_id` int(11) NOT NULL,
  `variant_id` int(11) DEFAULT NULL,
  `product_name` varchar(255) COLLATE utf8mb4_unicode_ci NOT NULL,
  `product_code` varchar(100) COLLATE utf8mb4_unicode_ci DEFAULT NULL,
  `category_name` varchar(100) COLLATE utf8mb4_unicode_ci DEFAULT NULL,
  `sell_type` enum('unit','weight','combo','service') COLLATE utf8mb4_unicode_ci NOT NULL,
  `unit_symbol` varchar(10) COLLATE utf8mb4_unicode_ci DEFAULT NULL,
  `quantity` decimal(10,3) NOT NULL,
  `weight` decimal(10,3) DEFAULT NULL,
  `unit_price` decimal(15,2) NOT NULL,
  `line_subtotal` decimal(15,2) NOT NULL,
  `line_discount_amount` decimal(15,2) DEFAULT '0.00',
  `line_total` decimal(15,2) NOT NULL,
  `is_returned` tinyint(1) DEFAULT '0',
  `returned_quantity` decimal(10,3) DEFAULT '0.000',
  `returned_weight` decimal(10,3) DEFAULT '0.000',
  `created_at` timestamp NOT NULL DEFAULT CURRENT_TIMESTAMP,
  PRIMARY KEY (`item_id`),
  KEY `idx_product_id` (`product_id`),
  KEY `idx_transaction_id` (`transaction_id`),
  KEY `idx_variant_id` (`variant_id`)
) ENGINE=InnoDB AUTO_INCREMENT=531 DEFAULT CHARSET=utf8mb4 COLLATE=utf8mb4_unicode_ci;

--
-- Dumping data for table `MAN9234_sales_items`
--

INSERT INTO `MAN9234_sales_items` VALUES (1,1,5,NULL,'Crispy Skin',NULL,NULL,'unit',NULL,0.000,NULL,20.00,0.00,0.00,0.00,0,0.000,0.000,'2025-08-01 02:11:26'),(2,1,1,NULL,'Budget Fried Chicken',NULL,NULL,'unit',NULL,3.000,NULL,20.00,60.00,0.00,60.00,0,0.000,0.000,'2025-08-01 02:11:26'),(3,1,2,NULL,'Value Fried Chicken',NULL,NULL,'unit',NULL,2.000,NULL,30.00,60.00,0.00,60.00,0,0.000,0.000,'2025-08-01 02:11:26'),(4,1,4,NULL,'Crispy Neck',NULL,NULL,'unit',NULL,3.000,NULL,15.00,45.00,0.00,45.00,0,0.000,0.000,'2025-08-01 02:11:26'),(5,1,7,NULL,'Adobo Cut',NULL,NULL,'unit',NULL,1.000,NULL,100.00,100.00,0.00,100.00,0,0.000,0.000,'2025-08-01 02:11:26'),(6,2,2,NULL,'Value Fried Chicken',NULL,NULL,'unit',NULL,1.000,NULL,30.00,30.00,0.00,30.00,0,0.000,0.000,'2025-08-01 02:28:52'),(7,2,1,NULL,'Budget Fried Chicken',NULL,NULL,'unit',NULL,0.000,NULL,20.00,0.00,0.00,0.00,0,0.000,0.000,'2025-08-01 02:28:52'),(8,2,300008,NULL,'Premium Fried Chicken (Spicy)',NULL,NULL,'unit',NULL,1.000,NULL,40.00,40.00,0.00,40.00,0,0.000,0.000,'2025-08-01 02:28:52'),(9,2,6,NULL,'Rice',NULL,NULL,'unit',NULL,3.000,NULL,15.00,45.00,0.00,45.00,0,0.000,0.000,'2025-08-01 02:28:52'),(10,3,2,NULL,'Value Fried Chicken',NULL,NULL,'unit',NULL,1.000,NULL,30.00,30.00,0.00,30.00,0,0.000,0.000,'2025-08-01 02:29:09'),(11,4,1,NULL,'Budget Fried Chicken',NULL,NULL,'unit',NULL,1.000,NULL,20.00,20.00,0.00,20.00,0,0.000,0.000,'2025-08-01 02:29:25'),(12,5,4,NULL,'Crispy Neck',NULL,NULL,'unit',NULL,1.000,NULL,15.00,15.00,0.00,15.00,0,0.000,0.000,'2025-08-01 02:30:29'),(13,6,2,NULL,'Value Fried Chicken',NULL,NULL,'unit',NULL,1.000,NULL,30.00,30.00,0.00,30.00,0,0.000,0.000,'2025-08-01 02:35:21'),(14,6,6,NULL,'Rice',NULL,NULL,'unit',NULL,1.000,NULL,15.00,15.00,0.00,15.00,0,0.000,0.000,'2025-08-01 02:35:21'),(15,6,5,NULL,'Crispy Skin',NULL,NULL,'unit',NULL,1.000,NULL,20.00,20.00,0.00,20.00,0,0.000,0.000,'2025-08-01 02:35:21'),(16,7,4,NULL,'Crispy Neck',NULL,NULL,'unit',NULL,2.000,NULL,15.00,30.00,0.00,30.00,0,0.000,0.000,'2025-08-01 02:53:16'),(17,7,5,NULL,'Crispy Skin',NULL,NULL,'unit',NULL,1.000,NULL,20.00,20.00,0.00,20.00,0,0.000,0.000,'2025-08-01 02:53:16'),(18,8,4,NULL,'Crispy Neck',NULL,NULL,'unit',NULL,1.000,NULL,15.00,15.00,0.00,15.00,0,0.000,0.000,'2025-08-01 02:54:05'),(19,8,1,NULL,'Budget Fried Chicken',NULL,NULL,'unit',NULL,0.000,NULL,20.00,0.00,0.00,0.00,0,0.000,0.000,'2025-08-01 02:54:05'),(20,8,6,NULL,'Rice',NULL,NULL,'unit',NULL,1.000,NULL,15.00,15.00,0.00,15.00,0,0.000,0.000,'2025-08-01 02:54:05'),(21,8,2,NULL,'Value Fried Chicken',NULL,NULL,'unit',NULL,1.000,NULL,30.00,30.00,0.00,30.00,0,0.000,0.000,'2025-08-01 02:54:05'),(22,9,5,NULL,'Crispy Skin',NULL,NULL,'unit',NULL,1.000,NULL,20.00,20.00,0.00,20.00,0,0.000,0.000,'2025-08-01 02:55:37'),(23,9,1,NULL,'Budget Fried Chicken',NULL,NULL,'unit',NULL,1.000,NULL,20.00,20.00,0.00,20.00,0,0.000,0.000,'2025-08-01 02:55:37'),(24,10,2,NULL,'Value Fried Chicken',NULL,NULL,'unit',NULL,5.000,NULL,30.00,150.00,0.00,150.00,0,0.000,0.000,'2025-08-01 03:13:58'),(25,10,300008,NULL,'Premium Fried Chicken (Spicy)',NULL,NULL,'unit',NULL,1.000,NULL,40.00,40.00,0.00,40.00,0,0.000,0.000,'2025-08-01 03:13:58'),(26,11,1,NULL,'Budget Fried Chicken',NULL,NULL,'unit',NULL,2.000,NULL,20.00,40.00,0.00,40.00,0,0.000,0.000,'2025-08-01 03:16:11'),(27,12,1,NULL,'Budget Fried Chicken',NULL,NULL,'unit',NULL,1.000,NULL,20.00,20.00,0.00,20.00,0,0.000,0.000,'2025-08-01 03:27:27'),(28,12,5,NULL,'Crispy Skin',NULL,NULL,'unit',NULL,1.000,NULL,20.00,20.00,0.00,20.00,0,0.000,0.000,'2025-08-01 03:27:27'),(29,13,1,NULL,'Budget Fried Chicken',NULL,NULL,'unit',NULL,1.000,NULL,20.00,20.00,0.00,20.00,0,0.000,0.000,'2025-08-01 03:30:31'),(30,13,5,NULL,'Crispy Skin',NULL,NULL,'unit',NULL,1.000,NULL,20.00,20.00,0.00,20.00,0,0.000,0.000,'2025-08-01 03:30:31'),(31,14,2,NULL,'Value Fried Chicken',NULL,NULL,'unit',NULL,3.000,NULL,30.00,90.00,0.00,90.00,0,0.000,0.000,'2025-08-01 03:33:06'),(32,15,1,NULL,'Budget Fried Chicken',NULL,NULL,'unit',NULL,2.000,NULL,20.00,40.00,0.00,40.00,0,0.000,0.000,'2025-08-01 03:36:50'),(33,15,5,NULL,'Crispy Skin',NULL,NULL,'unit',NULL,1.000,NULL,20.00,20.00,0.00,20.00,0,0.000,0.000,'2025-08-01 03:36:50'),(34,16,300008,NULL,'Premium Fried Chicken (Spicy)',NULL,NULL,'unit',NULL,1.000,NULL,40.00,40.00,0.00,40.00,0,0.000,0.000,'2025-08-01 03:37:07'),(35,17,2,NULL,'Value Fried Chicken',NULL,NULL,'unit',NULL,1.000,NULL,30.00,30.00,0.00,30.00,0,0.000,0.000,'2025-08-01 03:50:48'),(36,18,9,NULL,'Liver',NULL,NULL,'unit',NULL,0.000,NULL,50.00,0.00,0.00,0.00,0,0.000,0.000,'2025-08-01 03:52:17'),(37,18,6,NULL,'Rice',NULL,NULL,'unit',NULL,1.000,NULL,15.00,15.00,0.00,15.00,0,0.000,0.000,'2025-08-01 03:52:17'),(38,19,1,NULL,'Budget Fried Chicken',NULL,NULL,'unit',NULL,3.000,NULL,20.00,60.00,0.00,60.00,0,0.000,0.000,'2025-08-01 03:56:48'),(39,19,9,NULL,'Liver',NULL,NULL,'unit',NULL,1.000,NULL,50.00,50.00,0.00,50.00,0,0.000,0.000,'2025-08-01 03:56:48'),(40,20,2,NULL,'Value Fried Chicken',NULL,NULL,'unit',NULL,1.000,NULL,30.00,30.00,0.00,30.00,0,0.000,0.000,'2025-08-01 04:02:03'),(41,21,1,NULL,'Budget Fried Chicken',NULL,NULL,'unit',NULL,0.000,NULL,20.00,0.00,0.00,0.00,0,0.000,0.000,'2025-08-01 04:02:24'),(42,21,5,NULL,'Crispy Skin',NULL,NULL,'unit',NULL,1.000,NULL,20.00,20.00,0.00,20.00,0,0.000,0.000,'2025-08-01 04:02:24'),(43,21,4,NULL,'Crispy Neck',NULL,NULL,'unit',NULL,2.000,NULL,15.00,30.00,0.00,30.00,0,0.000,0.000,'2025-08-01 04:02:24'),(44,22,1,NULL,'Budget Fried Chicken',NULL,NULL,'unit',NULL,3.000,NULL,20.00,60.00,0.00,60.00,0,0.000,0.000,'2025-08-01 04:07:04'),(45,23,1,NULL,'Budget Fried Chicken',NULL,NULL,'unit',NULL,1.000,NULL,20.00,20.00,0.00,20.00,0,0.000,0.000,'2025-08-01 04:13:41'),(46,24,4,NULL,'Crispy Neck',NULL,NULL,'unit',NULL,1.000,NULL,15.00,15.00,0.00,15.00,0,0.000,0.000,'2025-08-01 04:13:46'),(47,25,4,NULL,'Crispy Neck',NULL,NULL,'unit',NULL,1.000,NULL,15.00,15.00,0.00,15.00,0,0.000,0.000,'2025-08-01 04:14:21'),(48,25,300008,NULL,'Premium Fried Chicken (Spicy)',NULL,NULL,'unit',NULL,1.000,NULL,40.00,40.00,0.00,40.00,0,0.000,0.000,'2025-08-01 04:14:21'),(49,26,4,NULL,'Crispy Neck',NULL,NULL,'unit',NULL,1.000,NULL,15.00,15.00,0.00,15.00,0,0.000,0.000,'2025-08-01 04:14:27'),(50,26,300008,NULL,'Premium Fried Chicken (Spicy)',NULL,NULL,'unit',NULL,1.000,NULL,40.00,40.00,0.00,40.00,0,0.000,0.000,'2025-08-01 04:14:27'),(51,27,1,NULL,'Budget Fried Chicken',NULL,NULL,'unit',NULL,1.000,NULL,20.00,20.00,0.00,20.00,0,0.000,0.000,'2025-08-01 04:14:32'),(52,28,300008,NULL,'Premium Fried Chicken (Spicy)',NULL,NULL,'unit',NULL,1.000,NULL,40.00,40.00,0.00,40.00,0,0.000,0.000,'2025-08-01 04:20:23'),(53,29,2,NULL,'Value Fried Chicken',NULL,NULL,'unit',NULL,1.000,NULL,30.00,30.00,0.00,30.00,0,0.000,0.000,'2025-08-01 04:20:29'),(54,30,1,NULL,'Budget Fried Chicken',NULL,NULL,'unit',NULL,1.000,NULL,20.00,20.00,0.00,20.00,0,0.000,0.000,'2025-08-01 04:39:56'),(55,31,4,NULL,'Crispy Neck',NULL,NULL,'unit',NULL,3.000,NULL,15.00,45.00,0.00,45.00,0,0.000,0.000,'2025-08-01 04:49:07'),(56,32,1,NULL,'Budget Fried Chicken',NULL,NULL,'unit',NULL,1.000,NULL,20.00,20.00,0.00,20.00,0,0.000,0.000,'2025-08-01 05:26:19'),(57,32,6,NULL,'Rice',NULL,NULL,'unit',NULL,2.000,NULL,15.00,30.00,0.00,30.00,0,0.000,0.000,'2025-08-01 05:26:19'),(58,33,2,NULL,'Value Fried Chicken',NULL,NULL,'unit',NULL,1.000,NULL,30.00,30.00,0.00,30.00,0,0.000,0.000,'2025-08-01 05:38:38'),(59,34,300008,NULL,'Premium Fried Chicken (Spicy)',NULL,NULL,'unit',NULL,1.000,NULL,40.00,40.00,0.00,40.00,0,0.000,0.000,'2025-08-01 05:38:51'),(60,35,300008,NULL,'Premium Fried Chicken (Spicy)',NULL,NULL,'unit',NULL,1.000,NULL,40.00,40.00,0.00,40.00,0,0.000,0.000,'2025-08-01 07:24:10'),(61,36,2,NULL,'Value Fried Chicken',NULL,NULL,'unit',NULL,1.000,NULL,30.00,30.00,0.00,30.00,0,0.000,0.000,'2025-08-01 07:24:19'),(62,37,300008,NULL,'Premium Fried Chicken (Spicy)',NULL,NULL,'unit',NULL,1.000,NULL,40.00,40.00,0.00,40.00,0,0.000,0.000,'2025-08-01 07:46:11'),(63,38,1,NULL,'Budget Fried Chicken',NULL,NULL,'unit',NULL,1.000,NULL,20.00,20.00,0.00,20.00,0,0.000,0.000,'2025-08-01 07:46:17'),(64,39,2,NULL,'Value Fried Chicken',NULL,NULL,'unit',NULL,4.000,NULL,30.00,120.00,0.00,120.00,0,0.000,0.000,'2025-08-01 08:24:52'),(65,40,2,NULL,'Value Fried Chicken',NULL,NULL,'unit',NULL,1.000,NULL,30.00,30.00,0.00,30.00,0,0.000,0.000,'2025-08-01 09:27:21'),(66,41,2,NULL,'Value Fried Chicken',NULL,NULL,'unit',NULL,3.000,NULL,30.00,90.00,0.00,90.00,0,0.000,0.000,'2025-08-01 09:27:28'),(67,42,6,NULL,'Rice',NULL,NULL,'unit',NULL,3.000,NULL,15.00,45.00,0.00,45.00,0,0.000,0.000,'2025-08-01 09:27:34'),(68,43,7,NULL,'Adobo Cut',NULL,NULL,'unit',NULL,1.000,NULL,100.00,100.00,0.00,100.00,0,0.000,0.000,'2025-08-01 09:32:43'),(69,43,9,NULL,'Liver',NULL,NULL,'unit',NULL,1.000,NULL,50.00,50.00,0.00,50.00,0,0.000,0.000,'2025-08-01 09:32:43'),(70,44,2,NULL,'Value Fried Chicken',NULL,NULL,'unit',NULL,3.000,NULL,30.00,90.00,0.00,90.00,0,0.000,0.000,'2025-08-01 09:44:02'),(71,45,4,NULL,'Crispy Neck',NULL,NULL,'unit',NULL,1.000,NULL,15.00,15.00,0.00,15.00,0,0.000,0.000,'2025-08-01 09:49:02'),(72,46,8,NULL,'Neck',NULL,NULL,'unit',NULL,1.000,NULL,50.00,50.00,0.00,50.00,0,0.000,0.000,'2025-08-01 09:53:28'),(73,47,9,NULL,'Liver',NULL,NULL,'unit',NULL,1.000,NULL,50.00,50.00,0.00,50.00,0,0.000,0.000,'2025-08-01 09:56:02'),(74,48,9,NULL,'Liver',NULL,NULL,'unit',NULL,1.000,NULL,50.00,50.00,0.00,50.00,0,0.000,0.000,'2025-08-01 10:18:23'),(75,49,2,NULL,'Value Fried Chicken',NULL,NULL,'unit',NULL,3.000,NULL,30.00,90.00,0.00,90.00,0,0.000,0.000,'2025-08-01 10:27:14'),(76,49,4,NULL,'Crispy Neck',NULL,NULL,'unit',NULL,1.000,NULL,15.00,15.00,0.00,15.00,0,0.000,0.000,'2025-08-01 10:27:14'),(77,50,7,NULL,'Adobo Cut',NULL,NULL,'unit',NULL,1.000,NULL,100.00,100.00,0.00,100.00,0,0.000,0.000,'2025-08-01 10:31:03'),(78,50,8,NULL,'Neck',NULL,NULL,'unit',NULL,1.000,NULL,50.00,50.00,0.00,50.00,0,0.000,0.000,'2025-08-01 10:31:03'),(79,51,300008,NULL,'Premium Fried Chicken (Spicy)',NULL,NULL,'unit',NULL,6.000,NULL,40.00,240.00,0.00,240.00,0,0.000,0.000,'2025-08-01 10:33:19'),(80,52,7,NULL,'Adobo Cut',NULL,NULL,'unit',NULL,1.000,NULL,100.00,100.00,0.00,100.00,0,0.000,0.000,'2025-08-01 10:50:04'),(81,53,4,NULL,'Crispy Neck',NULL,NULL,'unit',NULL,1.000,NULL,15.00,15.00,0.00,15.00,0,0.000,0.000,'2025-08-01 10:50:08'),(82,54,4,NULL,'Crispy Neck',NULL,NULL,'unit',NULL,0.000,NULL,15.00,0.00,0.00,0.00,0,0.000,0.000,'2025-08-01 11:10:22'),(83,54,1,NULL,'Budget Fried Chicken',NULL,NULL,'unit',NULL,4.000,NULL,20.00,80.00,0.00,80.00,0,0.000,0.000,'2025-08-01 11:10:22'),(84,55,2,NULL,'Value Fried Chicken',NULL,NULL,'unit',NULL,1.000,NULL,30.00,30.00,0.00,30.00,0,0.000,0.000,'2025-08-01 11:13:06'),(85,55,1,NULL,'Budget Fried Chicken',NULL,NULL,'unit',NULL,1.000,NULL,20.00,20.00,0.00,20.00,0,0.000,0.000,'2025-08-01 11:13:06'),(86,56,2,NULL,'Value Fried Chicken',NULL,NULL,'unit',NULL,4.000,NULL,30.00,120.00,0.00,120.00,0,0.000,0.000,'2025-08-01 11:13:14'),(87,57,1,NULL,'Budget Fried Chicken',NULL,NULL,'unit',NULL,1.000,NULL,20.00,20.00,0.00,20.00,0,0.000,0.000,'2025-08-01 11:21:28'),(88,57,2,NULL,'Value Fried Chicken',NULL,NULL,'unit',NULL,1.000,NULL,30.00,30.00,0.00,30.00,0,0.000,0.000,'2025-08-01 11:21:28'),(89,58,2,NULL,'Value Fried Chicken',NULL,NULL,'unit',NULL,1.000,NULL,30.00,30.00,0.00,30.00,0,0.000,0.000,'2025-08-01 11:21:39'),(90,59,4,NULL,'Crispy Neck',NULL,NULL,'unit',NULL,2.000,NULL,15.00,30.00,0.00,30.00,0,0.000,0.000,'2025-08-01 11:23:07'),(91,59,2,NULL,'Value Fried Chicken',NULL,NULL,'unit',NULL,1.000,NULL,30.00,30.00,0.00,30.00,0,0.000,0.000,'2025-08-01 11:23:07'),(92,60,1,NULL,'Budget Fried Chicken',NULL,NULL,'unit',NULL,2.000,NULL,20.00,40.00,0.00,40.00,0,0.000,0.000,'2025-08-01 11:43:04'),(93,61,2,NULL,'Value Fried Chicken',NULL,NULL,'unit',NULL,3.000,NULL,30.00,90.00,0.00,90.00,0,0.000,0.000,'2025-08-01 12:14:01'),(94,61,1,NULL,'Budget Fried Chicken',NULL,NULL,'unit',NULL,1.000,NULL,20.00,20.00,0.00,20.00,0,0.000,0.000,'2025-08-01 12:14:01'),(95,62,11,NULL,'Whole',NULL,NULL,'weight',NULL,1.000,3.625,200.00,725.00,0.00,725.00,0,0.000,0.000,'2025-08-01 14:17:04'),(96,63,4,NULL,'Crispy Neck',NULL,NULL,'unit',NULL,2.000,NULL,15.00,30.00,0.00,30.00,0,0.000,0.000,'2025-08-02 02:03:07'),(97,64,4,NULL,'Crispy Neck',NULL,NULL,'unit',NULL,1.000,NULL,15.00,15.00,0.00,15.00,0,0.000,0.000,'2025-08-02 02:15:12'),(98,65,2,NULL,'Value Fried Chicken',NULL,NULL,'unit',NULL,1.000,NULL,30.00,30.00,0.00,30.00,0,0.000,0.000,'2025-08-02 02:48:25'),(99,66,1,NULL,'Budget Fried Chicken',NULL,NULL,'unit',NULL,1.000,NULL,20.00,20.00,0.00,20.00,0,0.000,0.000,'2025-08-02 02:48:32'),(100,67,6,NULL,'Rice',NULL,NULL,'unit',NULL,2.000,NULL,15.00,30.00,0.00,30.00,0,0.000,0.000,'2025-08-02 03:29:38'),(101,67,2,NULL,'Value Fried Chicken',NULL,NULL,'unit',NULL,3.000,NULL,30.00,90.00,0.00,90.00,0,0.000,0.000,'2025-08-02 03:29:38'),(102,67,4,NULL,'Crispy Neck',NULL,NULL,'unit',NULL,1.000,NULL,15.00,15.00,0.00,15.00,0,0.000,0.000,'2025-08-02 03:29:38'),(103,67,300008,NULL,'Premium Fried Chicken (Spicy)',NULL,NULL,'unit',NULL,1.000,NULL,40.00,40.00,0.00,40.00,0,0.000,0.000,'2025-08-02 03:29:38'),(104,68,2,NULL,'Value Fried Chicken',NULL,NULL,'unit',NULL,3.000,NULL,30.00,90.00,0.00,90.00,0,0.000,0.000,'2025-08-02 03:30:36'),(105,69,6,NULL,'Rice',NULL,NULL,'unit',NULL,1.000,NULL,15.00,15.00,0.00,15.00,0,0.000,0.000,'2025-08-02 03:39:18'),(106,69,4,NULL,'Crispy Neck',NULL,NULL,'unit',NULL,2.000,NULL,15.00,30.00,0.00,30.00,0,0.000,0.000,'2025-08-02 03:39:18'),(107,70,300008,NULL,'Premium Fried Chicken (Spicy)',NULL,NULL,'unit',NULL,2.000,NULL,40.00,80.00,0.00,80.00,0,0.000,0.000,'2025-08-02 03:40:08'),(108,71,1,NULL,'Budget Fried Chicken',NULL,NULL,'unit',NULL,7.000,NULL,20.00,140.00,0.00,140.00,0,0.000,0.000,'2025-08-02 03:48:28'),(109,72,1,NULL,'Budget Fried Chicken',NULL,NULL,'unit',NULL,2.000,NULL,20.00,40.00,0.00,40.00,0,0.000,0.000,'2025-08-02 03:49:02'),(110,73,6,NULL,'Rice',NULL,NULL,'unit',NULL,0.000,NULL,15.00,0.00,0.00,0.00,0,0.000,0.000,'2025-08-02 04:00:43'),(111,73,1,NULL,'Budget Fried Chicken',NULL,NULL,'unit',NULL,6.000,NULL,20.00,120.00,0.00,120.00,0,0.000,0.000,'2025-08-02 04:00:43'),(112,74,4,NULL,'Crispy Neck',NULL,NULL,'unit',NULL,2.000,NULL,15.00,30.00,0.00,30.00,0,0.000,0.000,'2025-08-02 04:08:52'),(113,75,4,NULL,'Crispy Neck',NULL,NULL,'unit',NULL,1.000,NULL,15.00,15.00,0.00,15.00,0,0.000,0.000,'2025-08-02 04:35:17'),(114,76,1,NULL,'Budget Fried Chicken',NULL,NULL,'unit',NULL,0.000,NULL,20.00,0.00,0.00,0.00,0,0.000,0.000,'2025-08-02 04:35:23'),(115,76,2,NULL,'Value Fried Chicken',NULL,NULL,'unit',NULL,1.000,NULL,30.00,30.00,0.00,30.00,0,0.000,0.000,'2025-08-02 04:35:23'),(116,77,1,NULL,'Budget Fried Chicken',NULL,NULL,'unit',NULL,1.000,NULL,20.00,20.00,0.00,20.00,0,0.000,0.000,'2025-08-02 04:48:14'),(117,78,4,NULL,'Crispy Neck',NULL,NULL,'unit',NULL,2.000,NULL,15.00,30.00,0.00,30.00,0,0.000,0.000,'2025-08-02 04:48:21'),(118,79,2,NULL,'Value Fried Chicken',NULL,NULL,'unit',NULL,1.000,NULL,30.00,30.00,0.00,30.00,0,0.000,0.000,'2025-08-02 04:51:01'),(119,80,1,NULL,'Budget Fried Chicken',NULL,NULL,'unit',NULL,1.000,NULL,20.00,20.00,0.00,20.00,0,0.000,0.000,'2025-08-02 04:59:46'),(120,81,6,NULL,'Rice',NULL,NULL,'unit',NULL,1.000,NULL,15.00,15.00,0.00,15.00,0,0.000,0.000,'2025-08-02 05:20:18'),(121,81,2,NULL,'Value Fried Chicken',NULL,NULL,'unit',NULL,1.000,NULL,30.00,30.00,0.00,30.00,0,0.000,0.000,'2025-08-02 05:20:18'),(122,82,4,NULL,'Crispy Neck',NULL,NULL,'unit',NULL,2.000,NULL,15.00,30.00,0.00,30.00,0,0.000,0.000,'2025-08-02 05:55:15'),(123,83,4,NULL,'Crispy Neck',NULL,NULL,'unit',NULL,2.000,NULL,15.00,30.00,0.00,30.00,1,2.000,0.000,'2025-08-02 05:55:26'),(124,84,2,NULL,'Value Fried Chicken',NULL,NULL,'unit',NULL,5.000,NULL,30.00,150.00,0.00,150.00,0,0.000,0.000,'2025-08-02 06:08:11'),(125,85,9,NULL,'Liver',NULL,NULL,'unit',NULL,0.000,NULL,50.00,0.00,0.00,0.00,0,0.000,0.000,'2025-08-02 06:27:39'),(126,85,8,NULL,'Neck',NULL,NULL,'unit',NULL,0.000,NULL,50.00,0.00,0.00,0.00,0,0.000,0.000,'2025-08-02 06:27:39'),(127,85,6,NULL,'Rice',NULL,NULL,'unit',NULL,4.000,NULL,15.00,60.00,0.00,60.00,0,0.000,0.000,'2025-08-02 06:27:39'),(128,86,1,NULL,'Budget Fried Chicken',NULL,NULL,'unit',NULL,1.000,NULL,20.00,20.00,0.00,20.00,0,0.000,0.000,'2025-08-02 06:27:44'),(129,87,1,NULL,'Budget Fried Chicken',NULL,NULL,'unit',NULL,2.000,NULL,20.00,40.00,0.00,40.00,0,0.000,0.000,'2025-08-02 06:27:49'),(130,88,2,NULL,'Value Fried Chicken',NULL,NULL,'unit',NULL,1.000,NULL,30.00,30.00,0.00,30.00,0,0.000,0.000,'2025-08-02 06:32:08'),(131,89,7,NULL,'Adobo Cut',NULL,NULL,'unit',NULL,2.000,NULL,100.00,200.00,0.00,200.00,0,0.000,0.000,'2025-08-02 08:15:22'),(132,90,2,NULL,'Value Fried Chicken',NULL,NULL,'unit',NULL,1.000,NULL,30.00,30.00,0.00,30.00,0,0.000,0.000,'2025-08-02 08:15:27'),(133,90,4,NULL,'Crispy Neck',NULL,NULL,'unit',NULL,1.000,NULL,15.00,15.00,0.00,15.00,0,0.000,0.000,'2025-08-02 08:15:27'),(134,91,4,NULL,'Crispy Neck',NULL,NULL,'unit',NULL,2.000,NULL,15.00,30.00,0.00,30.00,0,0.000,0.000,'2025-08-02 08:15:32'),(135,92,2,NULL,'Value Fried Chicken',NULL,NULL,'unit',NULL,1.000,NULL,30.00,30.00,0.00,30.00,0,0.000,0.000,'2025-08-02 08:37:32'),(136,93,2,NULL,'Value Fried Chicken',NULL,NULL,'unit',NULL,2.000,NULL,30.00,60.00,0.00,60.00,0,0.000,0.000,'2025-08-02 09:46:40'),(137,94,4,NULL,'Crispy Neck',NULL,NULL,'unit',NULL,1.000,NULL,15.00,15.00,0.00,15.00,0,0.000,0.000,'2025-08-02 09:46:45'),(138,95,4,NULL,'Crispy Neck',NULL,NULL,'unit',NULL,3.000,NULL,15.00,45.00,0.00,45.00,0,0.000,0.000,'2025-08-02 09:46:53'),(139,95,8,NULL,'Neck',NULL,NULL,'unit',NULL,2.000,NULL,50.00,100.00,0.00,100.00,0,0.000,0.000,'2025-08-02 09:46:53'),(140,96,1,NULL,'Budget Fried Chicken',NULL,NULL,'unit',NULL,0.000,NULL,20.00,0.00,0.00,0.00,0,0.000,0.000,'2025-08-02 10:25:09'),(141,96,2,NULL,'Value Fried Chicken',NULL,NULL,'unit',NULL,1.000,NULL,30.00,30.00,0.00,30.00,0,0.000,0.000,'2025-08-02 10:25:09'),(142,97,4,NULL,'Crispy Neck',NULL,NULL,'unit',NULL,3.000,NULL,15.00,45.00,0.00,45.00,0,0.000,0.000,'2025-08-02 10:28:25'),(143,98,2,NULL,'Value Fried Chicken',NULL,NULL,'unit',NULL,5.000,NULL,30.00,150.00,0.00,150.00,0,0.000,0.000,'2025-08-02 23:17:13'),(144,98,1,NULL,'Budget Fried Chicken',NULL,NULL,'unit',NULL,4.000,NULL,20.00,80.00,0.00,80.00,0,0.000,0.000,'2025-08-02 23:17:13'),(145,98,5,NULL,'Crispy Skin',NULL,NULL,'unit',NULL,2.000,NULL,20.00,40.00,0.00,40.00,0,0.000,0.000,'2025-08-02 23:17:13'),(146,98,4,NULL,'Crispy Neck',NULL,NULL,'unit',NULL,2.000,NULL,15.00,30.00,0.00,30.00,0,0.000,0.000,'2025-08-02 23:17:13'),(147,98,300008,NULL,'Premium Fried Chicken (Spicy)',NULL,NULL,'unit',NULL,1.000,NULL,40.00,40.00,0.00,40.00,0,0.000,0.000,'2025-08-02 23:17:13'),(148,98,6,NULL,'Rice',NULL,NULL,'unit',NULL,6.000,NULL,15.00,90.00,0.00,90.00,0,0.000,0.000,'2025-08-02 23:17:13'),(149,99,9,NULL,'Liver',NULL,NULL,'unit',NULL,1.000,NULL,50.00,50.00,0.00,50.00,0,0.000,0.000,'2025-08-02 23:34:03'),(150,100,9,NULL,'Liver',NULL,NULL,'unit',NULL,1.000,NULL,50.00,50.00,0.00,50.00,0,0.000,0.000,'2025-08-03 23:39:25'),(151,101,9,NULL,'Liver',NULL,NULL,'unit',NULL,2.000,NULL,50.00,100.00,0.00,100.00,0,0.000,0.000,'2025-08-03 23:51:22'),(152,102,4,NULL,'Crispy Neck','',NULL,'unit',NULL,1.000,NULL,15.00,15.00,0.00,15.00,0,0.000,0.000,'2025-08-04 01:33:25'),(153,103,6,NULL,'Rice','',NULL,'unit',NULL,1.000,NULL,15.00,15.00,0.00,15.00,0,0.000,0.000,'2025-08-04 02:12:37'),(154,104,5,NULL,'Crispy Skin','',NULL,'unit',NULL,2.000,NULL,25.00,50.00,0.00,50.00,0,0.000,0.000,'2025-08-04 02:16:51'),(155,104,1,NULL,'Budget Fried Chicken','',NULL,'unit',NULL,2.000,NULL,20.00,40.00,0.00,40.00,0,0.000,0.000,'2025-08-04 02:16:51'),(156,105,9,NULL,'Liver','',NULL,'unit',NULL,2.000,NULL,50.00,100.00,0.00,100.00,0,0.000,0.000,'2025-08-04 02:16:56'),(157,106,2,NULL,'Value Fried Chicken','',NULL,'unit',NULL,2.000,NULL,30.00,60.00,0.00,60.00,1,2.000,0.000,'2025-08-04 02:30:08'),(158,107,2,NULL,'Value Fried Chicken','',NULL,'unit',NULL,2.000,NULL,30.00,60.00,0.00,60.00,0,0.000,0.000,'2025-08-04 02:31:25'),(159,108,1,NULL,'Budget Fried Chicken','',NULL,'unit',NULL,1.000,NULL,20.00,20.00,0.00,20.00,0,0.000,0.000,'2025-08-04 02:45:04'),(160,109,1,NULL,'Budget Fried Chicken','',NULL,'unit',NULL,2.000,NULL,20.00,40.00,0.00,40.00,0,0.000,0.000,'2025-08-04 02:55:17'),(161,109,6,NULL,'Rice','',NULL,'unit',NULL,1.000,NULL,15.00,15.00,0.00,15.00,0,0.000,0.000,'2025-08-04 02:55:17'),(162,110,1,NULL,'Budget Fried Chicken','',NULL,'unit',NULL,1.000,NULL,20.00,20.00,0.00,20.00,0,0.000,0.000,'2025-08-04 02:56:35'),(163,110,6,NULL,'Rice','',NULL,'unit',NULL,1.000,NULL,15.00,15.00,0.00,15.00,0,0.000,0.000,'2025-08-04 02:56:35'),(164,111,2,NULL,'Value Fried Chicken','',NULL,'unit',NULL,0.000,NULL,30.00,0.00,0.00,0.00,0,0.000,0.000,'2025-08-04 03:01:34'),(165,111,1,NULL,'Budget Fried Chicken','',NULL,'unit',NULL,1.000,NULL,20.00,20.00,0.00,20.00,0,0.000,0.000,'2025-08-04 03:01:34'),(166,111,300010,NULL,'Premium Fried Chicken (Spicy)','',NULL,'unit',NULL,1.000,NULL,40.00,40.00,0.00,40.00,0,0.000,0.000,'2025-08-04 03:01:34'),(167,111,5,NULL,'Crispy Skin','',NULL,'unit',NULL,1.000,NULL,25.00,25.00,0.00,25.00,0,0.000,0.000,'2025-08-04 03:01:34'),(168,112,2,NULL,'Value Fried Chicken','',NULL,'unit',NULL,3.000,NULL,30.00,90.00,0.00,90.00,0,0.000,0.000,'2025-08-04 03:10:57'),(169,112,300010,NULL,'Premium Fried Chicken (Spicy)','',NULL,'unit',NULL,1.000,NULL,40.00,40.00,0.00,40.00,0,0.000,0.000,'2025-08-04 03:10:57'),(170,113,300010,NULL,'Premium Fried Chicken (Spicy)','',NULL,'unit',NULL,1.000,NULL,40.00,40.00,0.00,40.00,0,0.000,0.000,'2025-08-04 03:11:08'),(171,114,1,NULL,'Budget Fried Chicken','',NULL,'unit',NULL,2.000,NULL,20.00,40.00,0.00,40.00,0,0.000,0.000,'2025-08-04 03:12:51'),(172,115,300010,NULL,'Premium Fried Chicken (Spicy)','',NULL,'unit',NULL,1.000,NULL,40.00,40.00,0.00,40.00,0,0.000,0.000,'2025-08-04 03:12:59'),(173,115,6,NULL,'Rice','',NULL,'unit',NULL,0.000,NULL,15.00,0.00,0.00,0.00,0,0.000,0.000,'2025-08-04 03:12:59'),(174,116,4,NULL,'Crispy Neck','',NULL,'unit',NULL,2.000,NULL,15.00,30.00,0.00,30.00,0,0.000,0.000,'2025-08-04 03:14:21'),(175,117,1,NULL,'Budget Fried Chicken','',NULL,'unit',NULL,0.000,NULL,20.00,0.00,0.00,0.00,0,0.000,0.000,'2025-08-04 03:14:29'),(176,117,2,NULL,'Value Fried Chicken','',NULL,'unit',NULL,1.000,NULL,30.00,30.00,0.00,30.00,0,0.000,0.000,'2025-08-04 03:14:29'),(177,118,1,NULL,'Budget Fried Chicken','',NULL,'unit',NULL,3.000,NULL,20.00,60.00,0.00,60.00,0,0.000,0.000,'2025-08-04 03:19:13'),(178,119,5,NULL,'Crispy Skin',NULL,NULL,'unit',NULL,1.000,NULL,25.00,25.00,0.00,25.00,0,0.000,0.000,'2025-08-04 03:25:51'),(179,120,2,NULL,'Value Fried Chicken',NULL,NULL,'unit',NULL,2.000,NULL,30.00,60.00,0.00,60.00,0,0.000,0.000,'2025-08-04 03:29:40'),(180,121,300010,NULL,'Premium Fried Chicken (Spicy)',NULL,NULL,'unit',NULL,2.000,NULL,40.00,80.00,0.00,80.00,0,0.000,0.000,'2025-08-04 03:31:05'),(181,122,1,NULL,'Budget Fried Chicken',NULL,NULL,'unit',NULL,1.000,NULL,20.00,20.00,0.00,20.00,0,0.000,0.000,'2025-08-04 03:47:25'),(182,123,300010,NULL,'Premium Fried Chicken (Spicy)',NULL,NULL,'unit',NULL,1.000,NULL,40.00,40.00,0.00,40.00,0,0.000,0.000,'2025-08-04 03:57:27'),(183,123,2,NULL,'Value Fried Chicken',NULL,NULL,'unit',NULL,2.000,NULL,30.00,60.00,0.00,60.00,0,0.000,0.000,'2025-08-04 03:57:27'),(184,123,6,NULL,'Rice',NULL,NULL,'unit',NULL,1.000,NULL,15.00,15.00,0.00,15.00,0,0.000,0.000,'2025-08-04 03:57:27'),(185,124,300010,NULL,'Premium Fried Chicken (Spicy)',NULL,NULL,'unit',NULL,2.000,NULL,40.00,80.00,0.00,80.00,1,2.000,0.000,'2025-08-04 03:59:02'),(186,124,4,NULL,'Crispy Neck',NULL,NULL,'unit',NULL,2.000,NULL,15.00,30.00,0.00,30.00,1,2.000,0.000,'2025-08-04 03:59:02'),(187,125,6,NULL,'Rice',NULL,NULL,'unit',NULL,1.000,NULL,15.00,15.00,0.00,15.00,0,0.000,0.000,'2025-08-04 03:59:13'),(188,126,2,NULL,'Value Fried Chicken',NULL,NULL,'unit',NULL,2.000,NULL,30.00,60.00,0.00,60.00,0,0.000,0.000,'2025-08-04 04:07:02'),(189,126,6,NULL,'Rice',NULL,NULL,'unit',NULL,2.000,NULL,15.00,30.00,0.00,30.00,0,0.000,0.000,'2025-08-04 04:07:02'),(190,126,5,NULL,'Crispy Skin',NULL,NULL,'unit',NULL,1.000,NULL,25.00,25.00,0.00,25.00,0,0.000,0.000,'2025-08-04 04:07:02'),(191,127,1,NULL,'Budget Fried Chicken',NULL,NULL,'unit',NULL,2.000,NULL,20.00,40.00,0.00,40.00,0,0.000,0.000,'2025-08-04 04:12:57'),(192,127,4,NULL,'Crispy Neck',NULL,NULL,'unit',NULL,3.000,NULL,15.00,45.00,0.00,45.00,0,0.000,0.000,'2025-08-04 04:12:57'),(193,128,1,NULL,'Budget Fried Chicken',NULL,NULL,'unit',NULL,1.000,NULL,20.00,20.00,0.00,20.00,0,0.000,0.000,'2025-08-04 04:14:44'),(194,129,1,NULL,'Budget Fried Chicken',NULL,NULL,'unit',NULL,2.000,NULL,20.00,40.00,0.00,40.00,0,0.000,0.000,'2025-08-04 04:14:51'),(195,130,2,NULL,'Value Fried Chicken',NULL,NULL,'unit',NULL,2.000,NULL,30.00,60.00,0.00,60.00,0,0.000,0.000,'2025-08-04 04:15:02'),(196,131,2,NULL,'Value Fried Chicken',NULL,NULL,'unit',NULL,1.000,NULL,30.00,30.00,0.00,30.00,0,0.000,0.000,'2025-08-04 04:15:06'),(197,132,4,NULL,'Crispy Neck',NULL,NULL,'unit',NULL,2.000,NULL,15.00,30.00,0.00,30.00,0,0.000,0.000,'2025-08-04 04:24:01'),(198,133,300010,NULL,'Premium Fried Chicken (Spicy)',NULL,NULL,'unit',NULL,2.000,NULL,40.00,80.00,0.00,80.00,0,0.000,0.000,'2025-08-04 04:29:57'),(199,133,4,NULL,'Crispy Neck',NULL,NULL,'unit',NULL,2.000,NULL,15.00,30.00,0.00,30.00,0,0.000,0.000,'2025-08-04 04:29:57'),(200,133,6,NULL,'Rice',NULL,NULL,'unit',NULL,1.000,NULL,15.00,15.00,0.00,15.00,0,0.000,0.000,'2025-08-04 04:29:57'),(201,134,300010,NULL,'Premium Fried Chicken (Spicy)',NULL,NULL,'unit',NULL,1.000,NULL,40.00,40.00,0.00,40.00,0,0.000,0.000,'2025-08-04 05:11:31'),(202,134,6,NULL,'Rice',NULL,NULL,'unit',NULL,1.000,NULL,15.00,15.00,0.00,15.00,0,0.000,0.000,'2025-08-04 05:11:31'),(203,135,1,NULL,'Budget Fried Chicken',NULL,NULL,'unit',NULL,0.000,NULL,20.00,0.00,0.00,0.00,0,0.000,0.000,'2025-08-04 05:11:43'),(204,135,2,NULL,'Value Fried Chicken',NULL,NULL,'unit',NULL,2.000,NULL,30.00,60.00,0.00,60.00,0,0.000,0.000,'2025-08-04 05:11:43'),(205,135,6,NULL,'Rice',NULL,NULL,'unit',NULL,1.000,NULL,15.00,15.00,0.00,15.00,0,0.000,0.000,'2025-08-04 05:11:43'),(206,136,300010,NULL,'Premium Fried Chicken (Spicy)',NULL,NULL,'unit',NULL,2.000,NULL,40.00,80.00,0.00,80.00,0,0.000,0.000,'2025-08-04 05:17:44'),(207,137,6,NULL,'Rice',NULL,NULL,'unit',NULL,1.000,NULL,15.00,15.00,0.00,15.00,0,0.000,0.000,'2025-08-04 05:17:54'),(208,138,6,NULL,'Rice',NULL,NULL,'unit',NULL,1.000,NULL,15.00,15.00,0.00,15.00,0,0.000,0.000,'2025-08-04 05:26:42'),(209,139,6,NULL,'Rice',NULL,NULL,'unit',NULL,1.000,NULL,15.00,15.00,0.00,15.00,0,0.000,0.000,'2025-08-04 05:35:20'),(210,140,2,NULL,'Value Fried Chicken',NULL,NULL,'unit',NULL,4.000,NULL,30.00,120.00,0.00,120.00,0,0.000,0.000,'2025-08-04 06:13:00'),(211,140,5,NULL,'Crispy Skin',NULL,NULL,'unit',NULL,2.000,NULL,25.00,50.00,0.00,50.00,0,0.000,0.000,'2025-08-04 06:13:00'),(212,141,3,NULL,'Premium Fried Chicken (Spicy)',NULL,NULL,'unit',NULL,1.000,NULL,40.00,40.00,0.00,40.00,0,0.000,0.000,'2025-08-04 06:13:10'),(213,142,2,NULL,'Value Fried Chicken',NULL,NULL,'unit',NULL,1.000,NULL,30.00,30.00,0.00,30.00,0,0.000,0.000,'2025-08-04 07:23:29'),(214,143,8,NULL,'Neck',NULL,NULL,'unit',NULL,3.000,NULL,50.00,150.00,0.00,150.00,0,0.000,0.000,'2025-08-04 07:53:31'),(215,144,8,NULL,'Neck',NULL,NULL,'unit',NULL,2.000,NULL,50.00,100.00,0.00,100.00,0,0.000,0.000,'2025-08-04 07:53:37'),(216,145,2,NULL,'Value Fried Chicken',NULL,NULL,'unit',NULL,1.000,NULL,30.00,30.00,0.00,30.00,0,0.000,0.000,'2025-08-04 08:18:43'),(217,146,1,NULL,'Budget Fried Chicken',NULL,NULL,'unit',NULL,1.000,NULL,20.00,20.00,0.00,20.00,0,0.000,0.000,'2025-08-04 08:33:40'),(218,146,5,NULL,'Crispy Skin',NULL,NULL,'unit',NULL,1.000,NULL,25.00,25.00,0.00,25.00,0,0.000,0.000,'2025-08-04 08:33:40'),(219,147,5,NULL,'Crispy Skin',NULL,NULL,'unit',NULL,1.000,NULL,25.00,25.00,0.00,25.00,0,0.000,0.000,'2025-08-04 08:37:27'),(220,148,2,NULL,'Value Fried Chicken',NULL,NULL,'unit',NULL,1.000,NULL,30.00,30.00,0.00,30.00,0,0.000,0.000,'2025-08-04 09:19:39'),(221,149,2,NULL,'Value Fried Chicken',NULL,NULL,'unit',NULL,1.000,NULL,30.00,30.00,0.00,30.00,0,0.000,0.000,'2025-08-04 09:32:11'),(222,150,3,NULL,'Premium Fried Chicken (Spicy)',NULL,NULL,'unit',NULL,3.000,NULL,40.00,120.00,0.00,120.00,0,0.000,0.000,'2025-08-04 09:41:31'),(223,150,2,NULL,'Value Fried Chicken',NULL,NULL,'unit',NULL,3.000,NULL,30.00,90.00,0.00,90.00,0,0.000,0.000,'2025-08-04 09:41:31'),(224,150,5,NULL,'Crispy Skin',NULL,NULL,'unit',NULL,1.000,NULL,25.00,25.00,0.00,25.00,0,0.000,0.000,'2025-08-04 09:41:31'),(225,151,3,NULL,'Premium Fried Chicken (Spicy)',NULL,NULL,'unit',NULL,1.000,NULL,40.00,40.00,0.00,40.00,0,0.000,0.000,'2025-08-04 09:45:26'),(226,151,6,NULL,'Rice',NULL,NULL,'unit',NULL,1.000,NULL,15.00,15.00,0.00,15.00,0,0.000,0.000,'2025-08-04 09:45:26'),(227,152,6,NULL,'Rice',NULL,NULL,'unit',NULL,2.000,NULL,15.00,30.00,0.00,30.00,0,0.000,0.000,'2025-08-04 10:25:52'),(228,152,4,NULL,'Crispy Neck',NULL,NULL,'unit',NULL,1.000,NULL,15.00,15.00,0.00,15.00,0,0.000,0.000,'2025-08-04 10:25:52'),(229,152,2,NULL,'Value Fried Chicken',NULL,NULL,'unit',NULL,1.000,NULL,30.00,30.00,0.00,30.00,0,0.000,0.000,'2025-08-04 10:25:52'),(230,153,4,NULL,'Crispy Neck',NULL,NULL,'unit',NULL,5.000,NULL,15.00,75.00,0.00,75.00,0,0.000,0.000,'2025-08-04 10:33:11'),(231,153,5,NULL,'Crispy Skin',NULL,NULL,'unit',NULL,1.000,NULL,25.00,25.00,0.00,25.00,0,0.000,0.000,'2025-08-04 10:33:11'),(232,154,2,NULL,'Value Fried Chicken',NULL,NULL,'unit',NULL,2.000,NULL,30.00,60.00,0.00,60.00,0,0.000,0.000,'2025-08-04 10:37:09'),(233,155,5,NULL,'Crispy Skin',NULL,NULL,'unit',NULL,3.000,NULL,25.00,75.00,0.00,75.00,0,0.000,0.000,'2025-08-04 10:39:22'),(234,156,2,NULL,'Value Fried Chicken',NULL,NULL,'unit',NULL,2.000,NULL,30.00,60.00,0.00,60.00,0,0.000,0.000,'2025-08-04 10:44:02'),(235,157,4,NULL,'Crispy Neck',NULL,NULL,'unit',NULL,2.000,NULL,15.00,30.00,0.00,30.00,0,0.000,0.000,'2025-08-04 10:44:39'),(236,157,6,NULL,'Rice',NULL,NULL,'unit',NULL,1.000,NULL,15.00,15.00,0.00,15.00,0,0.000,0.000,'2025-08-04 10:44:39'),(237,158,6,NULL,'Rice',NULL,NULL,'unit',NULL,2.000,NULL,15.00,30.00,0.00,30.00,0,0.000,0.000,'2025-08-04 10:47:15'),(238,254,2,NULL,'Value Fried Chicken',NULL,NULL,'unit',NULL,4.000,NULL,30.00,120.00,0.00,120.00,0,0.000,0.000,'2025-08-04 11:08:40'),(239,254,3,NULL,'Premium Fried Chicken (Spicy)',NULL,NULL,'unit',NULL,2.000,NULL,40.00,80.00,0.00,80.00,0,0.000,0.000,'2025-08-04 11:08:40'),(240,254,4,NULL,'Crispy Neck',NULL,NULL,'unit',NULL,4.000,NULL,15.00,60.00,0.00,60.00,0,0.000,0.000,'2025-08-04 11:08:40'),(241,254,1,NULL,'Budget Fried Chicken',NULL,NULL,'unit',NULL,0.000,NULL,20.00,0.00,0.00,0.00,0,0.000,0.000,'2025-08-04 11:08:40'),(242,255,4,NULL,'Crispy Neck',NULL,NULL,'unit',NULL,1.000,NULL,15.00,15.00,0.00,15.00,0,0.000,0.000,'2025-08-04 11:08:40'),(243,256,3,NULL,'Premium Fried Chicken (Spicy)',NULL,NULL,'unit',NULL,2.000,NULL,40.00,80.00,0.00,80.00,0,0.000,0.000,'2025-08-04 11:08:41'),(244,256,1,NULL,'Budget Fried Chicken',NULL,NULL,'unit',NULL,2.000,NULL,20.00,40.00,0.00,40.00,0,0.000,0.000,'2025-08-04 11:08:41'),(245,257,5,NULL,'Crispy Skin',NULL,NULL,'unit',NULL,1.000,NULL,25.00,25.00,0.00,25.00,0,0.000,0.000,'2025-08-04 11:08:41'),(246,258,2,NULL,'Value Fried Chicken',NULL,NULL,'unit',NULL,2.000,NULL,30.00,60.00,0.00,60.00,0,0.000,0.000,'2025-08-04 11:08:41'),(247,258,4,NULL,'Crispy Neck',NULL,NULL,'unit',NULL,2.000,NULL,15.00,30.00,0.00,30.00,0,0.000,0.000,'2025-08-04 11:08:41'),(248,259,2,NULL,'Value Fried Chicken',NULL,NULL,'unit',NULL,3.000,NULL,30.00,90.00,0.00,90.00,0,0.000,0.000,'2025-08-04 11:14:07'),(249,259,4,NULL,'Crispy Neck',NULL,NULL,'unit',NULL,4.000,NULL,15.00,60.00,0.00,60.00,0,0.000,0.000,'2025-08-04 11:14:07'),(250,259,5,NULL,'Crispy Skin',NULL,NULL,'unit',NULL,1.000,NULL,25.00,25.00,0.00,25.00,0,0.000,0.000,'2025-08-04 11:14:07'),(251,259,1,NULL,'Budget Fried Chicken',NULL,NULL,'unit',NULL,1.000,NULL,20.00,20.00,0.00,20.00,0,0.000,0.000,'2025-08-04 11:14:07'),(252,260,1,NULL,'Budget Fried Chicken',NULL,NULL,'unit',NULL,1.000,NULL,20.00,20.00,0.00,20.00,0,0.000,0.000,'2025-08-04 11:14:55'),(253,261,9,NULL,'Liver',NULL,NULL,'unit',NULL,1.000,NULL,50.00,50.00,0.00,50.00,0,0.000,0.000,'2025-08-04 11:17:12'),(254,262,6,NULL,'Rice',NULL,NULL,'unit',NULL,3.000,NULL,15.00,45.00,0.00,45.00,0,0.000,0.000,'2025-08-04 13:32:11'),(255,262,3,10,'Premium Fried Chicken (Spicy)',NULL,NULL,'unit',NULL,2.000,NULL,40.00,80.00,0.00,80.00,0,0.000,0.000,'2025-08-04 13:32:11'),(256,262,5,NULL,'Crispy Skin',NULL,NULL,'unit',NULL,1.000,NULL,25.00,25.00,0.00,25.00,0,0.000,0.000,'2025-08-04 13:32:11'),(257,262,4,NULL,'Crispy Neck',NULL,NULL,'unit',NULL,6.000,NULL,15.00,90.00,0.00,90.00,0,0.000,0.000,'2025-08-04 13:32:11'),(258,262,1,NULL,'Budget Fried Chicken',NULL,NULL,'unit',NULL,4.000,NULL,20.00,80.00,0.00,80.00,0,0.000,0.000,'2025-08-04 13:32:11'),(259,262,2,NULL,'Value Fried Chicken',NULL,NULL,'unit',NULL,5.000,NULL,30.00,150.00,0.00,150.00,0,0.000,0.000,'2025-08-04 13:32:11'),(260,263,2,NULL,'Value Fried Chicken','',NULL,'unit',NULL,1.000,NULL,30.00,30.00,0.00,30.00,0,0.000,0.000,'2025-08-05 01:51:44'),(261,264,2,NULL,'Value Fried Chicken','',NULL,'unit',NULL,2.000,NULL,30.00,60.00,0.00,60.00,0,0.000,0.000,'2025-08-05 02:14:28'),(262,264,1,NULL,'Budget Fried Chicken','',NULL,'unit',NULL,1.000,NULL,20.00,20.00,0.00,20.00,0,0.000,0.000,'2025-08-05 02:14:28'),(263,264,6,NULL,'Rice','',NULL,'unit',NULL,3.000,NULL,15.00,45.00,0.00,45.00,0,0.000,0.000,'2025-08-05 02:14:28'),(264,265,2,NULL,'Value Fried Chicken','',NULL,'unit',NULL,2.000,NULL,30.00,60.00,0.00,60.00,0,0.000,0.000,'2025-08-05 02:16:51'),(265,266,2,NULL,'Value Fried Chicken',NULL,NULL,'unit',NULL,2.000,NULL,30.00,60.00,0.00,60.00,0,0.000,0.000,'2025-08-05 02:33:28'),(266,266,1,NULL,'Budget Fried Chicken',NULL,NULL,'unit',NULL,1.000,NULL,20.00,20.00,0.00,20.00,0,0.000,0.000,'2025-08-05 02:33:28'),(267,267,4,NULL,'Crispy Neck',NULL,NULL,'unit',NULL,2.000,NULL,15.00,30.00,0.00,30.00,0,0.000,0.000,'2025-08-05 02:34:00'),(268,268,3,9,'Premium Fried Chicken (Regular)',NULL,NULL,'unit',NULL,1.000,NULL,40.00,40.00,0.00,40.00,0,0.000,0.000,'2025-08-05 02:44:20'),(269,269,2,NULL,'Value Fried Chicken',NULL,NULL,'unit',NULL,1.000,NULL,30.00,30.00,0.00,30.00,0,0.000,0.000,'2025-08-05 02:59:24'),(270,270,5,NULL,'Crispy Skin','',NULL,'unit',NULL,1.000,NULL,25.00,25.00,0.00,25.00,0,0.000,0.000,'2025-08-05 03:22:11'),(271,271,4,NULL,'Crispy Neck','',NULL,'unit',NULL,2.000,NULL,15.00,30.00,0.00,30.00,0,0.000,0.000,'2025-08-05 03:22:17'),(272,272,2,NULL,'Value Fried Chicken','',NULL,'unit',NULL,1.000,NULL,30.00,30.00,0.00,30.00,0,0.000,0.000,'2025-08-05 03:23:42'),(273,273,2,NULL,'Value Fried Chicken','',NULL,'unit',NULL,1.000,NULL,30.00,30.00,0.00,30.00,0,0.000,0.000,'2025-08-05 03:36:31'),(274,274,2,NULL,'Value Fried Chicken','',NULL,'unit',NULL,2.000,NULL,30.00,60.00,0.00,60.00,0,0.000,0.000,'2025-08-05 03:40:42'),(275,274,1,NULL,'Budget Fried Chicken','',NULL,'unit',NULL,1.000,NULL,20.00,20.00,0.00,20.00,0,0.000,0.000,'2025-08-05 03:40:42'),(276,275,2,NULL,'Value Fried Chicken','',NULL,'unit',NULL,1.000,NULL,30.00,30.00,0.00,30.00,0,0.000,0.000,'2025-08-05 03:43:52'),(277,275,1,NULL,'Budget Fried Chicken','',NULL,'unit',NULL,1.000,NULL,20.00,20.00,0.00,20.00,0,0.000,0.000,'2025-08-05 03:43:52'),(278,275,5,NULL,'Crispy Skin','',NULL,'unit',NULL,1.000,NULL,25.00,25.00,0.00,25.00,0,0.000,0.000,'2025-08-05 03:43:52'),(279,276,6,NULL,'Rice','',NULL,'unit',NULL,0.000,NULL,15.00,0.00,0.00,0.00,0,0.000,0.000,'2025-08-05 03:52:11'),(280,276,2,NULL,'Value Fried Chicken','',NULL,'unit',NULL,4.000,NULL,30.00,120.00,0.00,120.00,0,0.000,0.000,'2025-08-05 03:52:11'),(281,276,4,NULL,'Crispy Neck','',NULL,'unit',NULL,3.000,NULL,15.00,45.00,0.00,45.00,0,0.000,0.000,'2025-08-05 03:52:11'),(282,277,2,NULL,'Value Fried Chicken','',NULL,'unit',NULL,1.000,NULL,30.00,30.00,0.00,30.00,0,0.000,0.000,'2025-08-05 03:52:23'),(283,278,5,NULL,'Crispy Skin','',NULL,'unit',NULL,4.000,NULL,25.00,100.00,0.00,100.00,0,0.000,0.000,'2025-08-05 03:54:55'),(284,278,3,10,'Premium Fried Chicken (Spicy)','',NULL,'unit',NULL,2.000,NULL,40.00,80.00,0.00,80.00,0,0.000,0.000,'2025-08-05 03:54:55'),(285,278,6,NULL,'Rice','',NULL,'unit',NULL,4.000,NULL,15.00,60.00,0.00,60.00,0,0.000,0.000,'2025-08-05 03:54:55'),(286,279,2,NULL,'Value Fried Chicken','',NULL,'unit',NULL,2.000,NULL,30.00,60.00,0.00,60.00,0,0.000,0.000,'2025-08-05 03:58:33'),(287,279,6,NULL,'Rice','',NULL,'unit',NULL,2.000,NULL,15.00,30.00,0.00,30.00,0,0.000,0.000,'2025-08-05 03:58:33'),(288,279,1,NULL,'Budget Fried Chicken','',NULL,'unit',NULL,1.000,NULL,20.00,20.00,0.00,20.00,0,0.000,0.000,'2025-08-05 03:58:33'),(289,280,4,NULL,'Crispy Neck','',NULL,'unit',NULL,2.000,NULL,15.00,30.00,0.00,30.00,0,0.000,0.000,'2025-08-05 04:00:20'),(290,281,5,NULL,'Crispy Skin','',NULL,'unit',NULL,2.000,NULL,25.00,50.00,0.00,50.00,0,0.000,0.000,'2025-08-05 04:03:23'),(291,282,4,NULL,'Crispy Neck','',NULL,'unit',NULL,1.000,NULL,15.00,15.00,0.00,15.00,0,0.000,0.000,'2025-08-05 04:06:38'),(292,283,4,NULL,'Crispy Neck','',NULL,'unit',NULL,2.000,NULL,15.00,30.00,0.00,30.00,0,0.000,0.000,'2025-08-05 04:09:34'),(293,283,2,NULL,'Value Fried Chicken','',NULL,'unit',NULL,2.000,NULL,30.00,60.00,0.00,60.00,0,0.000,0.000,'2025-08-05 04:09:34'),(294,284,4,NULL,'Crispy Neck','',NULL,'unit',NULL,10.000,NULL,15.00,150.00,0.00,150.00,0,0.000,0.000,'2025-08-05 04:12:15'),(295,285,2,NULL,'Value Fried Chicken','',NULL,'unit',NULL,1.000,NULL,30.00,30.00,0.00,30.00,0,0.000,0.000,'2025-08-05 04:14:01'),(296,285,1,NULL,'Budget Fried Chicken','',NULL,'unit',NULL,4.000,NULL,20.00,80.00,0.00,80.00,0,0.000,0.000,'2025-08-05 04:14:01'),(297,286,2,NULL,'Value Fried Chicken','',NULL,'unit',NULL,2.000,NULL,30.00,60.00,0.00,60.00,0,0.000,0.000,'2025-08-05 04:26:32'),(298,287,1,NULL,'Budget Fried Chicken','',NULL,'unit',NULL,1.000,NULL,20.00,20.00,0.00,20.00,0,0.000,0.000,'2025-08-05 04:26:36'),(299,288,2,NULL,'Value Fried Chicken','',NULL,'unit',NULL,1.000,NULL,30.00,30.00,0.00,30.00,0,0.000,0.000,'2025-08-05 04:33:52'),(300,288,5,NULL,'Crispy Skin','',NULL,'unit',NULL,1.000,NULL,25.00,25.00,0.00,25.00,0,0.000,0.000,'2025-08-05 04:33:52'),(301,289,4,NULL,'Crispy Neck','',NULL,'unit',NULL,2.000,NULL,15.00,30.00,0.00,30.00,0,0.000,0.000,'2025-08-05 04:36:51'),(302,290,2,NULL,'Value Fried Chicken','',NULL,'unit',NULL,1.000,NULL,30.00,30.00,0.00,30.00,0,0.000,0.000,'2025-08-05 04:39:05'),(303,291,4,NULL,'Crispy Neck','',NULL,'unit',NULL,1.000,NULL,15.00,15.00,0.00,15.00,0,0.000,0.000,'2025-08-05 04:41:18'),(304,292,3,10,'Premium Fried Chicken (Spicy)','',NULL,'unit',NULL,1.000,NULL,40.00,40.00,0.00,40.00,0,0.000,0.000,'2025-08-05 04:43:42'),(305,292,2,NULL,'Value Fried Chicken','',NULL,'unit',NULL,1.000,NULL,30.00,30.00,0.00,30.00,0,0.000,0.000,'2025-08-05 04:43:42'),(306,293,1,NULL,'Budget Fried Chicken','',NULL,'unit',NULL,2.000,NULL,20.00,40.00,0.00,40.00,0,0.000,0.000,'2025-08-05 04:50:02'),(307,294,2,NULL,'Value Fried Chicken','',NULL,'unit',NULL,1.000,NULL,30.00,30.00,0.00,30.00,0,0.000,0.000,'2025-08-05 05:03:58'),(308,295,1,NULL,'Budget Fried Chicken','',NULL,'unit',NULL,2.000,NULL,20.00,40.00,0.00,40.00,0,0.000,0.000,'2025-08-05 05:33:52'),(309,295,4,NULL,'Crispy Neck','',NULL,'unit',NULL,1.000,NULL,15.00,15.00,0.00,15.00,0,0.000,0.000,'2025-08-05 05:33:52'),(310,296,5,NULL,'Crispy Skin','',NULL,'unit',NULL,1.000,NULL,25.00,25.00,0.00,25.00,0,0.000,0.000,'2025-08-05 06:01:44'),(311,296,1,NULL,'Budget Fried Chicken','',NULL,'unit',NULL,1.000,NULL,20.00,20.00,0.00,20.00,0,0.000,0.000,'2025-08-05 06:01:44'),(312,297,1,NULL,'Budget Fried Chicken','',NULL,'unit',NULL,2.000,NULL,20.00,40.00,0.00,40.00,0,0.000,0.000,'2025-08-05 06:12:09'),(313,298,8,NULL,'Neck','',NULL,'unit',NULL,3.000,NULL,50.00,150.00,0.00,150.00,0,0.000,0.000,'2025-08-05 07:11:04'),(314,299,3,10,'Premium Fried Chicken (Spicy)','',NULL,'unit',NULL,1.000,NULL,40.00,40.00,0.00,40.00,0,0.000,0.000,'2025-08-05 07:11:26'),(315,299,6,NULL,'Rice','',NULL,'unit',NULL,1.000,NULL,15.00,15.00,0.00,15.00,0,0.000,0.000,'2025-08-05 07:11:26'),(316,299,1,NULL,'Budget Fried Chicken','',NULL,'unit',NULL,1.000,NULL,20.00,20.00,0.00,20.00,0,0.000,0.000,'2025-08-05 07:11:26'),(317,300,8,NULL,'Neck','',NULL,'unit',NULL,2.000,NULL,50.00,100.00,0.00,100.00,0,0.000,0.000,'2025-08-05 07:34:38'),(318,301,2,NULL,'Value Fried Chicken','',NULL,'unit',NULL,2.000,NULL,30.00,60.00,0.00,60.00,0,0.000,0.000,'2025-08-05 08:14:56'),(319,302,2,NULL,'Value Fried Chicken','',NULL,'unit',NULL,1.000,NULL,30.00,30.00,0.00,30.00,0,0.000,0.000,'2025-08-05 08:25:33'),(320,303,3,10,'Premium Fried Chicken (Spicy)',NULL,NULL,'unit',NULL,5.000,NULL,40.00,200.00,0.00,200.00,0,0.000,0.000,'2025-08-05 08:26:08'),(321,303,4,NULL,'Crispy Neck',NULL,NULL,'unit',NULL,2.000,NULL,15.00,30.00,0.00,30.00,0,0.000,0.000,'2025-08-05 08:26:08'),(322,303,5,NULL,'Crispy Skin',NULL,NULL,'unit',NULL,1.000,NULL,25.00,25.00,0.00,25.00,0,0.000,0.000,'2025-08-05 08:26:08'),(323,304,3,10,'Premium Fried Chicken (Spicy)',NULL,NULL,'unit',NULL,1.000,NULL,40.00,40.00,0.00,40.00,0,0.000,0.000,'2025-08-05 08:41:42'),(324,305,1,NULL,'Budget Fried Chicken',NULL,NULL,'unit',NULL,1.000,NULL,20.00,20.00,0.00,20.00,0,0.000,0.000,'2025-08-05 08:41:49'),(325,306,1,NULL,'Budget Fried Chicken',NULL,NULL,'unit',NULL,2.000,NULL,20.00,40.00,0.00,40.00,0,0.000,0.000,'2025-08-05 09:25:37'),(326,307,2,NULL,'Value Fried Chicken',NULL,NULL,'unit',NULL,1.000,NULL,30.00,30.00,0.00,30.00,0,0.000,0.000,'2025-08-05 09:25:51'),(327,308,1,NULL,'Budget Fried Chicken',NULL,NULL,'unit',NULL,2.000,NULL,20.00,40.00,0.00,40.00,0,0.000,0.000,'2025-08-05 09:31:24'),(328,309,3,10,'Premium Fried Chicken (Spicy)',NULL,NULL,'unit',NULL,1.000,NULL,40.00,40.00,0.00,40.00,0,0.000,0.000,'2025-08-05 09:31:35'),(329,310,8,NULL,'Neck',NULL,NULL,'unit',NULL,1.000,NULL,50.00,50.00,0.00,50.00,0,0.000,0.000,'2025-08-05 09:36:10'),(330,311,4,NULL,'Crispy Neck',NULL,NULL,'unit',NULL,2.000,NULL,15.00,30.00,0.00,30.00,0,0.000,0.000,'2025-08-05 09:53:17'),(331,312,1,NULL,'Budget Fried Chicken',NULL,NULL,'unit',NULL,0.000,NULL,20.00,0.00,0.00,0.00,0,0.000,0.000,'2025-08-05 10:05:44'),(332,312,8,NULL,'Neck',NULL,NULL,'unit',NULL,1.000,NULL,50.00,50.00,0.00,50.00,0,0.000,0.000,'2025-08-05 10:05:44'),(333,313,3,10,'Premium Fried Chicken (Spicy)',NULL,NULL,'unit',NULL,4.000,NULL,40.00,160.00,0.00,160.00,0,0.000,0.000,'2025-08-05 10:13:18'),(334,314,4,NULL,'Crispy Neck',NULL,NULL,'unit',NULL,2.000,NULL,15.00,30.00,0.00,30.00,0,0.000,0.000,'2025-08-05 10:26:48'),(335,315,4,NULL,'Crispy Neck',NULL,NULL,'unit',NULL,1.000,NULL,15.00,15.00,0.00,15.00,0,0.000,0.000,'2025-08-05 10:30:12'),(336,316,8,NULL,'Neck',NULL,NULL,'unit',NULL,2.000,NULL,50.00,100.00,0.00,100.00,0,0.000,0.000,'2025-08-05 10:30:19'),(337,317,8,NULL,'Neck',NULL,NULL,'unit',NULL,0.000,NULL,50.00,0.00,0.00,0.00,0,0.000,0.000,'2025-08-05 10:44:14'),(338,317,1,NULL,'Budget Fried Chicken',NULL,NULL,'unit',NULL,0.000,NULL,20.00,0.00,0.00,0.00,0,0.000,0.000,'2025-08-05 10:44:14'),(339,317,4,NULL,'Crispy Neck',NULL,NULL,'unit',NULL,2.000,NULL,15.00,30.00,0.00,30.00,0,0.000,0.000,'2025-08-05 10:44:14'),(340,317,2,NULL,'Value Fried Chicken',NULL,NULL,'unit',NULL,5.000,NULL,30.00,150.00,0.00,150.00,0,0.000,0.000,'2025-08-05 10:44:14'),(341,318,2,NULL,'Value Fried Chicken',NULL,NULL,'unit',NULL,1.000,NULL,30.00,30.00,0.00,30.00,0,0.000,0.000,'2025-08-05 10:48:25'),(342,318,4,NULL,'Crispy Neck',NULL,NULL,'unit',NULL,1.000,NULL,15.00,15.00,0.00,15.00,0,0.000,0.000,'2025-08-05 10:48:25'),(343,319,2,NULL,'Value Fried Chicken',NULL,NULL,'unit',NULL,1.000,NULL,30.00,30.00,0.00,30.00,0,0.000,0.000,'2025-08-05 10:48:33'),(344,320,2,NULL,'Value Fried Chicken',NULL,NULL,'unit',NULL,2.000,NULL,30.00,60.00,0.00,60.00,0,0.000,0.000,'2025-08-05 10:50:05'),(345,320,4,NULL,'Crispy Neck',NULL,NULL,'unit',NULL,2.000,NULL,15.00,30.00,0.00,30.00,0,0.000,0.000,'2025-08-05 10:50:05'),(346,321,4,NULL,'Crispy Neck',NULL,NULL,'unit',NULL,2.000,NULL,15.00,30.00,0.00,30.00,0,0.000,0.000,'2025-08-05 11:34:53'),(347,322,1,NULL,'Budget Fried Chicken',NULL,NULL,'unit',NULL,5.000,NULL,20.00,100.00,0.00,100.00,0,0.000,0.000,'2025-08-05 12:00:33'),(348,323,9,NULL,'Liver','',NULL,'unit',NULL,3.000,NULL,50.00,150.00,0.00,150.00,0,0.000,0.000,'2025-08-06 01:22:53'),(349,324,2,NULL,'Value Fried Chicken','',NULL,'unit',NULL,1.000,NULL,30.00,30.00,0.00,30.00,0,0.000,0.000,'2025-08-06 01:43:55'),(350,324,4,NULL,'Crispy Neck','',NULL,'unit',NULL,2.000,NULL,15.00,30.00,0.00,30.00,0,0.000,0.000,'2025-08-06 01:43:55'),(351,325,8,NULL,'Neck','',NULL,'unit',NULL,1.000,NULL,50.00,50.00,0.00,50.00,0,0.000,0.000,'2025-08-06 01:51:44'),(352,326,2,NULL,'Value Fried Chicken','',NULL,'unit',NULL,3.000,NULL,30.00,90.00,0.00,90.00,0,0.000,0.000,'2025-08-06 02:16:11'),(353,326,5,NULL,'Crispy Skin','',NULL,'unit',NULL,1.000,NULL,25.00,25.00,0.00,25.00,0,0.000,0.000,'2025-08-06 02:16:11'),(354,326,6,NULL,'Rice','',NULL,'unit',NULL,1.000,NULL,15.00,15.00,0.00,15.00,0,0.000,0.000,'2025-08-06 02:16:11'),(355,327,3,10,'Premium Fried Chicken (Spicy)','',NULL,'unit',NULL,3.000,NULL,40.00,120.00,0.00,120.00,0,0.000,0.000,'2025-08-06 02:27:56'),(356,328,2,NULL,'Value Fried Chicken','',NULL,'unit',NULL,2.000,NULL,30.00,60.00,0.00,60.00,0,0.000,0.000,'2025-08-06 02:29:02'),(357,329,5,NULL,'Crispy Skin','',NULL,'unit',NULL,5.000,NULL,25.00,125.00,0.00,125.00,0,0.000,0.000,'2025-08-06 02:48:48'),(358,330,1,NULL,'Budget Fried Chicken','',NULL,'unit',NULL,3.000,NULL,20.00,60.00,0.00,60.00,0,0.000,0.000,'2025-08-06 02:55:20'),(359,331,6,NULL,'Rice','',NULL,'unit',NULL,2.000,NULL,15.00,30.00,0.00,30.00,0,0.000,0.000,'2025-08-06 02:55:24'),(360,332,2,NULL,'Value Fried Chicken','',NULL,'unit',NULL,1.000,NULL,30.00,30.00,0.00,30.00,0,0.000,0.000,'2025-08-06 02:55:42'),(361,332,6,NULL,'Rice','',NULL,'unit',NULL,1.000,NULL,15.00,15.00,0.00,15.00,0,0.000,0.000,'2025-08-06 02:55:42'),(362,333,6,NULL,'Rice','',NULL,'unit',NULL,1.000,NULL,15.00,15.00,0.00,15.00,0,0.000,0.000,'2025-08-06 03:06:45'),(363,334,6,NULL,'Rice','',NULL,'unit',NULL,1.000,NULL,15.00,15.00,0.00,15.00,0,0.000,0.000,'2025-08-06 03:07:03'),(364,335,4,NULL,'Crispy Neck','',NULL,'unit',NULL,1.000,NULL,15.00,15.00,0.00,15.00,0,0.000,0.000,'2025-08-06 03:15:34'),(365,336,5,NULL,'Crispy Skin','',NULL,'unit',NULL,2.000,NULL,25.00,50.00,0.00,50.00,0,0.000,0.000,'2025-08-06 03:17:16'),(366,336,1,NULL,'Budget Fried Chicken','',NULL,'unit',NULL,0.000,NULL,20.00,0.00,0.00,0.00,0,0.000,0.000,'2025-08-06 03:17:16'),(367,336,2,NULL,'Value Fried Chicken','',NULL,'unit',NULL,1.000,NULL,30.00,30.00,0.00,30.00,0,0.000,0.000,'2025-08-06 03:17:16'),(368,337,4,NULL,'Crispy Neck','',NULL,'unit',NULL,2.000,NULL,15.00,30.00,0.00,30.00,0,0.000,0.000,'2025-08-06 03:21:07'),(369,338,5,NULL,'Crispy Skin',NULL,NULL,'unit',NULL,2.000,NULL,25.00,50.00,0.00,50.00,0,0.000,0.000,'2025-08-06 03:31:45'),(370,338,1,NULL,'Budget Fried Chicken',NULL,NULL,'unit',NULL,1.000,NULL,20.00,20.00,0.00,20.00,0,0.000,0.000,'2025-08-06 03:31:45'),(371,338,2,NULL,'Value Fried Chicken',NULL,NULL,'unit',NULL,1.000,NULL,30.00,30.00,0.00,30.00,0,0.000,0.000,'2025-08-06 03:31:45'),(372,339,1,NULL,'Budget Fried Chicken',NULL,NULL,'unit',NULL,3.000,NULL,20.00,60.00,0.00,60.00,0,0.000,0.000,'2025-08-06 03:39:35'),(373,339,2,NULL,'Value Fried Chicken',NULL,NULL,'unit',NULL,3.000,NULL,30.00,90.00,0.00,90.00,0,0.000,0.000,'2025-08-06 03:39:35'),(374,339,5,NULL,'Crispy Skin',NULL,NULL,'unit',NULL,1.000,NULL,25.00,25.00,0.00,25.00,0,0.000,0.000,'2025-08-06 03:39:35'),(375,340,2,NULL,'Value Fried Chicken',NULL,NULL,'unit',NULL,1.000,NULL,30.00,30.00,0.00,30.00,0,0.000,0.000,'2025-08-06 03:39:41'),(376,341,4,NULL,'Crispy Neck',NULL,NULL,'unit',NULL,1.000,NULL,15.00,15.00,0.00,15.00,0,0.000,0.000,'2025-08-06 03:44:07'),(377,342,1,NULL,'Budget Fried Chicken',NULL,NULL,'unit',NULL,3.000,NULL,20.00,60.00,0.00,60.00,0,0.000,0.000,'2025-08-06 03:52:06'),(378,342,5,NULL,'Crispy Skin',NULL,NULL,'unit',NULL,1.000,NULL,25.00,25.00,0.00,25.00,0,0.000,0.000,'2025-08-06 03:52:06'),(379,343,2,NULL,'Value Fried Chicken',NULL,NULL,'unit',NULL,1.000,NULL,30.00,30.00,0.00,30.00,0,0.000,0.000,'2025-08-06 03:53:58'),(380,343,4,NULL,'Crispy Neck',NULL,NULL,'unit',NULL,1.000,NULL,15.00,15.00,0.00,15.00,0,0.000,0.000,'2025-08-06 03:53:58'),(381,344,2,NULL,'Value Fried Chicken',NULL,NULL,'unit',NULL,1.000,NULL,30.00,30.00,0.00,30.00,0,0.000,0.000,'2025-08-06 03:58:01'),(382,345,2,NULL,'Value Fried Chicken',NULL,NULL,'unit',NULL,1.000,NULL,30.00,30.00,0.00,30.00,0,0.000,0.000,'2025-08-06 03:58:06'),(383,346,2,NULL,'Value Fried Chicken',NULL,NULL,'unit',NULL,1.000,NULL,30.00,30.00,0.00,30.00,0,0.000,0.000,'2025-08-06 03:58:11'),(384,347,2,NULL,'Value Fried Chicken',NULL,NULL,'unit',NULL,1.000,NULL,30.00,30.00,0.00,30.00,0,0.000,0.000,'2025-08-06 03:58:46'),(385,347,5,NULL,'Crispy Skin',NULL,NULL,'unit',NULL,1.000,NULL,25.00,25.00,0.00,25.00,0,0.000,0.000,'2025-08-06 03:58:46'),(386,348,3,9,'Premium Fried Chicken (Regular)',NULL,NULL,'unit',NULL,1.000,NULL,40.00,40.00,0.00,40.00,0,0.000,0.000,'2025-08-06 04:04:32'),(387,348,2,NULL,'Value Fried Chicken',NULL,NULL,'unit',NULL,1.000,NULL,30.00,30.00,0.00,30.00,0,0.000,0.000,'2025-08-06 04:04:32'),(388,349,4,NULL,'Crispy Neck',NULL,NULL,'unit',NULL,1.000,NULL,15.00,15.00,0.00,15.00,0,0.000,0.000,'2025-08-06 04:04:38'),(389,349,2,NULL,'Value Fried Chicken',NULL,NULL,'unit',NULL,1.000,NULL,30.00,30.00,0.00,30.00,0,0.000,0.000,'2025-08-06 04:04:38'),(390,350,2,NULL,'Value Fried Chicken',NULL,NULL,'unit',NULL,1.000,NULL,30.00,30.00,0.00,30.00,0,0.000,0.000,'2025-08-06 04:05:28'),(391,350,6,NULL,'Rice',NULL,NULL,'unit',NULL,1.000,NULL,15.00,15.00,0.00,15.00,0,0.000,0.000,'2025-08-06 04:05:28'),(392,351,1,NULL,'Budget Fried Chicken',NULL,NULL,'unit',NULL,1.000,NULL,20.00,20.00,0.00,20.00,0,0.000,0.000,'2025-08-06 04:10:55'),(393,352,6,NULL,'Rice','',NULL,'unit',NULL,2.000,NULL,15.00,30.00,0.00,30.00,0,0.000,0.000,'2025-08-06 04:16:22'),(394,352,5,NULL,'Crispy Skin','',NULL,'unit',NULL,2.000,NULL,25.00,50.00,0.00,50.00,0,0.000,0.000,'2025-08-06 04:16:22'),(395,352,2,NULL,'Value Fried Chicken','',NULL,'unit',NULL,1.000,NULL,30.00,30.00,0.00,30.00,0,0.000,0.000,'2025-08-06 04:16:22'),(396,353,5,NULL,'Crispy Skin','',NULL,'unit',NULL,2.000,NULL,25.00,50.00,0.00,50.00,0,0.000,0.000,'2025-08-06 04:16:54'),(397,354,1,NULL,'Budget Fried Chicken','',NULL,'unit',NULL,1.000,NULL,20.00,20.00,0.00,20.00,0,0.000,0.000,'2025-08-06 04:20:28'),(398,354,5,NULL,'Crispy Skin','',NULL,'unit',NULL,1.000,NULL,25.00,25.00,0.00,25.00,0,0.000,0.000,'2025-08-06 04:20:28'),(399,354,2,NULL,'Value Fried Chicken','',NULL,'unit',NULL,1.000,NULL,30.00,30.00,0.00,30.00,0,0.000,0.000,'2025-08-06 04:20:28'),(400,355,1,NULL,'Budget Fried Chicken','',NULL,'unit',NULL,1.000,NULL,20.00,20.00,0.00,20.00,0,0.000,0.000,'2025-08-06 04:28:15'),(401,355,4,NULL,'Crispy Neck','',NULL,'unit',NULL,1.000,NULL,15.00,15.00,0.00,15.00,0,0.000,0.000,'2025-08-06 04:28:15'),(402,356,1,NULL,'Budget Fried Chicken','',NULL,'unit',NULL,1.000,NULL,20.00,20.00,0.00,20.00,0,0.000,0.000,'2025-08-06 04:31:37'),(403,356,5,NULL,'Crispy Skin','',NULL,'unit',NULL,1.000,NULL,25.00,25.00,0.00,25.00,0,0.000,0.000,'2025-08-06 04:31:37'),(404,357,1,NULL,'Budget Fried Chicken','',NULL,'unit',NULL,1.000,NULL,20.00,20.00,0.00,20.00,0,0.000,0.000,'2025-08-06 04:43:59'),(405,357,2,NULL,'Value Fried Chicken','',NULL,'unit',NULL,1.000,NULL,30.00,30.00,0.00,30.00,0,0.000,0.000,'2025-08-06 04:43:59'),(406,358,2,NULL,'Value Fried Chicken','',NULL,'unit',NULL,1.000,NULL,30.00,30.00,0.00,30.00,0,0.000,0.000,'2025-08-06 04:44:05'),(407,359,1,NULL,'Budget Fried Chicken','',NULL,'unit',NULL,0.000,NULL,20.00,0.00,0.00,0.00,0,0.000,0.000,'2025-08-06 04:45:37'),(408,359,4,NULL,'Crispy Neck','',NULL,'unit',NULL,2.000,NULL,15.00,30.00,0.00,30.00,0,0.000,0.000,'2025-08-06 04:45:37'),(409,359,2,NULL,'Value Fried Chicken','',NULL,'unit',NULL,1.000,NULL,30.00,30.00,0.00,30.00,0,0.000,0.000,'2025-08-06 04:45:37'),(410,360,1,NULL,'Budget Fried Chicken',NULL,NULL,'unit',NULL,1.000,NULL,20.00,20.00,0.00,20.00,0,0.000,0.000,'2025-08-06 04:54:25'),(411,360,5,NULL,'Crispy Skin','',NULL,'unit',NULL,1.000,NULL,25.00,25.00,0.00,25.00,0,0.000,0.000,'2025-08-06 04:54:25'),(412,360,6,NULL,'Rice','',NULL,'unit',NULL,1.000,NULL,15.00,15.00,0.00,15.00,0,0.000,0.000,'2025-08-06 04:54:25'),(413,361,1,NULL,'Budget Fried Chicken','',NULL,'unit',NULL,2.000,NULL,20.00,40.00,0.00,40.00,0,0.000,0.000,'2025-08-06 05:01:09'),(414,362,2,NULL,'Value Fried Chicken','',NULL,'unit',NULL,1.000,NULL,30.00,30.00,0.00,30.00,0,0.000,0.000,'2025-08-06 05:01:15'),(415,363,5,NULL,'Crispy Skin','',NULL,'unit',NULL,2.000,NULL,25.00,50.00,0.00,50.00,0,0.000,0.000,'2025-08-06 05:02:27'),(416,364,1,NULL,'Budget Fried Chicken','',NULL,'unit',NULL,1.000,NULL,20.00,20.00,0.00,20.00,0,0.000,0.000,'2025-08-06 05:09:58'),(417,364,4,NULL,'Crispy Neck','',NULL,'unit',NULL,1.000,NULL,15.00,15.00,0.00,15.00,0,0.000,0.000,'2025-08-06 05:09:58'),(418,364,6,NULL,'Rice','',NULL,'unit',NULL,1.000,NULL,15.00,15.00,0.00,15.00,0,0.000,0.000,'2025-08-06 05:09:58'),(419,365,4,NULL,'Crispy Neck','',NULL,'unit',NULL,3.000,NULL,15.00,45.00,0.00,45.00,0,0.000,0.000,'2025-08-06 05:25:18'),(420,366,2,NULL,'Value Fried Chicken',NULL,NULL,'unit',NULL,1.000,NULL,30.00,30.00,0.00,30.00,0,0.000,0.000,'2025-08-06 06:14:23'),(421,367,2,NULL,'Value Fried Chicken',NULL,NULL,'unit',NULL,1.000,NULL,30.00,30.00,0.00,30.00,0,0.000,0.000,'2025-08-06 06:31:57'),(422,367,6,NULL,'Rice',NULL,NULL,'unit',NULL,1.000,NULL,15.00,15.00,0.00,15.00,0,0.000,0.000,'2025-08-06 06:31:57'),(423,368,2,NULL,'Value Fried Chicken',NULL,NULL,'unit',NULL,1.000,NULL,30.00,30.00,0.00,30.00,0,0.000,0.000,'2025-08-06 06:45:49'),(424,369,6,NULL,'Rice',NULL,NULL,'unit',NULL,2.000,NULL,15.00,30.00,0.00,30.00,0,0.000,0.000,'2025-08-06 06:46:01'),(425,370,5,NULL,'Crispy Skin',NULL,NULL,'unit',NULL,4.000,NULL,25.00,100.00,0.00,100.00,0,0.000,0.000,'2025-08-06 08:23:25'),(426,371,1,NULL,'Budget Fried Chicken',NULL,NULL,'unit',NULL,1.000,NULL,20.00,20.00,0.00,20.00,0,0.000,0.000,'2025-08-06 08:23:34'),(427,371,2,NULL,'Value Fried Chicken',NULL,NULL,'unit',NULL,1.000,NULL,30.00,30.00,0.00,30.00,0,0.000,0.000,'2025-08-06 08:23:34'),(428,372,4,NULL,'Crispy Neck',NULL,NULL,'unit',NULL,1.000,NULL,15.00,15.00,0.00,15.00,0,0.000,0.000,'2025-08-06 08:31:59'),(429,372,6,NULL,'Rice',NULL,NULL,'unit',NULL,1.000,NULL,15.00,15.00,0.00,15.00,0,0.000,0.000,'2025-08-06 08:31:59'),(430,373,4,NULL,'Crispy Neck',NULL,NULL,'unit',NULL,1.000,NULL,15.00,15.00,0.00,15.00,0,0.000,0.000,'2025-08-06 09:15:46'),(431,374,3,10,'Premium Fried Chicken (Spicy)',NULL,NULL,'unit',NULL,1.000,NULL,40.00,40.00,0.00,40.00,0,0.000,0.000,'2025-08-06 09:15:57'),(432,375,2,NULL,'Value Fried Chicken',NULL,NULL,'unit',NULL,2.000,NULL,30.00,60.00,0.00,60.00,0,0.000,0.000,'2025-08-06 09:34:18'),(433,375,6,NULL,'Rice',NULL,NULL,'unit',NULL,1.000,NULL,15.00,15.00,0.00,15.00,0,0.000,0.000,'2025-08-06 09:34:18'),(434,376,2,NULL,'Value Fried Chicken',NULL,NULL,'unit',NULL,1.000,NULL,30.00,30.00,0.00,30.00,0,0.000,0.000,'2025-08-06 09:34:19'),(435,377,2,NULL,'Value Fried Chicken',NULL,NULL,'unit',NULL,1.000,NULL,30.00,30.00,0.00,30.00,0,0.000,0.000,'2025-08-06 09:36:52'),(436,378,11,NULL,'Whole','',NULL,'weight',NULL,1.000,1.100,200.00,220.00,0.00,220.00,0,0.000,0.000,'2025-08-06 09:41:14'),(437,379,1,NULL,'Budget Fried Chicken',NULL,NULL,'unit',NULL,1.000,NULL,20.00,20.00,0.00,20.00,0,0.000,0.000,'2025-08-06 15:04:18'),(438,380,2,NULL,'Value Fried Chicken',NULL,NULL,'unit',NULL,2.000,NULL,30.00,60.00,0.00,60.00,0,0.000,0.000,'2025-08-06 15:04:19'),(439,381,1,NULL,'Budget Fried Chicken',NULL,NULL,'unit',NULL,1.000,NULL,20.00,20.00,0.00,20.00,0,0.000,0.000,'2025-08-06 15:04:19'),(440,382,9,NULL,'Liver',NULL,NULL,'unit',NULL,1.000,NULL,50.00,50.00,0.00,50.00,0,0.000,0.000,'2025-08-06 15:04:20'),(441,382,8,NULL,'Neck',NULL,NULL,'unit',NULL,1.000,NULL,50.00,50.00,0.00,50.00,0,0.000,0.000,'2025-08-06 15:04:20'),(442,383,2,NULL,'Value Fried Chicken',NULL,NULL,'unit',NULL,5.000,NULL,30.00,150.00,0.00,150.00,0,0.000,0.000,'2025-08-06 15:04:20'),(443,384,9,NULL,'Liver',NULL,NULL,'unit',NULL,1.000,NULL,50.00,50.00,0.00,50.00,0,0.000,0.000,'2025-08-06 15:04:21'),(444,385,2,NULL,'Value Fried Chicken',NULL,NULL,'unit',NULL,3.000,NULL,30.00,90.00,0.00,90.00,0,0.000,0.000,'2025-08-06 15:04:21'),(445,385,4,NULL,'Crispy Neck',NULL,NULL,'unit',NULL,1.000,NULL,15.00,15.00,0.00,15.00,0,0.000,0.000,'2025-08-06 15:04:21'),(446,386,4,NULL,'Crispy Neck',NULL,NULL,'unit',NULL,3.000,NULL,15.00,45.00,0.00,45.00,0,0.000,0.000,'2025-08-06 15:04:21'),(447,387,1,NULL,'Budget Fried Chicken',NULL,NULL,'unit',NULL,2.000,NULL,20.00,40.00,0.00,40.00,0,0.000,0.000,'2025-08-06 15:04:21'),(448,388,1,NULL,'Budget Fried Chicken',NULL,NULL,'unit',NULL,2.000,NULL,20.00,40.00,0.00,40.00,0,0.000,0.000,'2025-08-06 15:04:22'),(449,388,5,NULL,'Crispy Skin',NULL,NULL,'unit',NULL,1.000,NULL,25.00,25.00,0.00,25.00,0,0.000,0.000,'2025-08-06 15:04:22'),(450,389,2,NULL,'Value Fried Chicken',NULL,NULL,'unit',NULL,2.000,NULL,30.00,60.00,0.00,60.00,0,0.000,0.000,'2025-08-06 15:04:22'),(451,390,2,NULL,'Value Fried Chicken',NULL,NULL,'unit',NULL,2.000,NULL,30.00,60.00,0.00,60.00,0,0.000,0.000,'2025-08-06 15:04:22'),(452,391,2,NULL,'Value Fried Chicken',NULL,NULL,'unit',NULL,1.000,NULL,30.00,30.00,0.00,30.00,0,0.000,0.000,'2025-08-06 15:04:23'),(453,392,9,NULL,'Liver',NULL,NULL,'unit',NULL,1.000,NULL,50.00,50.00,0.00,50.00,0,0.000,0.000,'2025-08-06 15:04:23'),(454,393,1,NULL,'Budget Fried Chicken',NULL,NULL,'unit',NULL,2.000,NULL,20.00,40.00,0.00,40.00,0,0.000,0.000,'2025-08-06 15:04:23'),(455,394,1,NULL,'Budget Fried Chicken','',NULL,'unit',NULL,0.000,NULL,20.00,0.00,0.00,0.00,0,0.000,0.000,'2025-08-07 01:44:52'),(456,394,6,NULL,'Rice','',NULL,'unit',NULL,1.000,NULL,15.00,15.00,0.00,15.00,0,0.000,0.000,'2025-08-07 01:44:52'),(457,394,2,NULL,'Value Fried Chicken','',NULL,'unit',NULL,1.000,NULL,30.00,30.00,0.00,30.00,0,0.000,0.000,'2025-08-07 01:44:52'),(458,395,3,9,'Premium Fried Chicken (Regular)','',NULL,'unit',NULL,1.000,NULL,40.00,40.00,0.00,40.00,0,0.000,0.000,'2025-08-07 01:51:18'),(459,396,2,NULL,'Value Fried Chicken','',NULL,'unit',NULL,1.000,NULL,30.00,30.00,0.00,30.00,0,0.000,0.000,'2025-08-07 02:14:50'),(460,397,5,NULL,'Crispy Skin','',NULL,'unit',NULL,2.000,NULL,25.00,50.00,0.00,50.00,0,0.000,0.000,'2025-08-07 02:14:59'),(461,397,2,NULL,'Value Fried Chicken','',NULL,'unit',NULL,2.000,NULL,30.00,60.00,0.00,60.00,0,0.000,0.000,'2025-08-07 02:14:59'),(462,398,1,NULL,'Budget Fried Chicken','',NULL,'unit',NULL,1.000,NULL,20.00,20.00,0.00,20.00,0,0.000,0.000,'2025-08-07 02:15:13'),(463,398,5,NULL,'Crispy Skin','',NULL,'unit',NULL,1.000,NULL,25.00,25.00,0.00,25.00,0,0.000,0.000,'2025-08-07 02:15:13'),(464,399,1,NULL,'Budget Fried Chicken','',NULL,'unit',NULL,1.000,NULL,20.00,20.00,0.00,20.00,0,0.000,0.000,'2025-08-07 02:26:13'),(465,400,9,NULL,'Liver','',NULL,'unit',NULL,1.000,NULL,50.00,50.00,0.00,50.00,0,0.000,0.000,'2025-08-07 02:33:37'),(466,401,1,NULL,'Budget Fried Chicken','',NULL,'unit',NULL,0.000,NULL,20.00,0.00,0.00,0.00,0,0.000,0.000,'2025-08-07 02:34:25'),(467,401,2,NULL,'Value Fried Chicken','',NULL,'unit',NULL,2.000,NULL,30.00,60.00,0.00,60.00,0,0.000,0.000,'2025-08-07 02:34:25'),(468,402,2,NULL,'Value Fried Chicken','',NULL,'unit',NULL,1.000,NULL,30.00,30.00,0.00,30.00,0,0.000,0.000,'2025-08-07 02:34:59'),(469,402,5,NULL,'Crispy Skin','',NULL,'unit',NULL,0.000,NULL,25.00,0.00,0.00,0.00,0,0.000,0.000,'2025-08-07 02:34:59'),(470,402,3,9,'Premium Fried Chicken (Regular)','',NULL,'unit',NULL,1.000,NULL,40.00,40.00,0.00,40.00,0,0.000,0.000,'2025-08-07 02:34:59'),(471,403,1,NULL,'Budget Fried Chicken','',NULL,'unit',NULL,3.000,NULL,20.00,60.00,0.00,60.00,0,0.000,0.000,'2025-08-07 02:53:26'),(472,404,1,NULL,'Budget Fried Chicken','',NULL,'unit',NULL,2.000,NULL,20.00,40.00,0.00,40.00,0,0.000,0.000,'2025-08-07 03:00:27'),(473,405,4,NULL,'Crispy Neck','',NULL,'unit',NULL,1.000,NULL,15.00,15.00,0.00,15.00,0,0.000,0.000,'2025-08-07 03:02:17'),(474,405,6,NULL,'Rice','',NULL,'unit',NULL,1.000,NULL,15.00,15.00,0.00,15.00,0,0.000,0.000,'2025-08-07 03:02:17'),(475,406,4,NULL,'Crispy Neck','',NULL,'unit',NULL,1.000,NULL,15.00,15.00,0.00,15.00,0,0.000,0.000,'2025-08-07 03:02:44'),(476,407,5,NULL,'Crispy Skin','',NULL,'unit',NULL,2.000,NULL,25.00,50.00,0.00,50.00,0,0.000,0.000,'2025-08-07 03:04:13'),(477,407,2,NULL,'Value Fried Chicken','',NULL,'unit',NULL,2.000,NULL,30.00,60.00,0.00,60.00,0,0.000,0.000,'2025-08-07 03:04:13'),(478,408,4,NULL,'Crispy Neck','',NULL,'unit',NULL,1.000,NULL,15.00,15.00,0.00,15.00,0,0.000,0.000,'2025-08-07 03:05:44'),(479,408,6,NULL,'Rice','',NULL,'unit',NULL,1.000,NULL,15.00,15.00,0.00,15.00,0,0.000,0.000,'2025-08-07 03:05:44'),(480,409,2,NULL,'Value Fried Chicken','',NULL,'unit',NULL,1.000,NULL,30.00,30.00,0.00,30.00,0,0.000,0.000,'2025-08-07 03:06:42'),(481,410,1,NULL,'Budget Fried Chicken','',NULL,'unit',NULL,2.000,NULL,20.00,40.00,0.00,40.00,0,0.000,0.000,'2025-08-07 03:08:16'),(482,411,4,NULL,'Crispy Neck','',NULL,'unit',NULL,2.000,NULL,15.00,30.00,0.00,30.00,0,0.000,0.000,'2025-08-07 03:19:23'),(483,411,6,NULL,'Rice','',NULL,'unit',NULL,1.000,NULL,15.00,15.00,0.00,15.00,0,0.000,0.000,'2025-08-07 03:19:24'),(484,412,4,NULL,'Crispy Neck','',NULL,'unit',NULL,1.000,NULL,15.00,15.00,0.00,15.00,0,0.000,0.000,'2025-08-07 03:19:36'),(485,413,2,NULL,'Value Fried Chicken','',NULL,'unit',NULL,1.000,NULL,30.00,30.00,0.00,30.00,0,0.000,0.000,'2025-08-07 03:19:41'),(486,414,2,NULL,'Value Fried Chicken','',NULL,'unit',NULL,3.000,NULL,30.00,90.00,0.00,90.00,0,0.000,0.000,'2025-08-07 03:32:06'),(487,414,6,NULL,'Rice','',NULL,'unit',NULL,1.000,NULL,15.00,15.00,0.00,15.00,0,0.000,0.000,'2025-08-07 03:32:06'),(488,415,2,NULL,'Value Fried Chicken','',NULL,'unit',NULL,2.000,NULL,30.00,60.00,0.00,60.00,0,0.000,0.000,'2025-08-07 03:35:21'),(489,416,2,NULL,'Value Fried Chicken','',NULL,'unit',NULL,3.000,NULL,30.00,90.00,0.00,90.00,0,0.000,0.000,'2025-08-07 03:35:31'),(490,416,6,NULL,'Rice','',NULL,'unit',NULL,1.000,NULL,15.00,15.00,0.00,15.00,0,0.000,0.000,'2025-08-07 03:35:31'),(491,417,4,NULL,'Crispy Neck','',NULL,'unit',NULL,3.000,NULL,15.00,45.00,0.00,45.00,0,0.000,0.000,'2025-08-07 03:39:43'),(492,418,5,NULL,'Crispy Skin','',NULL,'unit',NULL,2.000,NULL,25.00,50.00,0.00,50.00,0,0.000,0.000,'2025-08-07 03:44:18'),(493,419,1,NULL,'Budget Fried Chicken','',NULL,'unit',NULL,3.000,NULL,20.00,60.00,0.00,60.00,0,0.000,0.000,'2025-08-07 03:47:42'),(494,420,1,NULL,'Budget Fried Chicken','',NULL,'unit',NULL,1.000,NULL,20.00,20.00,0.00,20.00,0,0.000,0.000,'2025-08-07 03:51:05'),(495,421,2,NULL,'Value Fried Chicken','',NULL,'unit',NULL,3.000,NULL,30.00,90.00,0.00,90.00,0,0.000,0.000,'2025-08-07 03:56:26'),(496,422,1,NULL,'Budget Fried Chicken','',NULL,'unit',NULL,1.000,NULL,20.00,20.00,0.00,20.00,0,0.000,0.000,'2025-08-07 03:58:05'),(497,423,4,NULL,'Crispy Neck','',NULL,'unit',NULL,4.000,NULL,15.00,60.00,0.00,60.00,0,0.000,0.000,'2025-08-07 03:59:06'),(498,424,2,NULL,'Value Fried Chicken','',NULL,'unit',NULL,1.000,NULL,30.00,30.00,0.00,30.00,0,0.000,0.000,'2025-08-07 04:07:33'),(499,424,4,NULL,'Crispy Neck','',NULL,'unit',NULL,0.000,NULL,15.00,0.00,0.00,0.00,0,0.000,0.000,'2025-08-07 04:07:33'),(500,424,1,NULL,'Budget Fried Chicken','',NULL,'unit',NULL,0.000,NULL,20.00,0.00,0.00,0.00,0,0.000,0.000,'2025-08-07 04:07:33'),(501,424,5,NULL,'Crispy Skin','',NULL,'unit',NULL,2.000,NULL,25.00,50.00,0.00,50.00,0,0.000,0.000,'2025-08-07 04:07:33'),(502,425,5,NULL,'Crispy Skin','',NULL,'unit',NULL,1.000,NULL,25.00,25.00,0.00,25.00,0,0.000,0.000,'2025-08-07 04:09:51'),(503,425,2,NULL,'Value Fried Chicken','',NULL,'unit',NULL,1.000,NULL,30.00,30.00,0.00,30.00,0,0.000,0.000,'2025-08-07 04:09:51'),(504,426,5,NULL,'Crispy Skin',NULL,NULL,'unit',NULL,1.000,NULL,25.00,25.00,0.00,25.00,0,0.000,0.000,'2025-08-07 04:12:40'),(505,426,2,NULL,'Value Fried Chicken',NULL,NULL,'unit',NULL,1.000,NULL,30.00,30.00,0.00,30.00,0,0.000,0.000,'2025-08-07 04:12:40'),(506,427,2,NULL,'Value Fried Chicken',NULL,NULL,'unit',NULL,1.000,NULL,30.00,30.00,0.00,30.00,0,0.000,0.000,'2025-08-07 04:33:36'),(507,428,4,NULL,'Crispy Neck',NULL,NULL,'unit',NULL,2.000,NULL,15.00,30.00,0.00,30.00,0,0.000,0.000,'2025-08-07 04:33:43'),(508,429,6,NULL,'Rice',NULL,NULL,'unit',NULL,1.000,NULL,15.00,15.00,0.00,15.00,0,0.000,0.000,'2025-08-07 04:35:33'),(509,429,2,NULL,'Value Fried Chicken',NULL,NULL,'unit',NULL,1.000,NULL,30.00,30.00,0.00,30.00,0,0.000,0.000,'2025-08-07 04:35:33'),(510,430,2,NULL,'Value Fried Chicken',NULL,NULL,'unit',NULL,1.000,NULL,30.00,30.00,0.00,30.00,0,0.000,0.000,'2025-08-07 04:36:52'),(511,431,6,NULL,'Rice',NULL,NULL,'unit',NULL,2.000,NULL,15.00,30.00,0.00,30.00,0,0.000,0.000,'2025-08-07 04:57:24'),(512,432,1,NULL,'Budget Fried Chicken',NULL,NULL,'unit',NULL,1.000,NULL,20.00,20.00,0.00,20.00,0,0.000,0.000,'2025-08-07 05:00:14'),(513,433,2,NULL,'Value Fried Chicken',NULL,NULL,'unit',NULL,1.000,NULL,30.00,30.00,0.00,30.00,0,0.000,0.000,'2025-08-07 05:00:21'),(514,434,6,NULL,'Rice',NULL,NULL,'unit',NULL,1.000,NULL,15.00,15.00,0.00,15.00,0,0.000,0.000,'2025-08-07 05:02:44'),(515,434,2,NULL,'Value Fried Chicken',NULL,NULL,'unit',NULL,1.000,NULL,30.00,30.00,0.00,30.00,0,0.000,0.000,'2025-08-07 05:02:44'),(516,435,2,NULL,'Value Fried Chicken',NULL,NULL,'unit',NULL,3.000,NULL,30.00,90.00,0.00,90.00,0,0.000,0.000,'2025-08-07 05:13:26'),(517,436,2,NULL,'Value Fried Chicken',NULL,NULL,'unit',NULL,1.000,NULL,30.00,30.00,0.00,30.00,0,0.000,0.000,'2025-08-07 05:13:34'),(518,436,4,NULL,'Crispy Neck',NULL,NULL,'unit',NULL,2.000,NULL,15.00,30.00,0.00,30.00,0,0.000,0.000,'2025-08-07 05:13:34'),(519,437,4,NULL,'Crispy Neck',NULL,NULL,'unit',NULL,2.000,NULL,15.00,30.00,0.00,30.00,0,0.000,0.000,'2025-08-07 05:34:56'),(520,438,2,NULL,'Value Fried Chicken',NULL,NULL,'unit',NULL,1.000,NULL,30.00,30.00,0.00,30.00,0,0.000,0.000,'2025-08-07 05:35:04'),(521,438,4,NULL,'Crispy Neck',NULL,NULL,'unit',NULL,1.000,NULL,15.00,15.00,0.00,15.00,0,0.000,0.000,'2025-08-07 05:35:04'),(522,438,6,NULL,'Rice',NULL,NULL,'unit',NULL,1.000,NULL,15.00,15.00,0.00,15.00,0,0.000,0.000,'2025-08-07 05:35:04'),(523,439,6,NULL,'Rice',NULL,NULL,'unit',NULL,1.000,NULL,15.00,15.00,0.00,15.00,0,0.000,0.000,'2025-08-07 05:35:17'),(524,440,2,NULL,'Value Fried Chicken',NULL,NULL,'unit',NULL,2.000,NULL,30.00,60.00,0.00,60.00,0,0.000,0.000,'2025-08-07 05:57:25'),(525,440,6,NULL,'Rice',NULL,NULL,'unit',NULL,2.000,NULL,15.00,30.00,0.00,30.00,0,0.000,0.000,'2025-08-07 05:57:25'),(526,441,2,NULL,'Value Fried Chicken',NULL,NULL,'unit',NULL,1.000,NULL,30.00,30.00,0.00,30.00,0,0.000,0.000,'2025-08-07 06:02:06'),(527,441,4,NULL,'Crispy Neck',NULL,NULL,'unit',NULL,1.000,NULL,15.00,15.00,0.00,15.00,0,0.000,0.000,'2025-08-07 06:02:06'),(528,442,1,NULL,'Budget Fried Chicken',NULL,NULL,'unit',NULL,1.000,NULL,20.00,20.00,0.00,20.00,0,0.000,0.000,'2025-08-07 06:48:01'),(529,442,3,9,'Premium Fried Chicken (Regular)',NULL,NULL,'unit',NULL,1.000,NULL,40.00,40.00,0.00,40.00,0,0.000,0.000,'2025-08-07 06:48:01'),(530,443,2,NULL,'Value Fried Chicken',NULL,NULL,'unit',NULL,2.000,NULL,30.00,60.00,0.00,60.00,0,0.000,0.000,'2025-08-07 07:14:47');

--
